{"id":589,"date":"2016-10-01T22:02:46","date_gmt":"2016-10-01T20:02:46","guid":{"rendered":"http:\/\/agora.xtec.cat\/escsalvadorespriuvallfogona\/?page_id=589"},"modified":"2025-06-28T17:36:45","modified_gmt":"2025-06-28T15:36:45","slug":"afa","status":"publish","type":"page","link":"https:\/\/agora.xtec.cat\/escsalvadorespriuvallfogona\/afa\/","title":{"rendered":"AFA"},"content":{"rendered":"<p>&nbsp;<\/p>\n<p style=\"text-align: right;\"><a href=\"https:\/\/agora.xtec.cat\/escsalvadorespriuvallfogona\/wp-content\/uploads\/usu1472\/2021\/01\/Logo-AFA.jpg\"><img loading=\"lazy\" decoding=\"async\" class=\"wp-image-5423 alignright\" src=\"https:\/\/agora.xtec.cat\/escsalvadorespriuvallfogona\/wp-content\/uploads\/usu1472\/2021\/01\/Logo-AFA.jpg\" alt=\"\" width=\"155\" height=\"121\" srcset=\"https:\/\/agora.xtec.cat\/escsalvadorespriuvallfogona\/wp-content\/uploads\/usu1472\/2021\/01\/Logo-AFA.jpg 348w, https:\/\/agora.xtec.cat\/escsalvadorespriuvallfogona\/wp-content\/uploads\/usu1472\/2021\/01\/Logo-AFA-300x234.jpg 300w\" sizes=\"auto, (max-width: 155px) 100vw, 155px\" \/><\/a><\/p>\n<h4><\/h4>\n<h4><\/h4>\n<h4><\/h4>\n<h4>QU\u00c8 \u00c9S L&#8217;AFA?<\/h4>\n<p style=\"text-align: justify;\">L&#8217;Associaci\u00f3 de Fam\u00edlies d&#8217;Alumnes (AFA) \u00e9s una part molt important del centre, dinamitza diverses activitats i fa costat a l&#8217;equip docent de l&#8217;Escola. El forma una junta de fam\u00edlies d&#8217;alumnes de diversos cursos, i tamb\u00e9 totes les fam\u00edlies que en s\u00f3n s\u00f2cies. Els darrers anys hem tingut una quota de socis de quasi el 100% de les fam\u00edlies del centre.<\/p>\n<p style=\"text-align: justify;\">Les principals tasques que realitza l&#8217;AFA s\u00f3n:<\/p>\n<p style=\"text-align: justify;\">\u270f Gesti\u00f3 de les activitats extraescolars i dels casalets de setembre, Nadal, Setmana Santa i estiu.<\/p>\n<p style=\"text-align: justify;\">\u270f Gesti\u00f3 del material escolar i del programa de socialitzaci\u00f3 de llibres.<\/p>\n<p style=\"text-align: justify;\">\u270f Col\u00b7laboraci\u00f3 en l&#8217;organitzaci\u00f3 de festes de l&#8217;escola i del poble (castanyada, Nadal, Carnestoltes, Sant Jordi i fi de curs), sortides, i altres activitats d&#8217;inter\u00e8s.<\/p>\n<p>\u270fOrganitzaci\u00f3 d&#8217;actes per la Marat\u00f3 en col\u00b7laboraci\u00f3 amb l&#8217;escola i altres entitats del poble.<\/p>\n<p>\u270f Col\u00b7laboraci\u00f3 amb l&#8217;escola en les Jornades Pati Espriu.<\/p>\n<p>\u270f Gesti\u00f3 de les fotos del grup-classe.<\/p>\n<p style=\"text-align: justify;\">\u270f Proposta d&#8217;activitats l\u00fadiques i formatives a les fam\u00edlies.<\/p>\n<p><span style=\"font-weight: 400;\">\u270f Gesti\u00f3 de l\u2019asseguran\u00e7a escolar.<\/span><\/p>\n<p><span style=\"font-weight: 400;\">\u270f Subvenci\u00f3 de material escolar (llibres per la biblioteca escolar, agenda escolar).<\/span><\/p>\n<p style=\"text-align: justify;\">Podeu contactar amb els membres de la junta de l&#8217;AFA mitjan\u00e7ant el correu electr\u00f2nic <span style=\"color: #0000ff;\">afa@escolavallfogona.cat<\/span><\/p>\n<p style=\"text-align: justify;\">Per afiliar-vos a l&#8217;AFA, heu d&#8217;omplir el document: <a href=\"https:\/\/drive.google.com\/file\/d\/1u8X7SpCZjU4687TA5Y0JtPqtEz33toX0\/view\">AFILIACIO AFA I SOCIALITZACIO<\/a>, i fer-lo arribar a trav\u00e9s del correu electr\u00f2nic.<\/p>\n<p>&nbsp;<\/p>\n","protected":false},"excerpt":{"rendered":"<p>&nbsp; QU\u00c8 \u00c9S L&#8217;AFA? L&#8217;Associaci\u00f3 de Fam\u00edlies d&#8217;Alumnes (AFA) \u00e9s una part molt important del centre, dinamitza diverses activitats i fa costat a l&#8217;equip docent de l&#8217;Escola. El forma una junta de fam\u00edlies d&#8217;alumnes de diversos cursos, i tamb\u00e9 totes les fam\u00edlies que en s\u00f3n s\u00f2cies. Els darrers anys hem tingut una quota de socis [&hellip;]<\/p>\n","protected":false},"author":1,"featured_media":0,"parent":0,"menu_order":0,"comment_status":"closed","ping_status":"closed","template":"page-templates\/side-menu.php","meta":{"_bbp_topic_count":0,"_bbp_reply_count":0,"_bbp_total_topic_count":0,"_bbp_total_reply_count":0,"_bbp_voice_count":0,"_bbp_anonymous_reply_count":0,"_bbp_topic_count_hidden":0,"_bbp_reply_count_hidden":0,"_bbp_forum_subforum_count":0,"site-sidebar-layout":"default","site-content-layout":"","ast-site-content-layout":"","site-content-style":"default","site-sidebar-style":"default","ast-global-header-display":"","ast-banner-title-visibility":"","ast-main-header-display":"","ast-hfb-above-header-display":"","ast-hfb-below-header-display":"","ast-hfb-mobile-header-display":"","site-post-title":"","ast-breadcrumbs-content":"","ast-featured-img":"","footer-sml-layout":"","theme-transparent-header-meta":"","adv-header-id-meta":"","stick-header-meta":"","header-above-stick-meta":"","header-main-stick-meta":"","header-below-stick-meta":"","astra-migrate-meta-layouts":"default","ast-page-background-enabled":"default","ast-page-background-meta":{"desktop":{"background-color":"var(--ast-global-color-4)","background-image":"","background-repeat":"repeat","background-position":"center center","background-size":"auto","background-attachment":"scroll","background-type":"","background-media":"","overlay-type":"","overlay-color":"","overlay-opacity":"","overlay-gradient":""},"tablet":{"background-color":"","background-image":"","background-repeat":"repeat","background-position":"center center","background-size":"auto","background-attachment":"scroll","background-type":"","background-media":"","overlay-type":"","overlay-color":"","overlay-opacity":"","overlay-gradient":""},"mobile":{"background-color":"","background-image":"","background-repeat":"repeat","background-position":"center center","background-size":"auto","background-attachment":"scroll","background-type":"","background-media":"","overlay-type":"","overlay-color":"","overlay-opacity":"","overlay-gradient":""}},"ast-content-background-meta":{"desktop":{"background-color":"var(--ast-global-color-5)","background-image":"","background-repeat":"repeat","background-position":"center center","background-size":"auto","background-attachment":"scroll","background-type":"","background-media":"","overlay-type":"","overlay-color":"","overlay-opacity":"","overlay-gradient":""},"tablet":{"background-color":"var(--ast-global-color-5)","background-image":"","background-repeat":"repeat","background-position":"center center","background-size":"auto","background-attachment":"scroll","background-type":"","background-media":"","overlay-type":"","overlay-color":"","overlay-opacity":"","overlay-gradient":""},"mobile":{"background-color":"var(--ast-global-color-5)","background-image":"","background-repeat":"repeat","background-position":"center center","background-size":"auto","background-attachment":"scroll","background-type":"","background-media":"","overlay-type":"","overlay-color":"","overlay-opacity":"","overlay-gradient":""}},"footnotes":""},"class_list":["post-589","page","type-page","status-publish","hentry"],"post_mailing_queue_ids":[],"_links":{"self":[{"href":"https:\/\/agora.xtec.cat\/escsalvadorespriuvallfogona\/wp-json\/wp\/v2\/pages\/589","targetHints":{"allow":["GET"]}}],"collection":[{"href":"https:\/\/agora.xtec.cat\/escsalvadorespriuvallfogona\/wp-json\/wp\/v2\/pages"}],"about":[{"href":"https:\/\/agora.xtec.cat\/escsalvadorespriuvallfogona\/wp-json\/wp\/v2\/types\/page"}],"author":[{"embeddable":true,"href":"https:\/\/agora.xtec.cat\/escsalvadorespriuvallfogona\/wp-json\/wp\/v2\/users\/1"}],"replies":[{"embeddable":true,"href":"https:\/\/agora.xtec.cat\/escsalvadorespriuvallfogona\/wp-json\/wp\/v2\/comments?post=589"}],"version-history":[{"count":6,"href":"https:\/\/agora.xtec.cat\/escsalvadorespriuvallfogona\/wp-json\/wp\/v2\/pages\/589\/revisions"}],"predecessor-version":[{"id":7864,"href":"https:\/\/agora.xtec.cat\/escsalvadorespriuvallfogona\/wp-json\/wp\/v2\/pages\/589\/revisions\/7864"}],"wp:attachment":[{"href":"https:\/\/agora.xtec.cat\/escsalvadorespriuvallfogona\/wp-json\/wp\/v2\/media?parent=589"}],"curies":[{"name":"wp","href":"https:\/\/api.w.org\/{rel}","templated":true}]}}