{"id":2175,"date":"2026-01-19T13:01:58","date_gmt":"2026-01-19T12:01:58","guid":{"rendered":"https:\/\/agora.xtec.cat\/escriusitaulet\/?page_id=2175"},"modified":"2026-04-20T16:22:36","modified_gmt":"2026-04-20T14:22:36","slug":"radio-rius-en-marxa","status":"publish","type":"page","link":"https:\/\/agora.xtec.cat\/escriusitaulet\/com-ho-fem\/radio-rius-en-marxa\/","title":{"rendered":"R\u00e0dio Rius, en marxa!"},"content":{"rendered":"\n<figure class=\"wp-block-image alignleft size-medium is-resized\"><a href=\"https:\/\/agora.xtec.cat\/escriusitaulet\/wp-content\/uploads\/usu2930\/2026\/01\/ChatGPT-Image-19-de-gen.-del-2026-12_59_59.png\"><img loading=\"lazy\" decoding=\"async\" width=\"300\" height=\"300\" src=\"https:\/\/agora.xtec.cat\/escriusitaulet\/wp-content\/uploads\/usu2930\/2026\/01\/ChatGPT-Image-19-de-gen.-del-2026-12_59_59-300x300.png\" alt=\"\" class=\"wp-image-2176\" style=\"width:213px;height:auto\" srcset=\"https:\/\/agora.xtec.cat\/escriusitaulet\/wp-content\/uploads\/usu2930\/2026\/01\/ChatGPT-Image-19-de-gen.-del-2026-12_59_59-300x300.png 300w, https:\/\/agora.xtec.cat\/escriusitaulet\/wp-content\/uploads\/usu2930\/2026\/01\/ChatGPT-Image-19-de-gen.-del-2026-12_59_59-150x150.png 150w, https:\/\/agora.xtec.cat\/escriusitaulet\/wp-content\/uploads\/usu2930\/2026\/01\/ChatGPT-Image-19-de-gen.-del-2026-12_59_59-768x768.png 768w, https:\/\/agora.xtec.cat\/escriusitaulet\/wp-content\/uploads\/usu2930\/2026\/01\/ChatGPT-Image-19-de-gen.-del-2026-12_59_59.png 1024w\" sizes=\"auto, (max-width: 300px) 100vw, 300px\" \/><\/a><\/figure>\n\n\n\n<p>Els alumnes de tercer cicle estan immersos en un projecte apassionant: la creaci\u00f3 d\u2019un <strong>entorn de r\u00e0dio escolar<\/strong>. A trav\u00e9s d\u2019aquest espai, els infants esdevenen comunicadors i comunicadores, aprenen a expressar-se oralment, a treballar en equip i a fer un \u00fas responsable de la veu i de la informaci\u00f3.<\/p>\n\n\n\n<p>Els programes que elaboren s\u00f3n fruit del treball a l\u2019aula: preparen guions, investiguen temes d\u2019inter\u00e8s, practiquen la lectura expressiva i enregistren els seus propis espais radiof\u00f2nics. Cada programa \u00e9s una oportunitat per desenvolupar la creativitat, el pensament cr\u00edtic i les compet\u00e8ncies comunicatives.<\/p>\n\n\n\n<p>En aquest apartat de la web <strong>anirem penjant tots els programes<\/strong> que vagin creant al llarg del curs. Us convidem a escoltar-los i a gaudir de la veu, les idees i l\u2019entusiasme dels nostres alumnes.<\/p>\n\n\n\n<p><a href=\"https:\/\/drive.google.com\/file\/d\/1bEanxvE1o4MownCesxrgl9PItUdWe4tU\/view?usp=sharing\">Programa 1<\/a><\/p>\n\n\n\n<p><a href=\"https:\/\/drive.google.com\/file\/d\/1GV9kExvO4_TtGf0Zp0gIQjz8KwWPlbCo\/view?usp=sharing\">Programa 2<\/a><\/p>\n\n\n\n<p><a href=\"https:\/\/drive.google.com\/file\/d\/1jRC26PpZjhuAHSHzYqnApCdimuaJrDlI\/view?usp=sharing\">Programa 3<\/a><\/p>\n\n\n\n<p><a href=\"https:\/\/drive.google.com\/file\/d\/1wb6qjN7Zn1-Z8NUiFxj_jyfLrPRv07w4\/view?usp=sharing\">Programa 4<\/a><\/p>\n\n\n\n<p><a href=\"https:\/\/drive.google.com\/file\/d\/1VQkwukgn0BiylA5g9qWcpTHz0y0Nyt-I\/view?usp=sharing\">Programa 5<\/a><\/p>\n\n\n\n<p><a href=\"https:\/\/drive.google.com\/file\/d\/14mqKiz1YWLoaYYLOGKLDTrVKJEWYiZaE\/view?usp=sharing\">Programa 6<\/a><\/p>\n\n\n\n<p><a href=\"https:\/\/drive.google.com\/file\/d\/1PbbUqnmNzU-b7NXR6luSmqMrBFL8F2ri\/view?usp=sharing\">Programa 7<\/a><\/p>\n\n\n\n<p><a href=\"https:\/\/drive.google.com\/file\/d\/1FzC7Ulr7b6EfifcxNykCNPcByLxQO2N3\/view?usp=sharing\">Programa 8<\/a><\/p>\n\n\n\n<p><a href=\"https:\/\/drive.google.com\/file\/d\/19pr6RHTmJ8WLq_TkuYRadvP4yWh19CFc\/view?usp=sharing\">Programa 9<\/a><\/p>\n\n\n\n<p><a href=\"https:\/\/drive.google.com\/file\/d\/1yXDjSt_lSLgMLHd6LZyXUin3toSgw_7g\/view?usp=sharing\">Programa 10<\/a><\/p>\n\n\n\n<p><a href=\"https:\/\/drive.google.com\/file\/d\/10ci9w9F50mF3zkvBgmhWH6HBsnqcrd3d\/view?usp=sharing\">Programa 11<\/a><\/p>\n\n\n\n<p>Programa 12<\/p>\n\n\n\n<p>Programa 13<\/p>\n\n\n\n<p>Programa 14<\/p>\n\n\n\n<p>Programa 15<\/p>\n\n\n\n<p>Programa 16<\/p>\n\n\n\n<p><\/p>\n\n\n\n<p><\/p>\n","protected":false},"excerpt":{"rendered":"<p>Els alumnes de tercer cicle estan immersos en un projecte apassionant: la creaci\u00f3 d\u2019un entorn de r\u00e0dio escolar. A trav\u00e9s d\u2019aquest espai, els infants esdevenen comunicadors i comunicadores, aprenen a expressar-se oralment, a treballar en equip i a fer un \u00fas responsable de la veu i de la informaci\u00f3. Els programes que elaboren s\u00f3n fruit [&hellip;]<\/p>\n","protected":false},"author":1,"featured_media":2176,"parent":1727,"menu_order":0,"comment_status":"closed","ping_status":"close","template":"","meta":{"_bbp_topic_count":0,"_bbp_reply_count":0,"_bbp_total_topic_count":0,"_bbp_total_reply_count":0,"_bbp_voice_count":0,"_bbp_anonymous_reply_count":0,"_bbp_topic_count_hidden":0,"_bbp_reply_count_hidden":0,"_bbp_forum_subforum_count":0,"site-sidebar-layout":"default","site-content-layout":"","ast-site-content-layout":"default","site-content-style":"default","site-sidebar-style":"default","ast-global-header-display":"","ast-banner-title-visibility":"","ast-main-header-display":"","ast-hfb-above-header-display":"","ast-hfb-below-header-display":"","ast-hfb-mobile-header-display":"","site-post-title":"","ast-breadcrumbs-content":"","ast-featured-img":"","footer-sml-layout":"","theme-transparent-header-meta":"","adv-header-id-meta":"","stick-header-meta":"","header-above-stick-meta":"","header-main-stick-meta":"","header-below-stick-meta":"","astra-migrate-meta-layouts":"set","ast-page-background-enabled":"default","ast-page-background-meta":{"desktop":{"background-color":"var(--ast-global-color-4)","background-image":"","background-repeat":"repeat","background-position":"center center","background-size":"auto","background-attachment":"scroll","background-type":"","background-media":"","overlay-type":"","overlay-color":"","overlay-opacity":"","overlay-gradient":""},"tablet":{"background-color":"","background-image":"","background-repeat":"repeat","background-position":"center center","background-size":"auto","background-attachment":"scroll","background-type":"","background-media":"","overlay-type":"","overlay-color":"","overlay-opacity":"","overlay-gradient":""},"mobile":{"background-color":"","background-image":"","background-repeat":"repeat","background-position":"center center","background-size":"auto","background-attachment":"scroll","background-type":"","background-media":"","overlay-type":"","overlay-color":"","overlay-opacity":"","overlay-gradient":""}},"ast-content-background-meta":{"desktop":{"background-color":"var(--ast-global-color-5)","background-image":"","background-repeat":"repeat","background-position":"center center","background-size":"auto","background-attachment":"scroll","background-type":"","background-media":"","overlay-type":"","overlay-color":"","overlay-opacity":"","overlay-gradient":""},"tablet":{"background-color":"var(--ast-global-color-5)","background-image":"","background-repeat":"repeat","background-position":"center center","background-size":"auto","background-attachment":"scroll","background-type":"","background-media":"","overlay-type":"","overlay-color":"","overlay-opacity":"","overlay-gradient":""},"mobile":{"background-color":"var(--ast-global-color-5)","background-image":"","background-repeat":"repeat","background-position":"center center","background-size":"auto","background-attachment":"scroll","background-type":"","background-media":"","overlay-type":"","overlay-color":"","overlay-opacity":"","overlay-gradient":""}},"footnotes":""},"class_list":["post-2175","page","type-page","status-publish","has-post-thumbnail","hentry"],"post_mailing_queue_ids":[],"_links":{"self":[{"href":"https:\/\/agora.xtec.cat\/escriusitaulet\/wp-json\/wp\/v2\/pages\/2175","targetHints":{"allow":["GET"]}}],"collection":[{"href":"https:\/\/agora.xtec.cat\/escriusitaulet\/wp-json\/wp\/v2\/pages"}],"about":[{"href":"https:\/\/agora.xtec.cat\/escriusitaulet\/wp-json\/wp\/v2\/types\/page"}],"author":[{"embeddable":true,"href":"https:\/\/agora.xtec.cat\/escriusitaulet\/wp-json\/wp\/v2\/users\/1"}],"replies":[{"embeddable":true,"href":"https:\/\/agora.xtec.cat\/escriusitaulet\/wp-json\/wp\/v2\/comments?post=2175"}],"version-history":[{"count":2,"href":"https:\/\/agora.xtec.cat\/escriusitaulet\/wp-json\/wp\/v2\/pages\/2175\/revisions"}],"predecessor-version":[{"id":2239,"href":"https:\/\/agora.xtec.cat\/escriusitaulet\/wp-json\/wp\/v2\/pages\/2175\/revisions\/2239"}],"up":[{"embeddable":true,"href":"https:\/\/agora.xtec.cat\/escriusitaulet\/wp-json\/wp\/v2\/pages\/1727"}],"wp:featuredmedia":[{"embeddable":true,"href":"https:\/\/agora.xtec.cat\/escriusitaulet\/wp-json\/wp\/v2\/media\/2176"}],"wp:attachment":[{"href":"https:\/\/agora.xtec.cat\/escriusitaulet\/wp-json\/wp\/v2\/media?parent=2175"}],"curies":[{"name":"wp","href":"https:\/\/api.w.org\/{rel}","templated":true}]}}