{"id":1888,"date":"2025-02-07T18:31:32","date_gmt":"2025-02-07T17:31:32","guid":{"rendered":"https:\/\/agora.xtec.cat\/escriusitaulet\/?page_id=1888"},"modified":"2025-02-18T10:32:19","modified_gmt":"2025-02-18T09:32:19","slug":"eixos-del-rius","status":"publish","type":"page","link":"https:\/\/agora.xtec.cat\/escriusitaulet\/com-ho-fem\/eixos-del-rius\/","title":{"rendered":"Eixos del Rius"},"content":{"rendered":"\n<p>\ud83d\udcda <strong>Noves experi\u00e8ncies d\u2019aprenentatge<\/strong><\/p>\n\n\n\n<p>A trav\u00e9s dels eixos del Rius volem oferir experi\u00e8ncies d\u2019aprenentatge que han de proporcionar, a les nenes i als nens del Rius, aprenentatges transversals relacionats amb l\u2019\u00e0mbit art\u00edstic i de coneixement del medi, noves mirades i que ens aniran singularitzant com a centre.<\/p>\n\n\n\n<ul class=\"wp-block-list\">\n<li><strong>\u2728 Activitats setmanals per a cada curs:<\/strong><\/li>\n<\/ul>\n\n\n\n<p>\ud83c\udfb5 <strong>1r<\/strong> \u2192 <em>Percussi\u00f3 corporal<\/em> \ud83e\udd41<br>\ud83e\uddd8 <strong>2n<\/strong> \u2192 <em>Sessi\u00f3 de ioga<\/em> \ud83c\udf3f<br>\ud83c\udf31 <strong>3r<\/strong> \u2192 <em>Cura de l\u2019hort vertical<\/em> en col\u00b7laboraci\u00f3 amb un centre de persones afectades per algun tipus de limitaci\u00f3 en la seva capacitat d\u2019integraci\u00f3 sociolaboral i comunit\u00e0ria (Associaci\u00f3 ARAPDIS) \ud83d\udc69\u200d\ud83c\udf3e<br>\ud83c\udfad <strong>4t<\/strong> \u2192 <em>Teatre com a vehicle d\u2019aprenentatge<\/em> \ud83c\udfac<br>\ud83d\udc83 <strong>5\u00e8<\/strong> \u2192 <em>Dansa corporal<\/em> \ud83c\udfb6<br>\ud83d\udcbb <strong>6\u00e8<\/strong> \u2192 <em>\u00das d\u2019eines digitals<\/em> per a l\u2019etapa de secund\u00e0ria (Word, PowerPoint, Excel, Canva, Moodle, Genially\u2026) \ud83d\udda5\ufe0f<\/p>\n\n\n\n<p><\/p>\n","protected":false},"excerpt":{"rendered":"<p>\ud83d\udcda Noves experi\u00e8ncies d\u2019aprenentatge A trav\u00e9s dels eixos del Rius volem oferir experi\u00e8ncies d\u2019aprenentatge que han de proporcionar, a les nenes i als nens del Rius, aprenentatges transversals relacionats amb l\u2019\u00e0mbit art\u00edstic i de coneixement del medi, noves mirades i que ens aniran singularitzant com a centre. \ud83c\udfb5 1r \u2192 Percussi\u00f3 corporal \ud83e\udd41\ud83e\uddd8 2n \u2192 [&hellip;]<\/p>\n","protected":false},"author":1,"featured_media":0,"parent":1727,"menu_order":0,"comment_status":"closed","ping_status":"closed","template":"page-templates\/side-menu.php","meta":{"_bbp_topic_count":0,"_bbp_reply_count":0,"_bbp_total_topic_count":0,"_bbp_total_reply_count":0,"_bbp_voice_count":0,"_bbp_anonymous_reply_count":0,"_bbp_topic_count_hidden":0,"_bbp_reply_count_hidden":0,"_bbp_forum_subforum_count":0,"site-sidebar-layout":"default","site-content-layout":"","ast-site-content-layout":"","site-content-style":"default","site-sidebar-style":"default","ast-global-header-display":"","ast-banner-title-visibility":"","ast-main-header-display":"","ast-hfb-above-header-display":"","ast-hfb-below-header-display":"","ast-hfb-mobile-header-display":"","site-post-title":"","ast-breadcrumbs-content":"","ast-featured-img":"","footer-sml-layout":"","theme-transparent-header-meta":"","adv-header-id-meta":"","stick-header-meta":"","header-above-stick-meta":"","header-main-stick-meta":"","header-below-stick-meta":"","astra-migrate-meta-layouts":"default","ast-page-background-enabled":"default","ast-page-background-meta":{"desktop":{"background-color":"var(--ast-global-color-4)","background-image":"","background-repeat":"repeat","background-position":"center center","background-size":"auto","background-attachment":"scroll","background-type":"","background-media":"","overlay-type":"","overlay-color":"","overlay-opacity":"","overlay-gradient":""},"tablet":{"background-color":"","background-image":"","background-repeat":"repeat","background-position":"center center","background-size":"auto","background-attachment":"scroll","background-type":"","background-media":"","overlay-type":"","overlay-color":"","overlay-opacity":"","overlay-gradient":""},"mobile":{"background-color":"","background-image":"","background-repeat":"repeat","background-position":"center center","background-size":"auto","background-attachment":"scroll","background-type":"","background-media":"","overlay-type":"","overlay-color":"","overlay-opacity":"","overlay-gradient":""}},"ast-content-background-meta":{"desktop":{"background-color":"var(--ast-global-color-5)","background-image":"","background-repeat":"repeat","background-position":"center center","background-size":"auto","background-attachment":"scroll","background-type":"","background-media":"","overlay-type":"","overlay-color":"","overlay-opacity":"","overlay-gradient":""},"tablet":{"background-color":"var(--ast-global-color-5)","background-image":"","background-repeat":"repeat","background-position":"center center","background-size":"auto","background-attachment":"scroll","background-type":"","background-media":"","overlay-type":"","overlay-color":"","overlay-opacity":"","overlay-gradient":""},"mobile":{"background-color":"var(--ast-global-color-5)","background-image":"","background-repeat":"repeat","background-position":"center center","background-size":"auto","background-attachment":"scroll","background-type":"","background-media":"","overlay-type":"","overlay-color":"","overlay-opacity":"","overlay-gradient":""}},"footnotes":""},"class_list":["post-1888","page","type-page","status-publish","hentry"],"post_mailing_queue_ids":[],"_links":{"self":[{"href":"https:\/\/agora.xtec.cat\/escriusitaulet\/wp-json\/wp\/v2\/pages\/1888","targetHints":{"allow":["GET"]}}],"collection":[{"href":"https:\/\/agora.xtec.cat\/escriusitaulet\/wp-json\/wp\/v2\/pages"}],"about":[{"href":"https:\/\/agora.xtec.cat\/escriusitaulet\/wp-json\/wp\/v2\/types\/page"}],"author":[{"embeddable":true,"href":"https:\/\/agora.xtec.cat\/escriusitaulet\/wp-json\/wp\/v2\/users\/1"}],"replies":[{"embeddable":true,"href":"https:\/\/agora.xtec.cat\/escriusitaulet\/wp-json\/wp\/v2\/comments?post=1888"}],"version-history":[{"count":4,"href":"https:\/\/agora.xtec.cat\/escriusitaulet\/wp-json\/wp\/v2\/pages\/1888\/revisions"}],"predecessor-version":[{"id":2019,"href":"https:\/\/agora.xtec.cat\/escriusitaulet\/wp-json\/wp\/v2\/pages\/1888\/revisions\/2019"}],"up":[{"embeddable":true,"href":"https:\/\/agora.xtec.cat\/escriusitaulet\/wp-json\/wp\/v2\/pages\/1727"}],"wp:attachment":[{"href":"https:\/\/agora.xtec.cat\/escriusitaulet\/wp-json\/wp\/v2\/media?parent=1888"}],"curies":[{"name":"wp","href":"https:\/\/api.w.org\/{rel}","templated":true}]}}