{"id":1885,"date":"2025-02-07T18:27:50","date_gmt":"2025-02-07T17:27:50","guid":{"rendered":"https:\/\/agora.xtec.cat\/escriusitaulet\/?page_id=1885"},"modified":"2025-02-18T10:57:45","modified_gmt":"2025-02-18T09:57:45","slug":"ja-nedo","status":"publish","type":"page","link":"https:\/\/agora.xtec.cat\/escriusitaulet\/projectes\/ja-nedo\/","title":{"rendered":"Ja nedo!"},"content":{"rendered":"\n<p>Els infants de primer de prim\u00e0ria participen en l\u2019activitat \u201cJa nedo!\u201d, dins del <a href=\"http:\/\/www.bcn.cat\/lesportensfamesgrans\/ca\/programes.html\">Pla Escola de l&#8217;Esport Ciutat de l&#8217;Institut Barcelona Esports<\/a> que \u00e9s un programa d&#8217;aprenentatge de les activitats aqu\u00e0tiques. <\/p>\n\n\n\n<p>L\u2019activitat est\u00e0 inclosa dins de l\u2019\u00e0rea d\u2019Educaci\u00f3 F\u00edsica i es fa una sessi\u00f3 setmanal en horari lectiu (els dimarts de 9h a 11h) al Centre Esportiu Municipal Can Toda. <\/p>\n\n\n\n<p>El programa pret\u00e9n contribuir a l&#8217;aprenentatge i oferir una experi\u00e8ncia motriu en l&#8217;activitat aqu\u00e0tica de  per tal de garantir el desenvolupament motriu de cada infant.<\/p>\n\n\n\n<p>L\u2019activitat s\u2019obre a les fam\u00edlies dues vegades durant el curs: al febrer i al maig.<\/p>\n","protected":false},"excerpt":{"rendered":"<p>Els infants de primer de prim\u00e0ria participen en l\u2019activitat \u201cJa nedo!\u201d, dins del Pla Escola de l&#8217;Esport Ciutat de l&#8217;Institut Barcelona Esports que \u00e9s un programa d&#8217;aprenentatge de les activitats aqu\u00e0tiques. L\u2019activitat est\u00e0 inclosa dins de l\u2019\u00e0rea d\u2019Educaci\u00f3 F\u00edsica i es fa una sessi\u00f3 setmanal en horari lectiu (els dimarts de 9h a 11h) al [&hellip;]<\/p>\n","protected":false},"author":1,"featured_media":0,"parent":1730,"menu_order":0,"comment_status":"closed","ping_status":"closed","template":"page-templates\/side-menu.php","meta":{"_bbp_topic_count":0,"_bbp_reply_count":0,"_bbp_total_topic_count":0,"_bbp_total_reply_count":0,"_bbp_voice_count":0,"_bbp_anonymous_reply_count":0,"_bbp_topic_count_hidden":0,"_bbp_reply_count_hidden":0,"_bbp_forum_subforum_count":0,"site-sidebar-layout":"default","site-content-layout":"","ast-site-content-layout":"","site-content-style":"default","site-sidebar-style":"default","ast-global-header-display":"","ast-banner-title-visibility":"","ast-main-header-display":"","ast-hfb-above-header-display":"","ast-hfb-below-header-display":"","ast-hfb-mobile-header-display":"","site-post-title":"","ast-breadcrumbs-content":"","ast-featured-img":"","footer-sml-layout":"","theme-transparent-header-meta":"","adv-header-id-meta":"","stick-header-meta":"","header-above-stick-meta":"","header-main-stick-meta":"","header-below-stick-meta":"","astra-migrate-meta-layouts":"default","ast-page-background-enabled":"default","ast-page-background-meta":{"desktop":{"background-color":"var(--ast-global-color-4)","background-image":"","background-repeat":"repeat","background-position":"center center","background-size":"auto","background-attachment":"scroll","background-type":"","background-media":"","overlay-type":"","overlay-color":"","overlay-opacity":"","overlay-gradient":""},"tablet":{"background-color":"","background-image":"","background-repeat":"repeat","background-position":"center center","background-size":"auto","background-attachment":"scroll","background-type":"","background-media":"","overlay-type":"","overlay-color":"","overlay-opacity":"","overlay-gradient":""},"mobile":{"background-color":"","background-image":"","background-repeat":"repeat","background-position":"center center","background-size":"auto","background-attachment":"scroll","background-type":"","background-media":"","overlay-type":"","overlay-color":"","overlay-opacity":"","overlay-gradient":""}},"ast-content-background-meta":{"desktop":{"background-color":"var(--ast-global-color-5)","background-image":"","background-repeat":"repeat","background-position":"center center","background-size":"auto","background-attachment":"scroll","background-type":"","background-media":"","overlay-type":"","overlay-color":"","overlay-opacity":"","overlay-gradient":""},"tablet":{"background-color":"var(--ast-global-color-5)","background-image":"","background-repeat":"repeat","background-position":"center center","background-size":"auto","background-attachment":"scroll","background-type":"","background-media":"","overlay-type":"","overlay-color":"","overlay-opacity":"","overlay-gradient":""},"mobile":{"background-color":"var(--ast-global-color-5)","background-image":"","background-repeat":"repeat","background-position":"center center","background-size":"auto","background-attachment":"scroll","background-type":"","background-media":"","overlay-type":"","overlay-color":"","overlay-opacity":"","overlay-gradient":""}},"footnotes":""},"class_list":["post-1885","page","type-page","status-publish","hentry"],"post_mailing_queue_ids":[],"_links":{"self":[{"href":"https:\/\/agora.xtec.cat\/escriusitaulet\/wp-json\/wp\/v2\/pages\/1885","targetHints":{"allow":["GET"]}}],"collection":[{"href":"https:\/\/agora.xtec.cat\/escriusitaulet\/wp-json\/wp\/v2\/pages"}],"about":[{"href":"https:\/\/agora.xtec.cat\/escriusitaulet\/wp-json\/wp\/v2\/types\/page"}],"author":[{"embeddable":true,"href":"https:\/\/agora.xtec.cat\/escriusitaulet\/wp-json\/wp\/v2\/users\/1"}],"replies":[{"embeddable":true,"href":"https:\/\/agora.xtec.cat\/escriusitaulet\/wp-json\/wp\/v2\/comments?post=1885"}],"version-history":[{"count":2,"href":"https:\/\/agora.xtec.cat\/escriusitaulet\/wp-json\/wp\/v2\/pages\/1885\/revisions"}],"predecessor-version":[{"id":2021,"href":"https:\/\/agora.xtec.cat\/escriusitaulet\/wp-json\/wp\/v2\/pages\/1885\/revisions\/2021"}],"up":[{"embeddable":true,"href":"https:\/\/agora.xtec.cat\/escriusitaulet\/wp-json\/wp\/v2\/pages\/1730"}],"wp:attachment":[{"href":"https:\/\/agora.xtec.cat\/escriusitaulet\/wp-json\/wp\/v2\/media?parent=1885"}],"curies":[{"name":"wp","href":"https:\/\/api.w.org\/{rel}","templated":true}]}}