{"id":39,"date":"2014-09-17T16:36:44","date_gmt":"2014-09-17T16:36:44","guid":{"rendered":"http:\/\/agora.xtec.cat\/escrbcc\/?page_id=39"},"modified":"2017-02-13T00:48:51","modified_gmt":"2017-02-12T23:48:51","slug":"instal%c2%b7lacions","status":"publish","type":"page","link":"https:\/\/agora.xtec.cat\/escrbcc\/linstitut\/instal%c2%b7lacions\/","title":{"rendered":"Instal\u00b7lacions"},"content":{"rendered":"<p>L&#8217;ESCRBCC disposa de tots els equipaments, infraestructures, espais i materials per a poder desenvolupar correctament i amb qualitat els ensenyaments de conservaci\u00f3 i restauraci\u00f3 dels b\u00e9ns culturals.<\/p>\n<p><a href=\"http:\/\/agora.xtec.cat\/escrbcc\/wp-content\/uploads\/usu1227\/2014\/09\/restauracio-289.jpg\"><img loading=\"lazy\" decoding=\"async\" class=\"alignnone  wp-image-1345\" src=\"http:\/\/agora.xtec.cat\/escrbcc\/wp-content\/uploads\/usu1227\/2014\/09\/restauracio-289-1024x683.jpg\" alt=\"restauracio-289\" width=\"402\" height=\"268\" srcset=\"https:\/\/agora.xtec.cat\/escrbcc\/wp-content\/uploads\/usu1227\/2014\/09\/restauracio-289-1024x683.jpg 1024w, https:\/\/agora.xtec.cat\/escrbcc\/wp-content\/uploads\/usu1227\/2014\/09\/restauracio-289-300x200.jpg 300w, https:\/\/agora.xtec.cat\/escrbcc\/wp-content\/uploads\/usu1227\/2014\/09\/restauracio-289-768x512.jpg 768w\" sizes=\"auto, (max-width: 402px) 100vw, 402px\" \/><\/a> <a href=\"http:\/\/agora.xtec.cat\/escrbcc\/wp-content\/uploads\/usu1227\/2014\/09\/restauracio-325.jpg\"><img loading=\"lazy\" decoding=\"async\" class=\"alignnone  wp-image-1346\" src=\"http:\/\/agora.xtec.cat\/escrbcc\/wp-content\/uploads\/usu1227\/2014\/09\/restauracio-325-1024x683.jpg\" alt=\"restauracio-325\" width=\"371\" height=\"247\" srcset=\"https:\/\/agora.xtec.cat\/escrbcc\/wp-content\/uploads\/usu1227\/2014\/09\/restauracio-325-1024x683.jpg 1024w, https:\/\/agora.xtec.cat\/escrbcc\/wp-content\/uploads\/usu1227\/2014\/09\/restauracio-325-300x200.jpg 300w, https:\/\/agora.xtec.cat\/escrbcc\/wp-content\/uploads\/usu1227\/2014\/09\/restauracio-325-768x512.jpg 768w\" sizes=\"auto, (max-width: 371px) 100vw, 371px\" \/><\/a> <a href=\"http:\/\/agora.xtec.cat\/escrbcc\/wp-content\/uploads\/usu1227\/2014\/09\/restauracio-333.jpg\"><img loading=\"lazy\" decoding=\"async\" class=\"alignnone  wp-image-1347\" src=\"http:\/\/agora.xtec.cat\/escrbcc\/wp-content\/uploads\/usu1227\/2014\/09\/restauracio-333-1024x683.jpg\" alt=\"restauracio-333\" width=\"401\" height=\"267\" srcset=\"https:\/\/agora.xtec.cat\/escrbcc\/wp-content\/uploads\/usu1227\/2014\/09\/restauracio-333-1024x683.jpg 1024w, https:\/\/agora.xtec.cat\/escrbcc\/wp-content\/uploads\/usu1227\/2014\/09\/restauracio-333-300x200.jpg 300w, https:\/\/agora.xtec.cat\/escrbcc\/wp-content\/uploads\/usu1227\/2014\/09\/restauracio-333-768x512.jpg 768w\" sizes=\"auto, (max-width: 401px) 100vw, 401px\" \/><\/a> <a href=\"http:\/\/agora.xtec.cat\/escrbcc\/wp-content\/uploads\/usu1227\/2014\/09\/Sin-t\u00edtulo-1-copia.jpg\"><img loading=\"lazy\" decoding=\"async\" class=\"alignnone  wp-image-1348\" src=\"http:\/\/agora.xtec.cat\/escrbcc\/wp-content\/uploads\/usu1227\/2014\/09\/Sin-t\u00edtulo-1-copia.jpg\" alt=\"sin-titulo-1-copia\" width=\"362\" height=\"267\" srcset=\"https:\/\/agora.xtec.cat\/escrbcc\/wp-content\/uploads\/usu1227\/2014\/09\/Sin-t\u00edtulo-1-copia.jpg 620w, https:\/\/agora.xtec.cat\/escrbcc\/wp-content\/uploads\/usu1227\/2014\/09\/Sin-t\u00edtulo-1-copia-300x222.jpg 300w\" sizes=\"auto, (max-width: 362px) 100vw, 362px\" \/><\/a> <a href=\"http:\/\/agora.xtec.cat\/escrbcc\/wp-content\/uploads\/usu1227\/2014\/09\/Sin-t\u00edtulo-4-copia.jpg\"><img loading=\"lazy\" decoding=\"async\" class=\"alignnone  wp-image-1349\" src=\"http:\/\/agora.xtec.cat\/escrbcc\/wp-content\/uploads\/usu1227\/2014\/09\/Sin-t\u00edtulo-4-copia.jpg\" alt=\"sin-titulo-4-copia\" width=\"397\" height=\"298\" srcset=\"https:\/\/agora.xtec.cat\/escrbcc\/wp-content\/uploads\/usu1227\/2014\/09\/Sin-t\u00edtulo-4-copia.jpg 960w, https:\/\/agora.xtec.cat\/escrbcc\/wp-content\/uploads\/usu1227\/2014\/09\/Sin-t\u00edtulo-4-copia-300x225.jpg 300w, https:\/\/agora.xtec.cat\/escrbcc\/wp-content\/uploads\/usu1227\/2014\/09\/Sin-t\u00edtulo-4-copia-768x576.jpg 768w, https:\/\/agora.xtec.cat\/escrbcc\/wp-content\/uploads\/usu1227\/2014\/09\/Sin-t\u00edtulo-4-copia-200x150.jpg 200w\" sizes=\"auto, (max-width: 397px) 100vw, 397px\" \/><\/a><\/p>\n<p>&nbsp;<\/p>\n","protected":false},"excerpt":{"rendered":"<p>L&#8217;ESCRBCC disposa de tots els equipaments, infraestructures, espais i materials per a poder desenvolupar correctament i amb qualitat els ensenyaments de conservaci\u00f3 i restauraci\u00f3 dels b\u00e9ns culturals.<br \/>\n<a href=\"http:\/\/agora.xtec.cat\/escrbcc\/wp-content\/uploads\/usu1227\/2014\/09\/restauracio-289.jpg\"><\/a> <a href=\"http:\/\/agora.xtec.cat\/escrbcc\/wp-content\/uploads\/usu1227\/2014\/09\/restauracio-325.jpg\"><\/a> <a href=\"http:\/\/agora.xtec.cat\/escrbcc\/wp-content\/uploads\/usu1227\/2014\/09\/restauracio-333.jpg\"><\/a> <a href=\"http:\/\/agora.xtec.cat\/escrbcc\/wp-content\/uploads\/usu1227\/2014\/09\/Sin-t\u00edtulo-1-copia.jpg\"><\/a> <a href=\"http:\/\/agora.xtec.cat\/escrbcc\/wp-content\/uploads\/usu1227\/2014\/09\/Sin-t\u00edtulo-4-copia.jpg\"><\/a><br \/>\n&nbsp;<\/p>\n","protected":false},"author":1,"featured_media":0,"parent":19,"menu_order":30,"comment_status":"closed","ping_status":"closed","template":"page-templates\/side-menu.php","meta":{"_bbp_topic_count":0,"_bbp_reply_count":0,"_bbp_total_topic_count":0,"_bbp_total_reply_count":0,"_bbp_voice_count":0,"_bbp_anonymous_reply_count":0,"_bbp_topic_count_hidden":0,"_bbp_reply_count_hidden":0,"_bbp_forum_subforum_count":0,"footnotes":""},"class_list":["post-39","page","type-page","status-publish","hentry"],"post_mailing_queue_ids":[],"_links":{"self":[{"href":"https:\/\/agora.xtec.cat\/escrbcc\/wp-json\/wp\/v2\/pages\/39","targetHints":{"allow":["GET"]}}],"collection":[{"href":"https:\/\/agora.xtec.cat\/escrbcc\/wp-json\/wp\/v2\/pages"}],"about":[{"href":"https:\/\/agora.xtec.cat\/escrbcc\/wp-json\/wp\/v2\/types\/page"}],"author":[{"embeddable":true,"href":"https:\/\/agora.xtec.cat\/escrbcc\/wp-json\/wp\/v2\/users\/1"}],"replies":[{"embeddable":true,"href":"https:\/\/agora.xtec.cat\/escrbcc\/wp-json\/wp\/v2\/comments?post=39"}],"version-history":[{"count":3,"href":"https:\/\/agora.xtec.cat\/escrbcc\/wp-json\/wp\/v2\/pages\/39\/revisions"}],"predecessor-version":[{"id":1354,"href":"https:\/\/agora.xtec.cat\/escrbcc\/wp-json\/wp\/v2\/pages\/39\/revisions\/1354"}],"up":[{"embeddable":true,"href":"https:\/\/agora.xtec.cat\/escrbcc\/wp-json\/wp\/v2\/pages\/19"}],"wp:attachment":[{"href":"https:\/\/agora.xtec.cat\/escrbcc\/wp-json\/wp\/v2\/media?parent=39"}],"curies":[{"name":"wp","href":"https:\/\/api.w.org\/{rel}","templated":true}]}}