{"id":27,"date":"2014-09-17T16:24:03","date_gmt":"2014-09-17T16:24:03","guid":{"rendered":"http:\/\/agora.xtec.cat\/escrbcc\/?page_id=27"},"modified":"2017-02-15T17:49:35","modified_gmt":"2017-02-15T16:49:35","slug":"historia","status":"publish","type":"page","link":"https:\/\/agora.xtec.cat\/escrbcc\/linstitut\/historia\/","title":{"rendered":"Hist\u00f2ria"},"content":{"rendered":"<p>L\u2019Escola Superior de Conservaci\u00f3 i Restauraci\u00f3 de B\u00e9ns Culturals de Catalunya va n\u00e9ixer l\u2019any 1991 per voluntat de la Generalitat de Catalunya, com a conseq\u00fc\u00e8ncia de l\u2019evoluci\u00f3 del sector de la conservaci\u00f3 i restauraci\u00f3 davant dels avan\u00e7os cient\u00edfics i tecnol\u00f2gics.<\/p>\n<p>La creaci\u00f3 de l\u2019ESCRBCC es gest\u00e0 durant els anys previs a la celebraci\u00f3 dels jocs ol\u00edmpics de Barcelona 92, quan s\u2019increment\u00e0 l\u2019activitat restauradora en edificis i monuments de la ciutat. L\u2019embri\u00f3 foren uns cursos monogr\u00e0fics de conservaci\u00f3-restauraci\u00f3 i d\u2019oficis aplicats a la restauraci\u00f3 de materials petris organitzats per l\u2019aleshores Escola d\u2019Arts Aplicades i Oficis Art\u00edstics \u201cLlotja\u201d de Barcelona. L\u2019\u00e8xit d\u2019aquests cursos comport\u00e0 que la Generalitat de Catalunya implant\u00e9s a l\u2019escola \u201cLlotja\u201d l\u2019especialitat de Restauraci\u00f3 d\u2019obres escult\u00f2riques regulada per l\u2019Ordre de 14 de mar\u00e7 de 1989.<\/p>\n<p>Finalment, el 25 de novembre de 1991 es cre\u00e0 l\u2019Escola Superior de Conservaci\u00f3 i Restauraci\u00f3 de B\u00e9ns Culturals de Catalunya per desdoblament de l\u2019escola \u201cLlotja\u201d.<\/p>\n<p>&nbsp;<\/p>\n<p><img decoding=\"async\" src=\"http:\/\/www.escrbcc.cat\/wp-content\/uploads\/2014\/05\/historia1.jpg\" \/><\/p>\n<p>&nbsp;<\/p>\n","protected":false},"excerpt":{"rendered":"<p>L\u2019Escola Superior de Conservaci\u00f3 i Restauraci\u00f3 de B\u00e9ns Culturals de Catalunya va n\u00e9ixer l\u2019any 1991 per voluntat de la Generalitat de Catalunya, com a conseq\u00fc\u00e8ncia de l\u2019evoluci\u00f3 del sector de la conservaci\u00f3 i restauraci\u00f3 davant dels avan\u00e7os cient\u00edfics i tecnol\u00f2gics.<br \/>\nLa creaci\u00f3 de l\u2019ESCRBCC es gest\u00e0&hellip;  <a href=\"https:\/\/agora.xtec.cat\/escrbcc\/linstitut\/historia\/\" title=\"Read Hist\u00f2ria\">Llegeix m\u00e9s\u00bb<\/a><\/p>\n","protected":false},"author":1,"featured_media":0,"parent":19,"menu_order":20,"comment_status":"closed","ping_status":"closed","template":"page-templates\/side-menu.php","meta":{"_bbp_topic_count":0,"_bbp_reply_count":0,"_bbp_total_topic_count":0,"_bbp_total_reply_count":0,"_bbp_voice_count":0,"_bbp_anonymous_reply_count":0,"_bbp_topic_count_hidden":0,"_bbp_reply_count_hidden":0,"_bbp_forum_subforum_count":0,"footnotes":""},"class_list":["post-27","page","type-page","status-publish","hentry"],"post_mailing_queue_ids":[],"_links":{"self":[{"href":"https:\/\/agora.xtec.cat\/escrbcc\/wp-json\/wp\/v2\/pages\/27","targetHints":{"allow":["GET"]}}],"collection":[{"href":"https:\/\/agora.xtec.cat\/escrbcc\/wp-json\/wp\/v2\/pages"}],"about":[{"href":"https:\/\/agora.xtec.cat\/escrbcc\/wp-json\/wp\/v2\/types\/page"}],"author":[{"embeddable":true,"href":"https:\/\/agora.xtec.cat\/escrbcc\/wp-json\/wp\/v2\/users\/1"}],"replies":[{"embeddable":true,"href":"https:\/\/agora.xtec.cat\/escrbcc\/wp-json\/wp\/v2\/comments?post=27"}],"version-history":[{"count":4,"href":"https:\/\/agora.xtec.cat\/escrbcc\/wp-json\/wp\/v2\/pages\/27\/revisions"}],"predecessor-version":[{"id":1353,"href":"https:\/\/agora.xtec.cat\/escrbcc\/wp-json\/wp\/v2\/pages\/27\/revisions\/1353"}],"up":[{"embeddable":true,"href":"https:\/\/agora.xtec.cat\/escrbcc\/wp-json\/wp\/v2\/pages\/19"}],"wp:attachment":[{"href":"https:\/\/agora.xtec.cat\/escrbcc\/wp-json\/wp\/v2\/media?parent=27"}],"curies":[{"name":"wp","href":"https:\/\/api.w.org\/{rel}","templated":true}]}}