{"id":471,"date":"2017-02-21T11:59:47","date_gmt":"2017-02-21T10:59:47","guid":{"rendered":"http:\/\/agora.xtec.cat\/escpompeuvalli\/?page_id=471"},"modified":"2026-03-11T12:21:15","modified_gmt":"2026-03-11T11:21:15","slug":"lequip-de-mestres","status":"publish","type":"page","link":"https:\/\/agora.xtec.cat\/escpompeuvalli\/lescola\/lequip-de-mestres\/","title":{"rendered":"L&#8217;equip educatiu"},"content":{"rendered":"<p style=\"text-align: center;\"><strong>EQUIP DIRECTIU<\/strong><\/p>\n<table class=\" aligncenter\" style=\"height: 96px; width: 60.2786%;\" width=\"516\">\n<tbody>\n<tr style=\"height: 32px;\">\n<td style=\"width: 254px; height: 32px;\"><strong>Directora<\/strong><\/td>\n<td style=\"width: 254px; height: 32px; text-align: left;\">Jenifer Parrilla Berm\u00fadez<\/td>\n<\/tr>\n<tr style=\"height: 32px;\">\n<td style=\"width: 254px; height: 32px;\"><strong>Cap d&#8217;Estudis<\/strong><\/td>\n<td style=\"width: 254px; height: 32px; text-align: left;\">Sandra Moreno Chavero<\/td>\n<\/tr>\n<tr style=\"height: 32px;\">\n<td style=\"width: 254px; height: 32px;\"><strong>Secret\u00e0ria<\/strong><\/td>\n<td style=\"width: 254px; text-align: left; height: 32px;\">Carolina Varela Zarco<\/td>\n<\/tr>\n<\/tbody>\n<\/table>\n<p style=\"text-align: center;\"><strong>\u00a0<\/strong><\/p>\n<p>&nbsp;<\/p>\n<p style=\"text-align: center;\"><span style=\"color: #339966;\"><strong>EDUCACI\u00d3 INFANTIL<\/strong><\/span><\/p>\n<p style=\"text-align: center;\"><strong>COMUNITAT DELS PETITS<\/strong><\/p>\n<table class=\" aligncenter\" style=\"height: 221px; width: 62.649%;\" width=\"517\">\n<tbody>\n<tr style=\"height: 32px;\">\n<td style=\"width: 254px; height: 32px;\"><strong>Tutora I3<\/strong><\/td>\n<td style=\"width: 254.667px; height: 32px; text-align: left;\">Mireia F.<\/td>\n<\/tr>\n<tr style=\"height: 32px;\">\n<td style=\"width: 254px; height: 32px;\"><strong>Tutora I4<br \/>\n<\/strong><\/td>\n<td style=\"width: 254.667px; height: 32px; text-align: left;\">Ang\u00e8lica M.<\/td>\n<\/tr>\n<tr style=\"height: 32px;\">\n<td style=\"width: 254px; height: 32px;\"><strong>Tutora I5<\/strong><\/td>\n<td style=\"width: 254.667px; height: 32px; text-align: left;\">Georgina C.<\/td>\n<\/tr>\n<tr style=\"height: 32px;\">\n<td style=\"width: 254px; height: 32px;\"><strong>Refor\u00e7<\/strong><\/td>\n<td style=\"width: 254.667px; height: 32px; text-align: left;\">Sara M. (subs. Marta C.) i Gemma D.<\/td>\n<\/tr>\n<tr style=\"height: 32px;\">\n<td style=\"width: 254px; height: 32px;\"><strong>M\u00fasica i Psicomotricitat\u00a0<\/strong><\/td>\n<td style=\"width: 254.667px; height: 32px; text-align: left;\">N\u00faria T. i Lara C.<\/td>\n<\/tr>\n<tr style=\"height: 32px;\">\n<td style=\"width: 254px; height: 32px;\"><strong>Angl\u00e8s<\/strong><\/td>\n<td style=\"width: 254.667px; height: 32px; text-align: left;\">Sara M. (subs. Marta C.)<\/td>\n<\/tr>\n<tr style=\"height: 32px;\">\n<td style=\"width: 254px; height: 32px;\"><strong>Logopeda<\/strong><\/td>\n<td style=\"width: 254.667px; height: 32px; text-align: left;\">Lorena Castrillo<\/td>\n<\/tr>\n<\/tbody>\n<\/table>\n<p>&nbsp;<\/p>\n<p>&nbsp;<\/p>\n<p>&nbsp;<\/p>\n<p>&nbsp;<\/p>\n<p style=\"text-align: center;\"><span style=\"color: #339966;\"><strong>EDUCACI\u00d3 PRIM\u00c0RIA<\/strong><\/span><\/p>\n<p style=\"text-align: center;\"><strong>COMUNITAT DELS MITJANS<\/strong><\/p>\n<table class=\" aligncenter\" style=\"height: 247px; width: 56.2611%;\">\n<tbody>\n<tr style=\"height: 33px;\">\n<td style=\"width: 52.2291%; height: 33px;\"><strong>Tutora 1r<\/strong><\/td>\n<td style=\"width: 45.9798%; height: 33px; text-align: left;\">Laura M.<\/td>\n<\/tr>\n<tr style=\"height: 33px;\">\n<td style=\"width: 52.2291%; height: 33px;\"><strong>Tutora 2n<\/strong><\/td>\n<td style=\"width: 45.9798%; height: 33px; text-align: left;\">Nerea C.<\/td>\n<\/tr>\n<tr style=\"height: 33px;\">\n<td style=\"width: 52.2291%; height: 33px;\"><strong>Tutora 3r<\/strong><\/td>\n<td style=\"width: 45.9798%; height: 33px; text-align: left;\">Laura A.<\/td>\n<\/tr>\n<tr style=\"height: 33px;\">\n<td style=\"width: 52.2291%; height: 33px;\"><strong>Religi\u00f3<\/strong><\/td>\n<td style=\"width: 45.9798%; height: 33px; text-align: left;\">Montserrat S.<\/td>\n<\/tr>\n<tr style=\"height: 33px;\">\n<td style=\"width: 52.2291%; height: 33px;\"><strong>Angl\u00e8s<\/strong><\/td>\n<td style=\"width: 45.9798%; height: 33px; text-align: left;\">Laura M. i Nerea G.<\/td>\n<\/tr>\n<tr style=\"height: 33px;\">\n<td style=\"width: 52.2291%; height: 33px;\"><strong>M\u00fas<\/strong><strong>ica\u00a0<\/strong><\/td>\n<td style=\"width: 45.9798%; height: 33px; text-align: left;\">N\u00faria T.<\/td>\n<\/tr>\n<tr>\n<td style=\"width: 52.2291%;\"><strong>E. F\u00edsica<\/strong><\/td>\n<td style=\"width: 45.9798%; text-align: left;\">Lara C.<\/td>\n<\/tr>\n<\/tbody>\n<\/table>\n<p>&nbsp;<\/p>\n<p>&nbsp;<\/p>\n<p>&nbsp;<\/p>\n<p style=\"text-align: center;\"><strong>COMUNITAT DELS GRANS<\/strong><\/p>\n<table class=\" aligncenter\" style=\"height: 255px; width: 59.4449%;\">\n<tbody>\n<tr style=\"height: 32px;\">\n<td style=\"width: 41.1672%; height: 32px;\"><strong>Tutora 4t<\/strong><\/td>\n<td style=\"width: 38.6435%; height: 32px; text-align: left;\">Irene S. i Gemma D.<\/td>\n<\/tr>\n<tr style=\"height: 32px;\">\n<td style=\"width: 41.1672%; height: 32px;\"><strong>Tutora 5\u00e8<\/strong><\/td>\n<td style=\"width: 38.6435%; height: 32px; text-align: left;\">Marta L.<\/td>\n<\/tr>\n<tr style=\"height: 32px;\">\n<td style=\"width: 41.1672%; height: 32px;\"><strong>Tutor 6\u00e8<\/strong><\/td>\n<td style=\"width: 38.6435%; height: 32px; text-align: left;\">Laura B.<\/td>\n<\/tr>\n<tr style=\"height: 32px;\">\n<td style=\"width: 41.1672%; height: 32px;\"><strong>Angl\u00e8s<\/strong><\/td>\n<td style=\"width: 38.6435%; height: 32px; text-align: left;\">Laura B.<\/td>\n<\/tr>\n<tr style=\"height: 32px;\">\n<td style=\"width: 41.1672%; height: 32px;\"><strong>Religi\u00f3<\/strong><\/td>\n<td style=\"width: 38.6435%; height: 32px; text-align: left;\">Montserrat S.<\/td>\n<\/tr>\n<tr style=\"height: 33px;\">\n<td style=\"width: 41.1672%; height: 33px;\"><strong>M\u00fasica<\/strong><\/td>\n<td style=\"width: 38.6435%; height: 33px; text-align: left;\">N\u00faria T.<\/td>\n<\/tr>\n<tr>\n<td style=\"width: 41.1672%;\"><strong>E. F\u00edsica<\/strong><\/td>\n<td style=\"width: 38.6435%; text-align: left;\">Lara C.<\/td>\n<\/tr>\n<\/tbody>\n<\/table>\n<p style=\"text-align: left;\">\n<p>&nbsp;<\/p>\n<p>&nbsp;<\/p>\n<p>&nbsp;<\/p>\n<p style=\"text-align: center;\"><strong>EQUIP PAS \/PAE<\/strong><\/p>\n<table class=\" aligncenter\" style=\"border-collapse: collapse; width: 42.6219%; height: 143px;\">\n<tbody>\n<tr style=\"height: 32px;\">\n<td style=\"width: 41.4286%; text-align: left; height: 32px;\"><strong>Administrativa<\/strong><\/td>\n<td style=\"width: 124.413%; text-align: left; height: 32px;\">Carol T.<\/td>\n<\/tr>\n<tr style=\"height: 47px;\">\n<td style=\"width: 41.4286%; text-align: left; height: 47px;\"><strong>Conserge<\/strong><\/td>\n<td style=\"width: 124.413%; text-align: left; height: 47px;\">Jaume C.<\/td>\n<\/tr>\n<tr style=\"height: 32px;\">\n<td style=\"width: 41.4286%; text-align: left; height: 32px;\"><strong>Vetlladora<\/strong><\/td>\n<td style=\"width: 124.413%; text-align: left; height: 32px;\">Jessica C.<\/td>\n<\/tr>\n<tr style=\"height: 32px;\">\n<td style=\"width: 41.4286%; height: 32px; text-align: left;\"><strong>TEI<\/strong><\/td>\n<td style=\"width: 124.413%; height: 32px; text-align: left;\">Raquel M.<\/td>\n<\/tr>\n<\/tbody>\n<\/table>\n<p>&nbsp;<\/p>\n","protected":false},"excerpt":{"rendered":"<p>EQUIP DIRECTIU Directora Jenifer Parrilla Berm\u00fadez Cap d&#8217;Estudis Sandra Moreno Chavero Secret\u00e0ria Carolina Varela Zarco \u00a0 &nbsp; EDUCACI\u00d3 INFANTIL COMUNITAT DELS PETITS Tutora I3 Mireia F. Tutora I4 Ang\u00e8lica M. Tutora I5 Georgina C. Refor\u00e7 Sara M. (subs. Marta C.) i Gemma D. M\u00fasica i Psicomotricitat\u00a0 N\u00faria T. i Lara C. Angl\u00e8s Sara M. (subs. [&hellip;]<\/p>\n","protected":false},"author":1,"featured_media":0,"parent":22,"menu_order":0,"comment_status":"closed","ping_status":"closed","template":"","meta":{"_bbp_topic_count":0,"_bbp_reply_count":0,"_bbp_total_topic_count":0,"_bbp_total_reply_count":0,"_bbp_voice_count":0,"_bbp_anonymous_reply_count":0,"_bbp_topic_count_hidden":0,"_bbp_reply_count_hidden":0,"_bbp_forum_subforum_count":0,"site-sidebar-layout":"default","site-content-layout":"","ast-site-content-layout":"default","site-content-style":"default","site-sidebar-style":"default","ast-global-header-display":"","ast-banner-title-visibility":"","ast-main-header-display":"","ast-hfb-above-header-display":"","ast-hfb-below-header-display":"","ast-hfb-mobile-header-display":"","site-post-title":"","ast-breadcrumbs-content":"","ast-featured-img":"","footer-sml-layout":"","theme-transparent-header-meta":"default","adv-header-id-meta":"","stick-header-meta":"","header-above-stick-meta":"","header-main-stick-meta":"","header-below-stick-meta":"","astra-migrate-meta-layouts":"set","ast-page-background-enabled":"default","ast-page-background-meta":{"desktop":{"background-color":"var(--ast-global-color-4)","background-image":"","background-repeat":"repeat","background-position":"center center","background-size":"auto","background-attachment":"scroll","background-type":"","background-media":"","overlay-type":"","overlay-color":"","overlay-opacity":"","overlay-gradient":""},"tablet":{"background-color":"","background-image":"","background-repeat":"repeat","background-position":"center center","background-size":"auto","background-attachment":"scroll","background-type":"","background-media":"","overlay-type":"","overlay-color":"","overlay-opacity":"","overlay-gradient":""},"mobile":{"background-color":"","background-image":"","background-repeat":"repeat","background-position":"center center","background-size":"auto","background-attachment":"scroll","background-type":"","background-media":"","overlay-type":"","overlay-color":"","overlay-opacity":"","overlay-gradient":""}},"ast-content-background-meta":{"desktop":{"background-color":"var(--ast-global-color-5)","background-image":"","background-repeat":"repeat","background-position":"center center","background-size":"auto","background-attachment":"scroll","background-type":"","background-media":"","overlay-type":"","overlay-color":"","overlay-opacity":"","overlay-gradient":""},"tablet":{"background-color":"var(--ast-global-color-5)","background-image":"","background-repeat":"repeat","background-position":"center center","background-size":"auto","background-attachment":"scroll","background-type":"","background-media":"","overlay-type":"","overlay-color":"","overlay-opacity":"","overlay-gradient":""},"mobile":{"background-color":"var(--ast-global-color-5)","background-image":"","background-repeat":"repeat","background-position":"center center","background-size":"auto","background-attachment":"scroll","background-type":"","background-media":"","overlay-type":"","overlay-color":"","overlay-opacity":"","overlay-gradient":""}},"footnotes":""},"class_list":["post-471","page","type-page","status-publish","hentry"],"post_mailing_queue_ids":[],"_links":{"self":[{"href":"https:\/\/agora.xtec.cat\/escpompeuvalli\/wp-json\/wp\/v2\/pages\/471","targetHints":{"allow":["GET"]}}],"collection":[{"href":"https:\/\/agora.xtec.cat\/escpompeuvalli\/wp-json\/wp\/v2\/pages"}],"about":[{"href":"https:\/\/agora.xtec.cat\/escpompeuvalli\/wp-json\/wp\/v2\/types\/page"}],"author":[{"embeddable":true,"href":"https:\/\/agora.xtec.cat\/escpompeuvalli\/wp-json\/wp\/v2\/users\/1"}],"replies":[{"embeddable":true,"href":"https:\/\/agora.xtec.cat\/escpompeuvalli\/wp-json\/wp\/v2\/comments?post=471"}],"version-history":[{"count":7,"href":"https:\/\/agora.xtec.cat\/escpompeuvalli\/wp-json\/wp\/v2\/pages\/471\/revisions"}],"predecessor-version":[{"id":6045,"href":"https:\/\/agora.xtec.cat\/escpompeuvalli\/wp-json\/wp\/v2\/pages\/471\/revisions\/6045"}],"up":[{"embeddable":true,"href":"https:\/\/agora.xtec.cat\/escpompeuvalli\/wp-json\/wp\/v2\/pages\/22"}],"wp:attachment":[{"href":"https:\/\/agora.xtec.cat\/escpompeuvalli\/wp-json\/wp\/v2\/media?parent=471"}],"curies":[{"name":"wp","href":"https:\/\/api.w.org\/{rel}","templated":true}]}}