{"id":4644,"date":"2024-02-10T21:08:15","date_gmt":"2024-02-10T20:08:15","guid":{"rendered":"https:\/\/agora.xtec.cat\/escpompeufabrall\/?page_id=4644"},"modified":"2024-02-21T13:47:24","modified_gmt":"2024-02-21T12:47:24","slug":"autoritzacions","status":"publish","type":"page","link":"https:\/\/agora.xtec.cat\/escpompeufabrall\/documentacio-families\/autoritzacions\/","title":{"rendered":"Autoritzacions"},"content":{"rendered":"<p>Cliqueu sobre l\u2019enlla\u00e7 per descarregar-vos els documents (algunes opcions encara no estan disponibles).<\/p>\n<table width=\"860\">\n<tbody>\n<tr>\n<td><a target=\"_blank\" rel=\"noopener noreferrer\">Autoritzaci\u00f3 recursos digitals<\/a><\/td>\n<td><a target=\"_blank\" rel=\"noopener noreferrer\">Autoritzaci\u00f3 sortir sols<\/a><\/td>\n<td><a target=\"_blank\" rel=\"noopener noreferrer\">Autoritzaci\u00f3 sortides per Llan\u00e7\u00e0<\/a><\/td>\n<\/tr>\n<tr>\n<td><a target=\"_blank\" rel=\"noopener noreferrer\">Autoritzaci\u00f3 recollida I3, I4, I5, 1r i 2n<\/a><\/td>\n<td><a target=\"_blank\" rel=\"noopener noreferrer\">Autoritzaci\u00f3 drets d\u2019imatge menors<\/a><\/td>\n<td><a target=\"_blank\" rel=\"noopener noreferrer\">Autoritzaci\u00f3 administraci\u00f3 medicaments<\/a><\/td>\n<\/tr>\n<tr>\n<td><a target=\"_blank\" rel=\"noopener noreferrer\">Comunicaci\u00f3 al\u00b7l\u00e8rgies<\/a><\/td>\n<td><a target=\"_blank\" rel=\"noopener noreferrer\">Carta comprom\u00eds educatiu<\/a><\/td>\n<td><\/td>\n<\/tr>\n<\/tbody>\n<\/table>\n","protected":false},"excerpt":{"rendered":"<p>Cliqueu sobre l\u2019enlla\u00e7 per descarregar-vos els documents (algunes opcions encara no estan disponibles).<\/p>\n<p><a target=\"_blank\" rel=\"noopener noreferrer\">Autoritzaci\u00f3 recursos digitals<\/a><br \/>\n<a target=\"_blank\" rel=\"noopener noreferrer\">Autoritzaci\u00f3 sortir sols<\/a><br \/>\n<a target=\"_blank\" rel=\"noopener noreferrer\">Autoritzaci\u00f3 sortides per Llan\u00e7\u00e0<\/a><\/p>\n<p><a target=\"_blank\" rel=\"noopener noreferrer\">Autoritzaci\u00f3 recollida I3, I4, I5, 1r i 2n<\/a><br \/>\n<a target=\"_blank\" rel=\"noopener noreferrer\">Autoritzaci\u00f3 drets d\u2019imatge menors<\/a><br \/>\n<a&hellip;  <a href=\"https:\/\/agora.xtec.cat\/escpompeufabrall\/documentacio-families\/autoritzacions\/\" title=\"Read Autoritzacions\">Llegeix m\u00e9s\u00bb<\/a><\/p>\n","protected":false},"author":1,"featured_media":0,"parent":4592,"menu_order":10,"comment_status":"closed","ping_status":"closed","template":"page-templates\/side-menu.php","meta":{"_bbp_topic_count":0,"_bbp_reply_count":0,"_bbp_total_topic_count":0,"_bbp_total_reply_count":0,"_bbp_voice_count":0,"_bbp_anonymous_reply_count":0,"_bbp_topic_count_hidden":0,"_bbp_reply_count_hidden":0,"_bbp_forum_subforum_count":0,"footnotes":""},"class_list":["post-4644","page","type-page","status-publish","hentry"],"post_mailing_queue_ids":[],"_links":{"self":[{"href":"https:\/\/agora.xtec.cat\/escpompeufabrall\/wp-json\/wp\/v2\/pages\/4644","targetHints":{"allow":["GET"]}}],"collection":[{"href":"https:\/\/agora.xtec.cat\/escpompeufabrall\/wp-json\/wp\/v2\/pages"}],"about":[{"href":"https:\/\/agora.xtec.cat\/escpompeufabrall\/wp-json\/wp\/v2\/types\/page"}],"author":[{"embeddable":true,"href":"https:\/\/agora.xtec.cat\/escpompeufabrall\/wp-json\/wp\/v2\/users\/1"}],"replies":[{"embeddable":true,"href":"https:\/\/agora.xtec.cat\/escpompeufabrall\/wp-json\/wp\/v2\/comments?post=4644"}],"version-history":[{"count":2,"href":"https:\/\/agora.xtec.cat\/escpompeufabrall\/wp-json\/wp\/v2\/pages\/4644\/revisions"}],"predecessor-version":[{"id":4646,"href":"https:\/\/agora.xtec.cat\/escpompeufabrall\/wp-json\/wp\/v2\/pages\/4644\/revisions\/4646"}],"up":[{"embeddable":true,"href":"https:\/\/agora.xtec.cat\/escpompeufabrall\/wp-json\/wp\/v2\/pages\/4592"}],"wp:attachment":[{"href":"https:\/\/agora.xtec.cat\/escpompeufabrall\/wp-json\/wp\/v2\/media?parent=4644"}],"curies":[{"name":"wp","href":"https:\/\/api.w.org\/{rel}","templated":true}]}}