{"id":4578,"date":"2024-02-06T13:26:47","date_gmt":"2024-02-06T12:26:47","guid":{"rendered":"https:\/\/agora.xtec.cat\/escpompeufabrall\/?page_id=4578"},"modified":"2024-02-07T12:54:08","modified_gmt":"2024-02-07T11:54:08","slug":"historia","status":"publish","type":"page","link":"https:\/\/agora.xtec.cat\/escpompeufabrall\/lescola\/historia\/","title":{"rendered":"Hist\u00f2ria"},"content":{"rendered":"<p>L&#8217;escola es va realitzar segons la direcci\u00f3 i obra de l&#8217;arquitecte\u00a0<a title=\"Josep Maria Claret i Rubira\" href=\"https:\/\/ca.wikipedia.org\/wiki\/Josep_Maria_Claret_i_Rubira\">Josep Maria Claret i Rubira<\/a>, qui l&#8217;any 1974 present\u00e0 el projecte per al col\u00b7legi de les Esplanes per substituir l&#8217;escola constru\u00efda els anys 1928-29, que havia quedat petita.<\/p>\n<p>La construcci\u00f3 seguia el model tipificat pel\u00a0<a class=\"mw-redirect\" title=\"Ministeri d'Educaci\u00f3 d'Espanya\" href=\"https:\/\/ca.wikipedia.org\/wiki\/Ministeri_d%27Educaci%C3%B3_d%27Espanya\">Ministerio de Educaci\u00f3n y Ciencia<\/a>. T\u00e9 una estructura modular per tal de facilitar la flexibilitat en les redistribucions que es fessin necess\u00e0ries. Tamb\u00e9 es va tenir en compte la climatologia de la zona a l&#8217;hora de dissenyar els porxos i els patis interiors.<sup id=\"cite_ref-patmapa_1-4\" class=\"reference\"><\/sup><\/p>\n<p>L&#8217;edifici fou inaugurat el dia <a title=\"7 de novembre\" href=\"https:\/\/ca.wikipedia.org\/wiki\/7_de_novembre\">7 de novembre<\/a>\u00a0de\u00a0<a title=\"1976\" href=\"https:\/\/ca.wikipedia.org\/wiki\/1976\">1976<\/a>, encara que no comen\u00e7\u00e0 a funcionar fins al segon trimestre, passat el per\u00edode nadalenc.<\/p>\n<p>En el moment de la inauguraci\u00f3 la matr\u00edcula era de 542 alumnes i deu anys m\u00e9s tard es van haver d&#8217;habilitar el laboratori, la sala de professors i la biblioteca com a aules per acollir els infants.<\/p>\n<p>L&#8217;edifici est\u00e0\u00a0incl\u00f2s en l&#8217;<a class=\"mw-redirect\" title=\"Inventari del Patrimoni Arquitect\u00f2nic de Catalunya\" href=\"https:\/\/ca.wikipedia.org\/wiki\/Inventari_del_Patrimoni_Arquitect%C3%B2nic_de_Catalunya\">Inventari del Patrimoni Arquitect\u00f2nic de Catalunya<\/a>.<\/p>\n","protected":false},"excerpt":{"rendered":"<p>L&#8217;escola es va realitzar segons la direcci\u00f3 i obra de l&#8217;arquitecte\u00a0<a title=\"Josep Maria Claret i Rubira\" href=\"https:\/\/ca.wikipedia.org\/wiki\/Josep_Maria_Claret_i_Rubira\">Josep Maria Claret i Rubira<\/a>, qui l&#8217;any 1974 present\u00e0 el projecte per al col\u00b7legi de les Esplanes per substituir l&#8217;escola constru\u00efda els anys 1928-29, que havia quedat petita.<br \/>\nLa construcci\u00f3&hellip;  <a href=\"https:\/\/agora.xtec.cat\/escpompeufabrall\/lescola\/historia\/\" title=\"Read Hist\u00f2ria\">Llegeix m\u00e9s\u00bb<\/a><\/p>\n","protected":false},"author":1,"featured_media":0,"parent":4602,"menu_order":0,"comment_status":"closed","ping_status":"closed","template":"page-templates\/side-menu.php","meta":{"_bbp_topic_count":0,"_bbp_reply_count":0,"_bbp_total_topic_count":0,"_bbp_total_reply_count":0,"_bbp_voice_count":0,"_bbp_anonymous_reply_count":0,"_bbp_topic_count_hidden":0,"_bbp_reply_count_hidden":0,"_bbp_forum_subforum_count":0,"footnotes":""},"class_list":["post-4578","page","type-page","status-publish","hentry"],"post_mailing_queue_ids":[],"_links":{"self":[{"href":"https:\/\/agora.xtec.cat\/escpompeufabrall\/wp-json\/wp\/v2\/pages\/4578","targetHints":{"allow":["GET"]}}],"collection":[{"href":"https:\/\/agora.xtec.cat\/escpompeufabrall\/wp-json\/wp\/v2\/pages"}],"about":[{"href":"https:\/\/agora.xtec.cat\/escpompeufabrall\/wp-json\/wp\/v2\/types\/page"}],"author":[{"embeddable":true,"href":"https:\/\/agora.xtec.cat\/escpompeufabrall\/wp-json\/wp\/v2\/users\/1"}],"replies":[{"embeddable":true,"href":"https:\/\/agora.xtec.cat\/escpompeufabrall\/wp-json\/wp\/v2\/comments?post=4578"}],"version-history":[{"count":3,"href":"https:\/\/agora.xtec.cat\/escpompeufabrall\/wp-json\/wp\/v2\/pages\/4578\/revisions"}],"predecessor-version":[{"id":4616,"href":"https:\/\/agora.xtec.cat\/escpompeufabrall\/wp-json\/wp\/v2\/pages\/4578\/revisions\/4616"}],"up":[{"embeddable":true,"href":"https:\/\/agora.xtec.cat\/escpompeufabrall\/wp-json\/wp\/v2\/pages\/4602"}],"wp:attachment":[{"href":"https:\/\/agora.xtec.cat\/escpompeufabrall\/wp-json\/wp\/v2\/media?parent=4578"}],"curies":[{"name":"wp","href":"https:\/\/api.w.org\/{rel}","templated":true}]}}