{"id":4572,"date":"2024-02-06T13:36:44","date_gmt":"2024-02-06T12:36:44","guid":{"rendered":"https:\/\/agora.xtec.cat\/escpompeufabrall\/?page_id=4572"},"modified":"2025-01-23T11:10:17","modified_gmt":"2025-01-23T10:10:17","slug":"equip-huma","status":"publish","type":"page","link":"https:\/\/agora.xtec.cat\/escpompeufabrall\/lescola\/equip-huma\/","title":{"rendered":"Equip hum\u00e0"},"content":{"rendered":"<table style=\"border-collapse: collapse; width: 99.5868%; height: 1443px;\">\n<tbody>\n<tr style=\"height: 64px;\">\n<td style=\"width: 117.878%; height: 32px; text-align: center;\" colspan=\"3\"><strong>EQUIP DIRECTIU<\/strong><\/td>\n<\/tr>\n<tr style=\"height: 32px;\">\n<td style=\"width: 23.0334%; height: 32px; text-align: center;\"><strong>Directora<\/strong><\/td>\n<td style=\"width: 39.4732%; height: 32px; text-align: center;\"><strong>Tica Mateu<\/strong><\/td>\n<td style=\"width: 55.371%; height: 32px; text-align: center;\"><a href=\"mailto:mmateu15@pompeufabrallanca.cat\">mmateu15@pompeufabrallanca.cat<\/a><\/td>\n<\/tr>\n<tr style=\"height: 32px;\">\n<td style=\"width: 23.0334%; height: 32px; text-align: center;\"><strong>Cap d&#8217;estudis<\/strong><\/td>\n<td style=\"width: 39.4732%; height: 32px; text-align: center;\"><strong>Emili Pereira<\/strong><\/td>\n<td style=\"width: 55.371%; height: 32px; text-align: center;\"><a href=\"mailto:epereira@pompeufabrallanca.cat\">epereira@pompeufabrallanca.cat<\/a><\/td>\n<\/tr>\n<tr style=\"height: 32px;\">\n<td style=\"width: 23.0334%; height: 32px; text-align: center;\"><strong>Secretaria<\/strong><\/td>\n<td style=\"width: 39.4732%; height: 32px; text-align: center;\"><strong>Eli Casas<\/strong><\/td>\n<td style=\"width: 55.371%; height: 32px; text-align: center;\"><a href=\"mailto:ecasas4@pompeufabrallanca.cat\">ecasas4@pompeufabrallanca.cat<\/a><\/td>\n<\/tr>\n<tr style=\"height: 64px;\">\n<td style=\"width: 117.878%; height: 32px; text-align: center;\" colspan=\"3\"><strong>EDUCACI\u00d3 INFANTIL<\/strong><\/td>\n<\/tr>\n<tr style=\"height: 32px;\">\n<td style=\"width: 23.0334%; height: 32px; text-align: center;\"><strong>I3 A<\/strong><\/td>\n<td style=\"width: 39.4732%; height: 32px; text-align: center;\"><strong>Irene P\u00e9rez<\/strong><\/td>\n<td style=\"width: 55.371%; height: 32px; text-align: center;\"><a href=\"mailto:iperez65@pompeufabrallanca.cat\">iperez65@pompeufabrallanca.cat<\/a><\/td>\n<\/tr>\n<tr style=\"height: 32px;\">\n<td style=\"width: 23.0334%; height: 32px; text-align: center;\"><strong>I3 B<\/strong><\/td>\n<td style=\"width: 39.4732%; height: 32px; text-align: center;\"><strong>Matilde Turr\u00f3<\/strong><\/td>\n<td style=\"width: 55.371%; height: 32px; text-align: center;\"><a href=\"mailto:mturro4@pompeufabrallanca.cat\">mturro4@pompeufabrallanca.cat<\/a><\/td>\n<\/tr>\n<tr style=\"height: 32px;\">\n<td style=\"width: 23.0334%; height: 32px; text-align: center;\"><strong>I4 A<\/strong><\/td>\n<td style=\"width: 39.4732%; height: 32px; text-align: center;\"><strong>Eva Navarro<\/strong><\/td>\n<td style=\"width: 55.371%; height: 32px; text-align: center;\"><a href=\"mailto:enavar33@pompeufabrallanca.cat\">enavar33@pompeufabrallanca.cat<\/a><\/td>\n<\/tr>\n<tr style=\"height: 32px;\">\n<td style=\"width: 23.0334%; text-align: center; height: 32px;\"><strong>I4 B<\/strong><\/td>\n<td style=\"width: 39.4732%; text-align: center; height: 32px;\"><strong>Carla Sar<\/strong><\/td>\n<td style=\"width: 55.371%; text-align: center; height: 32px;\"><a href=\"mailto:csar@pompeufabrallanca.cat\">csar@pompeufabrallanca.cat<\/a><\/td>\n<\/tr>\n<tr style=\"height: 32px;\">\n<td style=\"width: 23.0334%; height: 32px; text-align: center;\"><strong>I5 A<\/strong><\/td>\n<td style=\"width: 39.4732%; height: 32px; text-align: center;\"><strong>M\u00edriam Cardoner<\/strong><\/td>\n<td style=\"width: 55.371%; height: 32px; text-align: center;\"><a href=\"mailto:mcardo34@pompeufabrallanca.cat\">mcardo34@pompeufabrallanca.cat<\/a><\/td>\n<\/tr>\n<tr style=\"height: 32px;\">\n<td style=\"width: 23.0334%; height: 32px; text-align: center;\"><strong>I5 B<\/strong><\/td>\n<td style=\"width: 39.4732%; height: 32px; text-align: center;\"><strong>Marta Cervera\/Ariadna Pag\u00e8s<\/strong><\/td>\n<td style=\"width: 55.371%; height: 32px; text-align: center;\"><a href=\"mailto:msala269@pompeufabrallanca.cat\">msala269@pompeufabrallanca.cat<\/a><\/td>\n<\/tr>\n<tr style=\"height: 32px;\">\n<td style=\"width: 23.0334%; text-align: center; height: 32px;\"><strong>TEI<\/strong><\/td>\n<td style=\"width: 39.4732%; text-align: center; height: 32px;\"><strong>Susana Mayans<\/strong><\/td>\n<td style=\"width: 55.371%; text-align: center; height: 32px;\"><\/td>\n<\/tr>\n<tr style=\"height: 64px;\">\n<td style=\"width: 117.878%; height: 32px; text-align: center;\" colspan=\"3\"><strong>EDUCACI\u00d3 PRIM\u00c0RIA<\/strong><\/td>\n<\/tr>\n<tr style=\"height: 32px;\">\n<td style=\"width: 23.0334%; text-align: center; height: 32px;\"><strong>1r A<\/strong><\/td>\n<td style=\"width: 39.4732%; text-align: center; height: 32px;\"><strong>Gl\u00f2ria Y\u00e1\u00f1ez<\/strong><\/td>\n<td style=\"width: 55.371%; text-align: center; height: 32px;\"><a href=\"mailto:gyanez@pompeufabrallanca.cat\">gyanez@pompeufabrallanca.cat<\/a><\/td>\n<\/tr>\n<tr style=\"height: 32px;\">\n<td style=\"width: 23.0334%; height: 32px; text-align: center;\"><strong>1r B<\/strong><\/td>\n<td style=\"width: 39.4732%; height: 32px; text-align: center;\"><strong>Ingrid Barrag\u00e1n<\/strong><\/td>\n<td style=\"width: 55.371%; height: 32px; text-align: center;\"><a href=\"mailto:ibarraga@pompeufabrallanca.cat\">ibarraga@pompeufabrallanca.cat<\/a><\/td>\n<\/tr>\n<tr style=\"height: 32px;\">\n<td style=\"width: 23.0334%; height: 32px; text-align: center;\"><strong>2n A<\/strong><\/td>\n<td style=\"width: 39.4732%; height: 32px; text-align: center;\"><strong>Alma Canal<\/strong><\/td>\n<td style=\"width: 55.371%; height: 32px; text-align: center;\"><a href=\"mailto:acanal24@pompeufabrallanca.cat\">acanal24@pompeufabrallanca.cat<\/a><\/td>\n<\/tr>\n<tr style=\"height: 32px;\">\n<td style=\"width: 23.0334%; text-align: center; height: 32px;\"><strong>2n B<\/strong><\/td>\n<td style=\"width: 39.4732%; text-align: center; height: 32px;\"><strong>Carmen V\u00e1zquez<\/strong><\/td>\n<td style=\"width: 55.371%; text-align: center; height: 32px;\"><a href=\"mailto:cvazque5@pompeufabrallanca.cat\">cvazque5@pompeufabrallanca.cat<\/a><\/td>\n<\/tr>\n<tr style=\"height: 32px;\">\n<td style=\"width: 23.0334%; height: 32px; text-align: center;\"><strong>3r A<\/strong><\/td>\n<td style=\"width: 39.4732%; height: 32px; text-align: center;\"><strong>Mariona Llistar<\/strong><\/td>\n<td style=\"width: 55.371%; height: 32px; text-align: center;\"><a href=\"mailto:mllistar@pompeufabrallanca.cat\">mllistar@pompeufabrallanca.cat<\/a><\/td>\n<\/tr>\n<tr style=\"height: 32px;\">\n<td style=\"width: 23.0334%; height: 32px; text-align: center;\"><strong>3r B<\/strong><\/td>\n<td style=\"width: 39.4732%; height: 32px; text-align: center;\"><strong>Laura Villar<\/strong><\/td>\n<td style=\"width: 55.371%; height: 32px; text-align: center;\"><a href=\"mailto:lvillar2@pompeufabrallanca.cat\">lvillar2@pompeufabrallanca.cat<\/a><\/td>\n<\/tr>\n<tr style=\"height: 32px;\">\n<td style=\"width: 23.0334%; height: 32px; text-align: center;\"><strong>4t A<\/strong><\/td>\n<td style=\"width: 39.4732%; height: 32px; text-align: center;\"><strong>Alba Vidal<\/strong><\/td>\n<td style=\"width: 55.371%; height: 32px; text-align: center;\"><a href=\"mailto:avidal37@pompeufabrallanca.cat\">avidal37@pompeufabrallanca.cat<\/a><\/td>\n<\/tr>\n<tr style=\"height: 32px;\">\n<td style=\"width: 23.0334%; height: 32px; text-align: center;\"><strong>4t B<\/strong><\/td>\n<td style=\"width: 39.4732%; height: 32px; text-align: center;\"><strong>S\u00edlvia Alsina<\/strong><\/td>\n<td style=\"width: 55.371%; height: 32px; text-align: center;\"><a href=\"mailto:salsina3@pompeufabrallanca.cat\">salsina3@pompeufabrallanca.cat<\/a><\/td>\n<\/tr>\n<tr style=\"height: 32px;\">\n<td style=\"width: 23.0334%; height: 32px; text-align: center;\"><strong>5\u00e8 A<\/strong><\/td>\n<td style=\"width: 39.4732%; height: 32px; text-align: center;\"><strong>S\u00f2nia L\u00f3pez<\/strong><\/td>\n<td style=\"width: 55.371%; height: 32px; text-align: center;\"><a href=\"mailto:slopez9@pompeufabrallanca.cat\">slopez9@pompeufabrallanca.cat<\/a><\/td>\n<\/tr>\n<tr style=\"height: 32px;\">\n<td style=\"width: 23.0334%; height: 32px; text-align: center;\"><strong>5\u00e8 B<\/strong><\/td>\n<td style=\"width: 39.4732%; text-align: center; height: 32px;\"><strong>Mireia Prats<\/strong><\/td>\n<td style=\"width: 55.371%; text-align: center; height: 32px;\"><a href=\"mailto:mprats62@pompeufabrallanca.cat\">mprats62@pompeufabrallanca.cat<\/a><\/td>\n<\/tr>\n<tr style=\"height: 32px;\">\n<td style=\"width: 23.0334%; height: 32px; text-align: center;\"><strong>6\u00e8 A<\/strong><\/td>\n<td style=\"width: 39.4732%; height: 32px; text-align: center;\"><strong>Jordina Carbonell<\/strong><\/td>\n<td style=\"width: 55.371%; height: 32px; text-align: center;\"><a href=\"mailto:jcarbo37@pompeufabrallanca.cat\">jcarbo37@pompeufabrallanca.cat<\/a><\/td>\n<\/tr>\n<tr style=\"height: 32px;\">\n<td style=\"width: 23.0334%; height: 32px; text-align: center;\"><strong>6\u00e8 B<\/strong><\/td>\n<td style=\"width: 39.4732%; height: 32px; text-align: center;\"><strong>Carles Fibla<\/strong><\/td>\n<td style=\"width: 55.371%; height: 32px; text-align: center;\"><a href=\"mailto:cfibla@pompeufabrallanca.cat\">cfibla@pompeufabrallanca.cat<\/a><\/td>\n<\/tr>\n<tr style=\"height: 32px;\">\n<td style=\"width: 23.0334%; text-align: center; height: 32px;\"><strong>Vetlladora<\/strong><\/td>\n<td style=\"width: 39.4732%; text-align: center; height: 32px;\"><strong>Mariona Bosch<\/strong><\/td>\n<td style=\"width: 55.371%; text-align: center; height: 32px;\"><\/td>\n<\/tr>\n<tr style=\"height: 64px;\">\n<td style=\"width: 117.878%; text-align: center; height: 32px;\" colspan=\"3\"><strong>ESPECIALITATS<br \/>\n<\/strong><\/td>\n<\/tr>\n<tr style=\"height: 32px;\">\n<td style=\"width: 23.0334%; height: 64px; text-align: center;\" rowspan=\"2\"><strong>Educaci\u00f3 F\u00edsica<\/strong><\/td>\n<td style=\"width: 39.4732%; height: 32px; text-align: center;\"><strong>Emili Pereira<\/strong><\/td>\n<td style=\"width: 55.371%; height: 32px; text-align: center;\"><a href=\"mailto:epereira@pompeufabrallanca.cat\">epereira@pompeufabrallanca.cat<\/a><\/td>\n<\/tr>\n<tr style=\"height: 32px;\">\n<td style=\"width: 39.4732%; height: 32px; text-align: center;\"><strong>M\u00f2nica Clotet<\/strong><\/td>\n<td style=\"width: 55.371%; height: 32px; text-align: center;\"><a href=\"mailto:mclotet4@pompeufabrallanca.cat\">mclotet4@pompeufabrallanca.cat<\/a><\/td>\n<\/tr>\n<tr style=\"height: 32px;\">\n<td style=\"width: 23.0334%; height: 32px; text-align: center;\"><strong>M\u00fasica<\/strong><\/td>\n<td style=\"width: 39.4732%; height: 32px; text-align: center;\"><strong>Martona Sirvent<\/strong><\/td>\n<td style=\"width: 55.371%; height: 32px; text-align: center;\"><a href=\"mailto:msirven3@pompeufabrallanca.cat\">msirven3@pompeufabrallanca.ca<\/a>\u00e1<\/td>\n<\/tr>\n<tr style=\"height: 32px;\">\n<td style=\"width: 23.0334%; text-align: center; height: 32px;\"><strong>Angl\u00e8s<\/strong><\/td>\n<td style=\"width: 39.4732%; text-align: center; height: 32px;\"><strong>Gemma Montaner<\/strong><\/td>\n<td style=\"width: 55.371%; text-align: center; height: 32px;\"><a href=\"mailto:gmontan4@pompeufabrallanca.cat\">gmontan4@pompeufabrallanca.cat<\/a><\/td>\n<\/tr>\n<tr style=\"height: 32px;\">\n<td style=\"width: 23.0334%; text-align: center; height: 32px;\"><strong>Angl\u00e8s<\/strong><\/td>\n<td style=\"width: 39.4732%; text-align: center; height: 32px;\"><strong>Anna Rosa<\/strong><\/td>\n<td style=\"width: 55.371%; text-align: center; height: 32px;\"><a href=\"mailto:arosa3@pompeufabrallanca.cat\">arosa3@pompeufabrallanca.cat<\/a><\/td>\n<\/tr>\n<tr style=\"height: 32px;\">\n<td style=\"width: 23.0334%; text-align: center; height: 32px;\"><strong>Religi\u00f3<\/strong><\/td>\n<td style=\"width: 39.4732%; text-align: center; height: 32px;\"><strong>Jordi Rubio<\/strong><\/td>\n<td style=\"width: 55.371%; text-align: center; height: 32px;\"><a href=\"mailto:jrubio3@pompeufabrallanca.cat\">jrubio3@pompeufabrallanca.cat<\/a><\/td>\n<\/tr>\n<tr style=\"height: 32px;\">\n<td style=\"width: 23.0334%; height: 32px; text-align: center;\"><strong>Franc\u00e8s<br \/>\n<\/strong><\/td>\n<td style=\"width: 39.4732%; height: 32px; text-align: center;\"><strong>S\u00f2nia L\u00f3pez<\/strong><\/td>\n<td style=\"width: 55.371%; height: 32px; text-align: center;\"><a href=\"mailto:slopez9@pompeufabrallanca.cat\">slopez9@pompeufabrallanca.cat<\/a><\/td>\n<\/tr>\n<tr style=\"height: 32px;\">\n<td style=\"width: 23.0334%; text-align: center; height: 32px;\"><strong>Audici\u00f3 i llenguatge<\/strong><\/td>\n<td style=\"width: 39.4732%; text-align: center; height: 32px;\"><strong>Olga Campdelacreu<\/strong><\/td>\n<td style=\"width: 55.371%; text-align: center; height: 32px;\"><a href=\"mailto:ocampdel@pompeufabrallanca.cat\">ocampdel@pompeufabrallanca.cat<\/a><\/td>\n<\/tr>\n<tr style=\"height: 32px;\">\n<td style=\"width: 23.0334%; text-align: center; height: 32px;\"><strong>Educaci\u00f3 Especial<\/strong><\/td>\n<td style=\"width: 39.4732%; text-align: center; height: 32px;\"><strong>Cristina Malirach<\/strong><\/td>\n<td style=\"width: 55.371%; text-align: center; height: 32px;\"><a href=\"mailto:cmarilac@pompeufabrallanca.cat\">cmarilac@pompeufabrallanca.cat<\/a><\/td>\n<\/tr>\n<tr style=\"height: 32px;\">\n<td style=\"width: 23.0334%; height: 32px; text-align: center;\"><strong>Refor\u00e7<\/strong><\/td>\n<td style=\"width: 39.4732%; height: 32px; text-align: center;\"><strong>Eva Toribio<\/strong><\/td>\n<td style=\"width: 55.371%; height: 32px; text-align: center;\"><a href=\"mailto:etoribio@pompeufabrallanca.cat\">etoribio@pompeufabrallanca.cat<\/a><\/td>\n<\/tr>\n<tr style=\"height: 64px;\">\n<td style=\"width: 117.878%; text-align: center; height: 32px;\" colspan=\"3\"><strong>COORDINACIONS<\/strong><\/td>\n<\/tr>\n<tr style=\"height: 32px;\">\n<td style=\"width: 23.0334%; text-align: center; height: 32px;\"><strong>Ed. Infantil<\/strong><\/td>\n<td style=\"width: 39.4732%; text-align: center; height: 32px;\"><strong>M\u00edriam Cardoner<\/strong><\/td>\n<td style=\"width: 55.371%; text-align: center; height: 32px;\"><a href=\"mailto:mcardo34@pompeufabrallanca.cat\">mcardo34@pompeufabrallanca.cat<\/a><\/td>\n<\/tr>\n<tr style=\"height: 32px;\">\n<td style=\"width: 23.0334%; text-align: center; height: 32px;\"><strong>Cicle Inicial<\/strong><\/td>\n<td style=\"width: 39.4732%; text-align: center; height: 32px;\"><strong>Ingrid Barragan<\/strong><\/td>\n<td style=\"width: 55.371%; text-align: center; height: 32px;\"><a href=\"mailto:ibarraga@pompeufabrallanca.cat\">ibarraga@pompeufabrallanca.cat<\/a><\/td>\n<\/tr>\n<tr style=\"height: 32px;\">\n<td style=\"width: 23.0334%; text-align: center; height: 32px;\"><strong>Cicle Mitj\u00e0<\/strong><\/td>\n<td style=\"width: 39.4732%; text-align: center; height: 32px;\"><strong>Alba Vidal<\/strong><\/td>\n<td style=\"width: 55.371%; height: 32px; text-align: center;\"><a href=\"mailto:avidal37@pompeufabrallanca.cat\">avidal37@pompeufabrallanca.cat<\/a><\/td>\n<\/tr>\n<tr style=\"height: 32px;\">\n<td style=\"width: 23.0334%; text-align: center; height: 32px;\"><strong>Cicle Superior<\/strong><\/td>\n<td style=\"width: 39.4732%; text-align: center; height: 32px;\"><strong>Mireia Prats<\/strong><\/td>\n<td style=\"width: 55.371%; text-align: center; height: 32px;\"><a href=\"mailto:mprats62@pompeufabrallanca.cat\">mprats62@pompeufabrallanca.cat<\/a><\/td>\n<\/tr>\n<tr style=\"height: 48px;\">\n<td style=\"width: 23.0334%; text-align: center; height: 35px;\"><strong>Riscos Laborals<\/strong><\/td>\n<td style=\"width: 39.4732%; text-align: center; height: 35px;\"><strong>Monica Clotet<\/strong><\/td>\n<td style=\"width: 55.371%; text-align: center; height: 35px;\"><a href=\"mailto:mclotet4@pompeufabrallanca.cat\">mclotet4@pompeufabrallanca.cat<\/a><\/td>\n<\/tr>\n<tr style=\"height: 32px;\">\n<td style=\"width: 23.0334%; text-align: center; height: 32px;\"><strong>Digital<\/strong><\/td>\n<td style=\"width: 39.4732%; height: 32px; text-align: center;\"><strong>Mireia Prats<\/strong><\/td>\n<td style=\"width: 55.371%; height: 32px; text-align: center;\"><a href=\"mailto:mprats62@pompeufabrallanca.cat\">mprats62@pompeufabrallanca.cat<\/a><\/td>\n<\/tr>\n<tr style=\"height: 32px;\">\n<td style=\"width: 23.0334%; text-align: center; height: 32px;\"><strong>Biblioteca<\/strong><\/td>\n<td style=\"width: 39.4732%; height: 32px; text-align: center;\"><strong>Alma Canal<\/strong><\/td>\n<td style=\"width: 55.371%; height: 32px; text-align: center;\"><a href=\"mailto:acanal24@pompeufabrallanca.cat\">acanal24@pompeufabrallanca.cat<\/a><\/td>\n<\/tr>\n<\/tbody>\n<\/table>\n","protected":false},"excerpt":{"rendered":"<p>EQUIP DIRECTIU<\/p>\n<p>Directora<br \/>\nTica Mateu<br \/>\n<a href=\"mailto:mmateu15@pompeufabrallanca.cat\">mmateu15@pompeufabrallanca.cat<\/a><\/p>\n<p>Cap d&#8217;estudis<br \/>\nEmili Pereira<br \/>\n<a href=\"mailto:epereira@pompeufabrallanca.cat\">epereira@pompeufabrallanca.cat<\/a><\/p>\n<p>Secretaria<br \/>\nEli Casas<br \/>\n<a href=\"mailto:ecasas4@pompeufabrallanca.cat\">ecasas4@pompeufabrallanca.cat<\/a><\/p>\n<p>EDUCACI\u00d3 INFANTIL<\/p>\n<p>I3 A<br \/>\nIrene P\u00e9rez<br \/>\n<a href=\"mailto:iperez65@pompeufabrallanca.cat\">iperez65@pompeufabrallanca.cat<\/a><\/p>\n<p>I3 B<br \/>\nMatilde Turr\u00f3<br \/>\n<a href=\"mailto:mturro4@pompeufabrallanca.cat\">mturro4@pompeufabrallanca.cat<\/a><\/p>\n<p>I4 A<br \/>\nEva Navarro<br \/>\n<a href=\"mailto:enavar33@pompeufabrallanca.cat\">enavar33@pompeufabrallanca.cat<\/a><\/p>\n<p>I4 B<br \/>\nCarla Sar<br \/>\n<a href=\"mailto:csar@pompeufabrallanca.cat\">csar@pompeufabrallanca.cat<\/a><\/p>\n<p>I5 A<br \/>\nM\u00edriam Cardoner<br \/>\n<a href=\"mailto:mcardo34@pompeufabrallanca.cat\">mcardo34@pompeufabrallanca.cat<\/a><\/p>\n<p>I5 B<br \/>\nMarta Cervera\/Ariadna Pag\u00e8s<br \/>\n<a href=\"mailto:msala269@pompeufabrallanca.cat\">msala269@pompeufabrallanca.cat<\/a><\/p>\n<p>TEI<br \/>\nSusana Mayans<\/p>\n<p>EDUCACI\u00d3 PRIM\u00c0RIA<\/p>\n<p>1r A<br \/>\nGl\u00f2ria Y\u00e1\u00f1ez<br \/>\n<a href=\"mailto:gyanez@pompeufabrallanca.cat\">gyanez@pompeufabrallanca.cat<\/a><\/p>\n<p>1r B<br \/>\nIngrid Barrag\u00e1n<br \/>\n<a href=\"mailto:ibarraga@pompeufabrallanca.cat\">ibarraga@pompeufabrallanca.cat<\/a><\/p>\n<p>2n A<br \/>\nAlma Canal<br \/>\n<a href=\"mailto:acanal24@pompeufabrallanca.cat\">acanal24@pompeufabrallanca.cat<\/a><\/p>\n<p>2n B<br \/>\nCarmen V\u00e1zquez<br \/>\n<a href=\"mailto:cvazque5@pompeufabrallanca.cat\">cvazque5@pompeufabrallanca.cat<\/a><\/p>\n<p>3r A<br \/>\nMariona Llistar<br \/>\n<a&hellip;  <a href=\"https:\/\/agora.xtec.cat\/escpompeufabrall\/lescola\/equip-huma\/\" title=\"Read Equip hum\u00e0\">Llegeix m\u00e9s\u00bb<\/a><\/p>\n","protected":false},"author":1,"featured_media":0,"parent":4602,"menu_order":10,"comment_status":"closed","ping_status":"closed","template":"page-templates\/side-menu.php","meta":{"_bbp_topic_count":0,"_bbp_reply_count":0,"_bbp_total_topic_count":0,"_bbp_total_reply_count":0,"_bbp_voice_count":0,"_bbp_anonymous_reply_count":0,"_bbp_topic_count_hidden":0,"_bbp_reply_count_hidden":0,"_bbp_forum_subforum_count":0,"footnotes":""},"class_list":["post-4572","page","type-page","status-publish","hentry"],"post_mailing_queue_ids":[],"_links":{"self":[{"href":"https:\/\/agora.xtec.cat\/escpompeufabrall\/wp-json\/wp\/v2\/pages\/4572","targetHints":{"allow":["GET"]}}],"collection":[{"href":"https:\/\/agora.xtec.cat\/escpompeufabrall\/wp-json\/wp\/v2\/pages"}],"about":[{"href":"https:\/\/agora.xtec.cat\/escpompeufabrall\/wp-json\/wp\/v2\/types\/page"}],"author":[{"embeddable":true,"href":"https:\/\/agora.xtec.cat\/escpompeufabrall\/wp-json\/wp\/v2\/users\/1"}],"replies":[{"embeddable":true,"href":"https:\/\/agora.xtec.cat\/escpompeufabrall\/wp-json\/wp\/v2\/comments?post=4572"}],"version-history":[{"count":6,"href":"https:\/\/agora.xtec.cat\/escpompeufabrall\/wp-json\/wp\/v2\/pages\/4572\/revisions"}],"predecessor-version":[{"id":4953,"href":"https:\/\/agora.xtec.cat\/escpompeufabrall\/wp-json\/wp\/v2\/pages\/4572\/revisions\/4953"}],"up":[{"embeddable":true,"href":"https:\/\/agora.xtec.cat\/escpompeufabrall\/wp-json\/wp\/v2\/pages\/4602"}],"wp:attachment":[{"href":"https:\/\/agora.xtec.cat\/escpompeufabrall\/wp-json\/wp\/v2\/media?parent=4572"}],"curies":[{"name":"wp","href":"https:\/\/api.w.org\/{rel}","templated":true}]}}