{"id":901,"date":"2018-04-17T08:44:15","date_gmt":"2018-04-17T06:44:15","guid":{"rendered":"http:\/\/agora.xtec.cat\/escpompeufabra\/?page_id=901"},"modified":"2023-02-14T10:35:35","modified_gmt":"2023-02-14T09:35:35","slug":"sports-and-english","status":"publish","type":"page","link":"https:\/\/agora.xtec.cat\/escpompeufabra\/sports-and-english\/","title":{"rendered":"Sports and english"},"content":{"rendered":"<p><a href=\"http:\/\/agora.xtec.cat\/escpompeufabra\/wp-content\/uploads\/usu1654\/2018\/04\/e-f-.png\"><img loading=\"lazy\" decoding=\"async\" class=\"aligncenter size-medium wp-image-907\" src=\"http:\/\/agora.xtec.cat\/escpompeufabra\/wp-content\/uploads\/usu1654\/2018\/04\/e-f--300x230.png\" alt=\"\" width=\"300\" height=\"230\" \/><\/a><\/p>\n<p>Portem a terme un projecte d\u2019innovaci\u00f3 pedag\u00f2gica en llengua anglesa (educaci\u00f3 infantil i prim\u00e0ria): <strong>SPORTS AND ENGLISH <\/strong>un projecte molt motivador , que combina la llengua anglesa i l\u2019educaci\u00f3 f\u00edsica.<\/p>\n<p>Es sabut que, en general, l\u2019\u00e0rea d\u2019educaci\u00f3 f\u00edsica, agrada molt al alumnat, al ser un \u00e0rea eminentment pr\u00e0ctica i l\u00fadica.<\/p>\n<p>\u00c9s per aix\u00f2 que \u00e9s un entorn idoni per introduir una segona llengua com \u00e9s l\u2019angl\u00e8s, ja que tot jugant es por introduir vocabulari en angl\u00e8s.<\/p>\n<p>&nbsp;<\/p>\n","protected":false},"excerpt":{"rendered":"<p><a href=\"http:\/\/agora.xtec.cat\/escpompeufabra\/wp-content\/uploads\/usu1654\/2018\/04\/e-f-.png\"><\/a><br \/>\nPortem a terme un projecte d\u2019innovaci\u00f3 pedag\u00f2gica en llengua anglesa (educaci\u00f3 infantil i prim\u00e0ria): SPORTS AND ENGLISH un projecte molt motivador , que combina la llengua anglesa i l\u2019educaci\u00f3 f\u00edsica.<br \/>\nEs sabut que, en general, l\u2019\u00e0rea d\u2019educaci\u00f3 f\u00edsica, agrada molt al alumnat, al ser un&hellip;  <a href=\"https:\/\/agora.xtec.cat\/escpompeufabra\/sports-and-english\/\" title=\"Read Sports and english\">Llegeix m\u00e9s\u00bb<\/a><\/p>\n","protected":false},"author":1,"featured_media":0,"parent":0,"menu_order":0,"comment_status":"closed","ping_status":"closed","template":"","meta":{"_bbp_topic_count":0,"_bbp_reply_count":0,"_bbp_total_topic_count":0,"_bbp_total_reply_count":0,"_bbp_voice_count":0,"_bbp_anonymous_reply_count":0,"_bbp_topic_count_hidden":0,"_bbp_reply_count_hidden":0,"_bbp_forum_subforum_count":0,"footnotes":""},"class_list":["post-901","page","type-page","status-publish","hentry"],"post_mailing_queue_ids":[],"_links":{"self":[{"href":"https:\/\/agora.xtec.cat\/escpompeufabra\/wp-json\/wp\/v2\/pages\/901","targetHints":{"allow":["GET"]}}],"collection":[{"href":"https:\/\/agora.xtec.cat\/escpompeufabra\/wp-json\/wp\/v2\/pages"}],"about":[{"href":"https:\/\/agora.xtec.cat\/escpompeufabra\/wp-json\/wp\/v2\/types\/page"}],"author":[{"embeddable":true,"href":"https:\/\/agora.xtec.cat\/escpompeufabra\/wp-json\/wp\/v2\/users\/1"}],"replies":[{"embeddable":true,"href":"https:\/\/agora.xtec.cat\/escpompeufabra\/wp-json\/wp\/v2\/comments?post=901"}],"version-history":[{"count":4,"href":"https:\/\/agora.xtec.cat\/escpompeufabra\/wp-json\/wp\/v2\/pages\/901\/revisions"}],"predecessor-version":[{"id":7817,"href":"https:\/\/agora.xtec.cat\/escpompeufabra\/wp-json\/wp\/v2\/pages\/901\/revisions\/7817"}],"wp:attachment":[{"href":"https:\/\/agora.xtec.cat\/escpompeufabra\/wp-json\/wp\/v2\/media?parent=901"}],"curies":[{"name":"wp","href":"https:\/\/api.w.org\/{rel}","templated":true}]}}