{"id":23265,"date":"2024-02-13T12:30:02","date_gmt":"2024-02-13T11:30:02","guid":{"rendered":"https:\/\/agora.xtec.cat\/escpoble-sec\/?page_id=23265"},"modified":"2024-03-14T17:27:27","modified_gmt":"2024-03-14T16:27:27","slug":"reunions-pedagogiques-2n-trimestre","status":"publish","type":"page","link":"https:\/\/agora.xtec.cat\/escpoble-sec\/reunions-pedagogiques-2n-trimestre\/","title":{"rendered":"Reunions Pedag\u00f2giques"},"content":{"rendered":"<p>&nbsp;<\/p>\n<p><a href=\"https:\/\/drive.google.com\/file\/d\/11w7UY7em7hehXw66FfjzBswoJOUWGAJy\/view?usp=sharing\">REUNI\u00d3 PEDAG\u00d2GICA EI3<\/a><\/p>\n<p><a href=\"https:\/\/drive.google.com\/file\/d\/1IdCZteOshBKrp0bAl7ROqfHBsBZWRhnX\/view?usp=sharing\">REUNI\u00d3 PEDAG\u00d2GICA EI4<\/a><\/p>\n<p><a href=\"https:\/\/drive.google.com\/file\/d\/1SqFQqeLhFQV55YzJHy-PR12UamL0qqdp\/view?usp=sharing\">REUNI\u00d3 PEDAG\u00d2GICA EI5<\/a><\/p>\n<p><a href=\"https:\/\/drive.google.com\/file\/d\/1UMvZAl3iu5jUnz2VoV8qq1iZg447Qeiv\/view?usp=sharing\">REUNI\u00d3 PEDAG\u00d2GICA 1r<\/a><\/p>\n<p><a href=\"https:\/\/view.genial.ly\/65afad153370760014b3aa98\/presentation-reunio-pedagogica-families\">REUNI\u00d3 PEDAG\u00d2GICA 2n<\/a><\/p>\n<p><a style=\"color: #2795b6;\" href=\"https:\/\/drive.google.com\/file\/d\/1c73JGX78P-qrERs1TUX4g1qudgnj36t7\/view?usp=sharing\">REUNI\u00d3 PEDAG\u00d2GICA 3r<\/a><\/p>\n<p><a href=\"https:\/\/agora.xtec.cat\/escpoble-sec\/wp-content\/uploads\/usu1204\/2024\/02\/4t-reunio-pedagogica-2n-Trim.pdf\">REUNI\u00d3 PEDAG\u00d2GICA 4t<\/a><\/p>\n<p><a href=\"https:\/\/drive.google.com\/file\/d\/1hs7z_ObZHcIi6cXS8iN5Ru85A4eFkv_B\/view?usp=sharing\">REUNI\u00d3 PEDAG\u00d2GICA 5\u00e8<\/a><\/p>\n<p><a style=\"color: #2795b6;\" href=\"https:\/\/prezi.com\/view\/yVduTrHMGoRVQ5hrpbDy\/\">REUNI\u00d3 PEDAG\u00d2GICA 6\u00e8<\/a><\/p>\n<p>&nbsp;<\/p>\n<p>&nbsp;<\/p>\n<p>&nbsp;<\/p>\n<p>&nbsp;<\/p>\n<p>&nbsp;<\/p>\n<p>&nbsp;<\/p>\n","protected":false},"excerpt":{"rendered":"<p>&nbsp; REUNI\u00d3 PEDAG\u00d2GICA EI3 REUNI\u00d3 PEDAG\u00d2GICA EI4 REUNI\u00d3 PEDAG\u00d2GICA EI5 REUNI\u00d3 PEDAG\u00d2GICA 1r REUNI\u00d3 PEDAG\u00d2GICA 2n REUNI\u00d3 PEDAG\u00d2GICA 3r REUNI\u00d3 PEDAG\u00d2GICA 4t REUNI\u00d3 PEDAG\u00d2GICA 5\u00e8 REUNI\u00d3 PEDAG\u00d2GICA 6\u00e8 &nbsp; &nbsp; &nbsp; &nbsp; &nbsp; &nbsp;<\/p>\n","protected":false},"author":1,"featured_media":0,"parent":0,"menu_order":0,"comment_status":"closed","ping_status":"closed","template":"","meta":{"_bbp_topic_count":0,"_bbp_reply_count":0,"_bbp_total_topic_count":0,"_bbp_total_reply_count":0,"_bbp_voice_count":0,"_bbp_anonymous_reply_count":0,"_bbp_topic_count_hidden":0,"_bbp_reply_count_hidden":0,"_bbp_forum_subforum_count":0,"site-sidebar-layout":"default","site-content-layout":"","ast-site-content-layout":"","site-content-style":"default","site-sidebar-style":"default","ast-global-header-display":"","ast-banner-title-visibility":"","ast-main-header-display":"","ast-hfb-above-header-display":"","ast-hfb-below-header-display":"","ast-hfb-mobile-header-display":"","site-post-title":"","ast-breadcrumbs-content":"","ast-featured-img":"","footer-sml-layout":"","theme-transparent-header-meta":"","adv-header-id-meta":"","stick-header-meta":"","header-above-stick-meta":"","header-main-stick-meta":"","header-below-stick-meta":"","astra-migrate-meta-layouts":"default","ast-page-background-enabled":"default","ast-page-background-meta":{"desktop":{"background-color":"var(--ast-global-color-4)","background-image":"","background-repeat":"repeat","background-position":"center center","background-size":"auto","background-attachment":"scroll","background-type":"","background-media":"","overlay-type":"","overlay-color":"","overlay-opacity":"","overlay-gradient":""},"tablet":{"background-color":"","background-image":"","background-repeat":"repeat","background-position":"center center","background-size":"auto","background-attachment":"scroll","background-type":"","background-media":"","overlay-type":"","overlay-color":"","overlay-opacity":"","overlay-gradient":""},"mobile":{"background-color":"","background-image":"","background-repeat":"repeat","background-position":"center center","background-size":"auto","background-attachment":"scroll","background-type":"","background-media":"","overlay-type":"","overlay-color":"","overlay-opacity":"","overlay-gradient":""}},"ast-content-background-meta":{"desktop":{"background-color":"var(--ast-global-color-5)","background-image":"","background-repeat":"repeat","background-position":"center center","background-size":"auto","background-attachment":"scroll","background-type":"","background-media":"","overlay-type":"","overlay-color":"","overlay-opacity":"","overlay-gradient":""},"tablet":{"background-color":"var(--ast-global-color-5)","background-image":"","background-repeat":"repeat","background-position":"center center","background-size":"auto","background-attachment":"scroll","background-type":"","background-media":"","overlay-type":"","overlay-color":"","overlay-opacity":"","overlay-gradient":""},"mobile":{"background-color":"var(--ast-global-color-5)","background-image":"","background-repeat":"repeat","background-position":"center center","background-size":"auto","background-attachment":"scroll","background-type":"","background-media":"","overlay-type":"","overlay-color":"","overlay-opacity":"","overlay-gradient":""}},"footnotes":""},"class_list":["post-23265","page","type-page","status-publish","hentry"],"post_mailing_queue_ids":[],"_links":{"self":[{"href":"https:\/\/agora.xtec.cat\/escpoble-sec\/wp-json\/wp\/v2\/pages\/23265","targetHints":{"allow":["GET"]}}],"collection":[{"href":"https:\/\/agora.xtec.cat\/escpoble-sec\/wp-json\/wp\/v2\/pages"}],"about":[{"href":"https:\/\/agora.xtec.cat\/escpoble-sec\/wp-json\/wp\/v2\/types\/page"}],"author":[{"embeddable":true,"href":"https:\/\/agora.xtec.cat\/escpoble-sec\/wp-json\/wp\/v2\/users\/1"}],"replies":[{"embeddable":true,"href":"https:\/\/agora.xtec.cat\/escpoble-sec\/wp-json\/wp\/v2\/comments?post=23265"}],"version-history":[{"count":6,"href":"https:\/\/agora.xtec.cat\/escpoble-sec\/wp-json\/wp\/v2\/pages\/23265\/revisions"}],"predecessor-version":[{"id":23482,"href":"https:\/\/agora.xtec.cat\/escpoble-sec\/wp-json\/wp\/v2\/pages\/23265\/revisions\/23482"}],"wp:attachment":[{"href":"https:\/\/agora.xtec.cat\/escpoble-sec\/wp-json\/wp\/v2\/media?parent=23265"}],"curies":[{"name":"wp","href":"https:\/\/api.w.org\/{rel}","templated":true}]}}