{"id":22629,"date":"2023-07-12T17:39:34","date_gmt":"2023-07-12T15:39:34","guid":{"rendered":"https:\/\/agora.xtec.cat\/escpoble-sec\/?page_id=22629"},"modified":"2026-02-06T09:33:39","modified_gmt":"2026-02-06T08:33:39","slug":"quotes-de-colonies","status":"publish","type":"page","link":"https:\/\/agora.xtec.cat\/escpoble-sec\/quotes-de-colonies\/","title":{"rendered":"COL\u00d2NIES"},"content":{"rendered":"<h3><\/h3>\n<h3 style=\"text-align: center;\"><strong>COL\u00d2NIES A \u201cCAN MASSAGUER\u201d<\/strong><br \/>\nMAIG DE 2026<\/h3>\n<p>&nbsp;<\/p>\n<p style=\"text-align: left;\"><strong>ON ANIREM:<\/strong><br \/>\nCan Massaguer es troba al municipi Sant Feliu de Buixalleu, a la comarca de Selva.<br \/>\nAquesta casa de col\u00f2nies \u00e9s una antiga masia restaurada enmig del bosc, al peu del mass\u00eds<br \/>\ndel Montseny, un entorn ideal per gaudir de la natura. La casa es troba al peu del Castell de<br \/>\nMontsoriu, un castell medieval ple de llegendes, i a 5 km de Breda, coneguda per la seva<br \/>\ncer\u00e0mica.<br \/>\nUn indret ideal per a descobrir la natura salvatge i la hist\u00f2ria del Montseny, fer excursions,<br \/>\nactivitats familiars, col\u00f2nies, gimcanes, tallers d\u2019educaci\u00f3 ambiental\u2026<\/p>\n<p style=\"text-align: left;\"><strong>DATES:<\/strong><br \/>\nEI5: 27 i 28 de maig de 2026<br \/>\n2n: 27 i 28 de maig de 2026<br \/>\n4t: 28 i 29 de maig de 2026<br \/>\n6\u00e8: 28 i 29 de maig de 2026<\/p>\n<p style=\"text-align: left;\"><strong>PREU DE LES COL\u00d2NIES: EI5, 2n, 4t, 6\u00e8<\/strong><br \/>\nPreu Autocar: 20\u20ac\/alumne<br \/>\nPreu Casa de Col\u00f2nies: 60\u20ac\/alumne<br \/>\nTotal Col\u00f2nies: 80\u20ac\/alumne<\/p>\n<p><strong>ALTRES INFORMACIONS:<\/strong><\/p>\n<p><a href=\"https:\/\/cases.fundesplai.org\/equipament\/can-massaguer\/\">CASA DE COL\u00d2NIES CAN MASSAGUER<\/a><\/p>\n<p><a href=\"https:\/\/agora.xtec.cat\/escpoble-sec\/wp-content\/uploads\/usu1204\/2026\/02\/26.-ESC-POBLE-SEC_CAN-MASSAGUER_DOSSIER-DE-CONFIRMACIO.pdf\">PRESENTACI\u00d3 ESCOLA POBLE SEC CAN MASSAGUER\u00a0<\/a><\/p>\n<p>&nbsp;<\/p>\n<p>&nbsp;<\/p>\n<p>&nbsp;<\/p>\n<p>&nbsp;<\/p>\n<p>&nbsp;<\/p>\n","protected":false},"excerpt":{"rendered":"<p>COL\u00d2NIES A \u201cCAN MASSAGUER\u201d MAIG DE 2026 &nbsp; ON ANIREM: Can Massaguer es troba al municipi Sant Feliu de Buixalleu, a la comarca de Selva. Aquesta casa de col\u00f2nies \u00e9s una antiga masia restaurada enmig del bosc, al peu del mass\u00eds del Montseny, un entorn ideal per gaudir de la natura. La casa es troba [&hellip;]<\/p>\n","protected":false},"author":1,"featured_media":0,"parent":0,"menu_order":0,"comment_status":"closed","ping_status":"closed","template":"","meta":{"_bbp_topic_count":0,"_bbp_reply_count":0,"_bbp_total_topic_count":0,"_bbp_total_reply_count":0,"_bbp_voice_count":0,"_bbp_anonymous_reply_count":0,"_bbp_topic_count_hidden":0,"_bbp_reply_count_hidden":0,"_bbp_forum_subforum_count":0,"site-sidebar-layout":"default","site-content-layout":"","ast-site-content-layout":"default","site-content-style":"default","site-sidebar-style":"default","ast-global-header-display":"","ast-banner-title-visibility":"","ast-main-header-display":"","ast-hfb-above-header-display":"","ast-hfb-below-header-display":"","ast-hfb-mobile-header-display":"","site-post-title":"","ast-breadcrumbs-content":"","ast-featured-img":"","footer-sml-layout":"","theme-transparent-header-meta":"default","adv-header-id-meta":"","stick-header-meta":"","header-above-stick-meta":"","header-main-stick-meta":"","header-below-stick-meta":"","astra-migrate-meta-layouts":"set","ast-page-background-enabled":"default","ast-page-background-meta":{"desktop":{"background-color":"var(--ast-global-color-4)","background-image":"","background-repeat":"repeat","background-position":"center center","background-size":"auto","background-attachment":"scroll","background-type":"","background-media":"","overlay-type":"","overlay-color":"","overlay-opacity":"","overlay-gradient":""},"tablet":{"background-color":"","background-image":"","background-repeat":"repeat","background-position":"center center","background-size":"auto","background-attachment":"scroll","background-type":"","background-media":"","overlay-type":"","overlay-color":"","overlay-opacity":"","overlay-gradient":""},"mobile":{"background-color":"","background-image":"","background-repeat":"repeat","background-position":"center center","background-size":"auto","background-attachment":"scroll","background-type":"","background-media":"","overlay-type":"","overlay-color":"","overlay-opacity":"","overlay-gradient":""}},"ast-content-background-meta":{"desktop":{"background-color":"var(--ast-global-color-5)","background-image":"","background-repeat":"repeat","background-position":"center center","background-size":"auto","background-attachment":"scroll","background-type":"","background-media":"","overlay-type":"","overlay-color":"","overlay-opacity":"","overlay-gradient":""},"tablet":{"background-color":"var(--ast-global-color-5)","background-image":"","background-repeat":"repeat","background-position":"center center","background-size":"auto","background-attachment":"scroll","background-type":"","background-media":"","overlay-type":"","overlay-color":"","overlay-opacity":"","overlay-gradient":""},"mobile":{"background-color":"var(--ast-global-color-5)","background-image":"","background-repeat":"repeat","background-position":"center center","background-size":"auto","background-attachment":"scroll","background-type":"","background-media":"","overlay-type":"","overlay-color":"","overlay-opacity":"","overlay-gradient":""}},"footnotes":""},"class_list":["post-22629","page","type-page","status-publish","hentry"],"post_mailing_queue_ids":[],"_links":{"self":[{"href":"https:\/\/agora.xtec.cat\/escpoble-sec\/wp-json\/wp\/v2\/pages\/22629","targetHints":{"allow":["GET"]}}],"collection":[{"href":"https:\/\/agora.xtec.cat\/escpoble-sec\/wp-json\/wp\/v2\/pages"}],"about":[{"href":"https:\/\/agora.xtec.cat\/escpoble-sec\/wp-json\/wp\/v2\/types\/page"}],"author":[{"embeddable":true,"href":"https:\/\/agora.xtec.cat\/escpoble-sec\/wp-json\/wp\/v2\/users\/1"}],"replies":[{"embeddable":true,"href":"https:\/\/agora.xtec.cat\/escpoble-sec\/wp-json\/wp\/v2\/comments?post=22629"}],"version-history":[{"count":7,"href":"https:\/\/agora.xtec.cat\/escpoble-sec\/wp-json\/wp\/v2\/pages\/22629\/revisions"}],"predecessor-version":[{"id":25154,"href":"https:\/\/agora.xtec.cat\/escpoble-sec\/wp-json\/wp\/v2\/pages\/22629\/revisions\/25154"}],"wp:attachment":[{"href":"https:\/\/agora.xtec.cat\/escpoble-sec\/wp-json\/wp\/v2\/media?parent=22629"}],"curies":[{"name":"wp","href":"https:\/\/api.w.org\/{rel}","templated":true}]}}