{"id":22618,"date":"2023-07-12T17:25:06","date_gmt":"2023-07-12T15:25:06","guid":{"rendered":"https:\/\/agora.xtec.cat\/escpoble-sec\/?page_id=22618"},"modified":"2025-07-10T16:52:15","modified_gmt":"2025-07-10T14:52:15","slug":"mediacio-i-traduccio","status":"publish","type":"page","link":"https:\/\/agora.xtec.cat\/escpoble-sec\/mediacio-i-traduccio\/","title":{"rendered":"Mediaci\u00f3 i Traducci\u00f3"},"content":{"rendered":"<div><\/div>\n<div><\/div>\n<div style=\"text-align: center;\">\n<table class=\" aligncenter\" style=\"width: 100%; border-collapse: collapse; border-style: solid; border-color: #140303;\">\n<tbody>\n<tr>\n<td style=\"width: 739.333px;\">\n<h5><\/h5>\n<p>&nbsp;<\/p>\n<h5><strong>L&#8217;Escola compta amb el servei de traducci\u00f3 i mediaci\u00f3 que duu a terme la <span class=\"il\">Sana<\/span> Mahroof.<\/strong><\/h5>\n<h5><\/h5>\n<p>&nbsp;<\/p>\n<h5><strong>El seu horari d&#8217;atenci\u00f3 \u00e9s:<\/strong><\/h5>\n<h5><\/h5>\n<p>&nbsp;<\/p>\n<h6><strong><span style=\"font-size: 1.125em;\">Dimarts de 9&#8217;30h a 12&#8217;30h: Cites concertades amb fam\u00edlies i\/o Direcci\u00f3.<\/span><\/strong><\/h6>\n<h5><strong><span style=\"font-family: inherit; font-size: 1em;\">Dimarts de 12&#8217;30h a 13&#8217;30h: Entrevistes tutores-fam\u00edlies.<\/span><\/strong><\/h5>\n<h6><\/h6>\n<p>&nbsp;<\/p>\n<h6><strong style=\"font-size: 1.125em;\">Recordeu que podeu\u00a0concertar cita\u00a0trucant a l&#8217;escola al tel\u00e8fon 934416807,<\/strong><\/h6>\n<h5><strong>o enviant un mail a\u00a0<a href=\"mailto:escpoble-sec@xtec.cat\" target=\"_blank\" rel=\"noopener\">escpoble-sec@xtec.cat<\/a>.<\/strong><\/h5>\n<p>&nbsp;<\/td>\n<\/tr>\n<\/tbody>\n<\/table>\n<\/div>\n","protected":false},"excerpt":{"rendered":"<p>&nbsp; L&#8217;Escola compta amb el servei de traducci\u00f3 i mediaci\u00f3 que duu a terme la Sana Mahroof. &nbsp; El seu horari d&#8217;atenci\u00f3 \u00e9s: &nbsp; Dimarts de 9&#8217;30h a 12&#8217;30h: Cites concertades amb fam\u00edlies i\/o Direcci\u00f3. Dimarts de 12&#8217;30h a 13&#8217;30h: Entrevistes tutores-fam\u00edlies. &nbsp; Recordeu que podeu\u00a0concertar cita\u00a0trucant a l&#8217;escola al tel\u00e8fon 934416807, o enviant un [&hellip;]<\/p>\n","protected":false},"author":1,"featured_media":0,"parent":0,"menu_order":0,"comment_status":"closed","ping_status":"closed","template":"","meta":{"_bbp_topic_count":0,"_bbp_reply_count":0,"_bbp_total_topic_count":0,"_bbp_total_reply_count":0,"_bbp_voice_count":0,"_bbp_anonymous_reply_count":0,"_bbp_topic_count_hidden":0,"_bbp_reply_count_hidden":0,"_bbp_forum_subforum_count":0,"site-sidebar-layout":"default","site-content-layout":"","ast-site-content-layout":"","site-content-style":"default","site-sidebar-style":"default","ast-global-header-display":"","ast-banner-title-visibility":"","ast-main-header-display":"","ast-hfb-above-header-display":"","ast-hfb-below-header-display":"","ast-hfb-mobile-header-display":"","site-post-title":"","ast-breadcrumbs-content":"","ast-featured-img":"","footer-sml-layout":"","theme-transparent-header-meta":"","adv-header-id-meta":"","stick-header-meta":"","header-above-stick-meta":"","header-main-stick-meta":"","header-below-stick-meta":"","astra-migrate-meta-layouts":"default","ast-page-background-enabled":"default","ast-page-background-meta":{"desktop":{"background-color":"var(--ast-global-color-4)","background-image":"","background-repeat":"repeat","background-position":"center center","background-size":"auto","background-attachment":"scroll","background-type":"","background-media":"","overlay-type":"","overlay-color":"","overlay-opacity":"","overlay-gradient":""},"tablet":{"background-color":"","background-image":"","background-repeat":"repeat","background-position":"center center","background-size":"auto","background-attachment":"scroll","background-type":"","background-media":"","overlay-type":"","overlay-color":"","overlay-opacity":"","overlay-gradient":""},"mobile":{"background-color":"","background-image":"","background-repeat":"repeat","background-position":"center center","background-size":"auto","background-attachment":"scroll","background-type":"","background-media":"","overlay-type":"","overlay-color":"","overlay-opacity":"","overlay-gradient":""}},"ast-content-background-meta":{"desktop":{"background-color":"var(--ast-global-color-5)","background-image":"","background-repeat":"repeat","background-position":"center center","background-size":"auto","background-attachment":"scroll","background-type":"","background-media":"","overlay-type":"","overlay-color":"","overlay-opacity":"","overlay-gradient":""},"tablet":{"background-color":"var(--ast-global-color-5)","background-image":"","background-repeat":"repeat","background-position":"center center","background-size":"auto","background-attachment":"scroll","background-type":"","background-media":"","overlay-type":"","overlay-color":"","overlay-opacity":"","overlay-gradient":""},"mobile":{"background-color":"var(--ast-global-color-5)","background-image":"","background-repeat":"repeat","background-position":"center center","background-size":"auto","background-attachment":"scroll","background-type":"","background-media":"","overlay-type":"","overlay-color":"","overlay-opacity":"","overlay-gradient":""}},"footnotes":""},"class_list":["post-22618","page","type-page","status-publish","hentry"],"post_mailing_queue_ids":[],"_links":{"self":[{"href":"https:\/\/agora.xtec.cat\/escpoble-sec\/wp-json\/wp\/v2\/pages\/22618","targetHints":{"allow":["GET"]}}],"collection":[{"href":"https:\/\/agora.xtec.cat\/escpoble-sec\/wp-json\/wp\/v2\/pages"}],"about":[{"href":"https:\/\/agora.xtec.cat\/escpoble-sec\/wp-json\/wp\/v2\/types\/page"}],"author":[{"embeddable":true,"href":"https:\/\/agora.xtec.cat\/escpoble-sec\/wp-json\/wp\/v2\/users\/1"}],"replies":[{"embeddable":true,"href":"https:\/\/agora.xtec.cat\/escpoble-sec\/wp-json\/wp\/v2\/comments?post=22618"}],"version-history":[{"count":5,"href":"https:\/\/agora.xtec.cat\/escpoble-sec\/wp-json\/wp\/v2\/pages\/22618\/revisions"}],"predecessor-version":[{"id":24826,"href":"https:\/\/agora.xtec.cat\/escpoble-sec\/wp-json\/wp\/v2\/pages\/22618\/revisions\/24826"}],"wp:attachment":[{"href":"https:\/\/agora.xtec.cat\/escpoble-sec\/wp-json\/wp\/v2\/media?parent=22618"}],"curies":[{"name":"wp","href":"https:\/\/api.w.org\/{rel}","templated":true}]}}