{"id":18897,"date":"2023-04-24T17:53:34","date_gmt":"2023-04-24T15:53:34","guid":{"rendered":"https:\/\/agora.xtec.cat\/escpiverd\/?page_id=18897"},"modified":"2025-10-22T09:52:41","modified_gmt":"2025-10-22T07:52:41","slug":"qui-som","status":"publish","type":"page","link":"https:\/\/agora.xtec.cat\/escpiverd\/lescola\/qui-som\/","title":{"rendered":"Qui som"},"content":{"rendered":"<p><b>Claustre curs 2025-2026<\/b><\/p>\n<p><b>Equip educatiu.<\/b><span style=\"font-weight: 400;\"> Format per 32,5 mestres d\u2019educaci\u00f3 infantil, de prim\u00e0ria i especialistes de m\u00fasica, angl\u00e8s, educaci\u00f3 f\u00edsica i educaci\u00f3 especial en les funcions de tutoria o especialitat. Tamb\u00e9 en formen part altres professionals: T\u00e8cnica d\u2019educaci\u00f3 infantil, T\u00e8cnica d\u2019Integraci\u00f3 Social, Educadora d\u2019Educaci\u00f3 Especial, vetlladores i els serveis educatius al voltant de l\u2019Equip d\u2019Assessorament Psicopedag\u00f2gic.<\/span><\/p>\n<table style=\"border-collapse: collapse; width: 100%; height: 128px;\">\n<tbody>\n<tr style=\"height: 32px;\">\n<td style=\"width: 50%; height: 32px;\" colspan=\"2\">\n<h5><span style=\"color: #008080;\"><b>Equip directiu<\/b><\/span><\/h5>\n<\/td>\n<\/tr>\n<tr style=\"height: 32px;\">\n<td style=\"width: 50%; height: 32px;\"><strong>Ernes Serra<\/strong><\/td>\n<td style=\"width: 50%; height: 32px;\"><span style=\"font-weight: 400;\">Direcci\u00f3<\/span><\/td>\n<\/tr>\n<tr style=\"height: 32px;\">\n<td style=\"width: 50%; height: 32px;\"><strong>Meritxell Artigau<\/strong><\/td>\n<td style=\"width: 50%; height: 32px;\"><span style=\"font-weight: 400;\">Cap d\u2019estudis<\/span><\/td>\n<\/tr>\n<tr style=\"height: 32px;\">\n<td style=\"width: 50%; height: 32px;\"><strong>Alfons Mart\u00ednez<\/strong><\/td>\n<td style=\"width: 50%; height: 32px;\"><span style=\"font-weight: 400;\">Secretaria<\/span><\/td>\n<\/tr>\n<\/tbody>\n<\/table>\n<table style=\"border-collapse: collapse; width: 99.917%; height: 320px;\">\n<tbody>\n<tr style=\"height: 90px;\">\n<td style=\"width: 100%; height: 90px;\" colspan=\"2\">\n<h5><span style=\"color: #008080;\"><b>Equip d\u2019Educaci\u00f3 Infantil<\/b><\/span><\/h5>\n<\/td>\n<\/tr>\n<tr style=\"height: 23px;\">\n<td style=\"width: 50%; height: 23px;\"><strong>Eva Iturat<\/strong><\/td>\n<td style=\"width: 50%; height: 23px;\"><span style=\"font-weight: 400;\">I3 A<\/span><\/td>\n<\/tr>\n<tr style=\"height: 23px;\">\n<td style=\"width: 50%; height: 23px;\"><strong>Gema Hern\u00e1ndez<\/strong><\/td>\n<td style=\"width: 50%; height: 23px;\"><span style=\"font-weight: 400;\">I3 B<\/span><\/td>\n<\/tr>\n<tr style=\"height: 23px;\">\n<td style=\"width: 50%; height: 23px;\"><strong>Aina Sapena\/ Meritxell Llahuna<\/strong><\/td>\n<td style=\"width: 50%; height: 23px;\"><span style=\"font-weight: 400;\">I4 A<\/span><\/td>\n<\/tr>\n<tr style=\"height: 23px;\">\n<td style=\"width: 50%; height: 23px;\"><strong>M\u00f2nica Fornells<\/strong><\/td>\n<td style=\"width: 50%; height: 23px;\"><span style=\"font-weight: 400;\">I4 B<\/span><\/td>\n<\/tr>\n<tr style=\"height: 23px;\">\n<td style=\"width: 50%; height: 23px;\"><strong>Marta Dalmau<\/strong><\/td>\n<td style=\"width: 50%; height: 23px;\"><span style=\"font-weight: 400;\">I5 A<\/span><\/td>\n<\/tr>\n<tr style=\"height: 23px;\">\n<td style=\"width: 50%; height: 23px;\"><strong>Neus Cufiny\u00e0<\/strong><\/td>\n<td style=\"width: 50%; height: 23px;\"><span style=\"font-weight: 400;\">I5 B<\/span><\/td>\n<\/tr>\n<tr style=\"height: 23px;\">\n<td style=\"width: 50%; height: 23px;\"><strong>Berta Balet<\/strong><\/td>\n<td style=\"width: 50%; height: 23px;\"><span style=\"font-weight: 400;\">Suport<\/span><\/td>\n<\/tr>\n<tr style=\"height: 23px;\">\n<td style=\"width: 50%; height: 23px;\"><strong>Meritxell LLahuna<\/strong><\/td>\n<td style=\"width: 50%; height: 23px;\"><span style=\"font-weight: 400;\">Suport<\/span><\/td>\n<\/tr>\n<tr style=\"height: 23px;\">\n<td style=\"width: 50%; height: 23px;\"><strong>Montse Corbalan<\/strong><\/td>\n<td style=\"width: 50%; height: 23px;\"><span style=\"font-weight: 400;\">TEEI<\/span><\/td>\n<\/tr>\n<tr style=\"height: 23px;\">\n<td style=\"width: 50%; height: 23px;\"><\/td>\n<td style=\"width: 50%; height: 23px;\"><span style=\"font-weight: 400;\">Aula Domicili\u00e0ria<\/span><\/td>\n<\/tr>\n<\/tbody>\n<\/table>\n<table style=\"border-collapse: collapse; width: 100%; height: 246px;\">\n<tbody>\n<tr style=\"height: 90px;\">\n<td style=\"width: 100%; height: 90px;\" colspan=\"2\">\n<h5><span style=\"color: #008080;\"><b>Equip de Cicle Inicial<\/b><\/span><\/h5>\n<\/td>\n<\/tr>\n<tr style=\"height: 23px;\">\n<td style=\"width: 50%; height: 23px;\"><strong>Anna G\u00f3mez<\/strong><\/td>\n<td style=\"width: 50%; height: 23px;\"><span style=\"font-weight: 400;\">1r A<\/span><\/td>\n<\/tr>\n<tr style=\"height: 23px;\">\n<td style=\"width: 50%; height: 23px;\"><strong>Marta Vila<\/strong><\/td>\n<td style=\"width: 50%; height: 23px;\"><span style=\"font-weight: 400;\">1r B<\/span><\/td>\n<\/tr>\n<tr style=\"height: 23px;\">\n<td style=\"width: 50%; height: 23px;\"><strong>Teresa Alsina<\/strong><\/td>\n<td style=\"width: 50%; height: 23px;\"><span style=\"font-weight: 400;\">2n A<\/span><\/td>\n<\/tr>\n<tr style=\"height: 23px;\">\n<td style=\"width: 50%; height: 23px;\"><strong>Andreea Dunca<\/strong><\/td>\n<td style=\"width: 50%; height: 23px;\"><span style=\"font-weight: 400;\">2n B<\/span><\/td>\n<\/tr>\n<tr style=\"height: 23px;\">\n<td style=\"width: 50%; height: 23px;\"><strong>Gl\u00f2ria Torras<\/strong><\/td>\n<td style=\"width: 50%; height: 23px;\"><span style=\"font-weight: 400;\">Suport<\/span><\/td>\n<\/tr>\n<tr style=\"height: 23px;\">\n<td style=\"width: 50%; height: 23px;\"><strong>Aura Garcia<\/strong><\/td>\n<td style=\"width: 50%; height: 23px;\"><span style=\"font-weight: 400;\">Suport<\/span><\/td>\n<\/tr>\n<tr style=\"height: 18px;\">\n<td style=\"width: 50%; height: 18px;\"><strong>Marc S\u00e0ez<\/strong><\/td>\n<td style=\"width: 50%; height: 18px;\">Suport<\/td>\n<\/tr>\n<\/tbody>\n<\/table>\n<table style=\"border-collapse: collapse; width: 99.8333%; height: 322px;\">\n<tbody>\n<tr style=\"height: 65px;\">\n<td style=\"width: 100%; height: 65px;\" colspan=\"2\"><b style=\"color: #008080; font-family: Poppins, sans-serif; font-size: 1.11111rem; background-color: var(--ast-global-color-5);\">Equip de Cicle Mitj\u00e0<\/b><\/td>\n<td style=\"width: 1.00334%; height: 65px;\"><\/td>\n<\/tr>\n<tr style=\"height: 29px;\">\n<td style=\"width: 50%; height: 29px;\"><strong>S\u00edlvia Ruiz<\/strong><\/td>\n<td style=\"width: 50%; height: 29px;\"><span style=\"font-weight: 400;\">3r A<\/span><\/td>\n<td style=\"width: 1.00334%; height: 29px;\"><\/td>\n<\/tr>\n<tr style=\"height: 29px;\">\n<td style=\"width: 50%; height: 29px;\"><strong>Mireia Cruz<\/strong><\/td>\n<td style=\"width: 50%; height: 29px;\"><span style=\"font-weight: 400;\">3r B<\/span><\/td>\n<td style=\"width: 1.00334%; height: 29px;\"><\/td>\n<\/tr>\n<tr style=\"height: 29px;\">\n<td style=\"width: 50%; height: 29px;\"><strong>Carme Cuc\u00f3<\/strong><\/td>\n<td style=\"width: 50%; height: 29px;\"><span style=\"font-weight: 400;\">4t A<\/span><\/td>\n<td style=\"width: 1.00334%; height: 29px;\"><\/td>\n<\/tr>\n<tr style=\"height: 29px;\">\n<td style=\"width: 50%; height: 29px;\"><strong>Carla Linares<\/strong><\/td>\n<td style=\"width: 50%; height: 29px;\"><span style=\"font-weight: 400;\">4t B<\/span><\/td>\n<td style=\"width: 1.00334%; height: 29px;\"><\/td>\n<\/tr>\n<tr style=\"height: 26px;\">\n<td style=\"width: 50%; height: 26px;\"><strong>Adri\u00e0 Ballester<\/strong><\/td>\n<td style=\"width: 50%; height: 26px;\"><span style=\"font-weight: 400;\">Suport<\/span><\/td>\n<td style=\"width: 1.00334%; height: 26px;\"><\/td>\n<\/tr>\n<tr style=\"height: 23px;\">\n<td style=\"width: 50%; height: 23px;\"><strong>Laura Portillo<\/strong><\/td>\n<td style=\"width: 50%; height: 23px;\"><span style=\"font-weight: 400;\">Suport<\/span><\/td>\n<td style=\"width: 1.00334%; height: 23px;\"><\/td>\n<\/tr>\n<tr style=\"height: 23px;\">\n<td style=\"width: 50%; height: 23px;\"><strong>S\u00edlvia Valverde<\/strong><\/td>\n<td style=\"width: 50%; height: 26px;\"><span style=\"font-weight: 400;\">Suport<\/span><\/td>\n<td style=\"width: 1.00334%; height: 23px;\"><span style=\"font-weight: 400;\">\u00a0<\/span><\/td>\n<\/tr>\n<tr style=\"height: 23px;\">\n<td style=\"width: 50%; height: 23px;\"><strong>Marc S\u00e0ez<\/strong><\/td>\n<td style=\"width: 50%; height: 23px;\"><span style=\"font-weight: 400;\">Suport<\/span><\/td>\n<td style=\"width: 1.00334%; height: 23px;\"><span style=\"font-weight: 400;\">\u00a0<\/span><\/td>\n<\/tr>\n<tr style=\"height: 23px;\">\n<td style=\"width: 50%; height: 23px;\"><strong>Josep L\u00f3pez<\/strong><\/td>\n<td style=\"width: 50%; height: 26px;\"><span style=\"font-weight: 400;\">Suport<\/span><\/td>\n<td style=\"width: 1.00334%; height: 23px;\"><span style=\"font-weight: 400;\">\u00a0<\/span><\/td>\n<\/tr>\n<tr style=\"height: 23px;\">\n<td style=\"width: 50%; height: 23px;\"><strong>Alfons Mart\u00ednez<\/strong><\/td>\n<td style=\"width: 50%; height: 23px;\"><span style=\"font-weight: 400;\">Suport<\/span><\/td>\n<td style=\"width: 1.00334%; height: 23px;\"><span style=\"font-weight: 400;\">\u00a0<\/span><\/td>\n<\/tr>\n<\/tbody>\n<\/table>\n<table style=\"border-collapse: collapse; width: 100%; height: 249px;\">\n<tbody>\n<tr style=\"height: 90px;\">\n<td style=\"width: 100%; height: 90px;\" colspan=\"2\">\n<h5>\u00a0<span style=\"color: #008080;\"><b>Equip de Cicle Superior<\/b><\/span><\/h5>\n<\/td>\n<\/tr>\n<tr style=\"height: 23px;\">\n<td style=\"width: 50%; height: 23px;\"><strong>Maria Pa\u00fal<\/strong><\/td>\n<td style=\"width: 50%; height: 23px;\"><span style=\"font-weight: 400;\">5\u00e8 A<\/span><\/td>\n<\/tr>\n<tr style=\"height: 23px;\">\n<td style=\"width: 50%; height: 23px;\"><strong>Marina Llor\u00e0<\/strong><\/td>\n<td style=\"width: 50%; height: 23px;\"><span style=\"font-weight: 400;\">5\u00e8 B<\/span><\/td>\n<\/tr>\n<tr style=\"height: 23px;\">\n<td style=\"width: 50%; height: 23px;\"><strong>David Cuenca<\/strong><\/td>\n<td style=\"width: 50%; height: 23px;\"><span style=\"font-weight: 400;\">6\u00e8 A<\/span><\/td>\n<\/tr>\n<tr style=\"height: 23px;\">\n<td style=\"width: 50%; height: 23px;\"><strong>Bel Piferrer<\/strong><\/td>\n<td style=\"width: 50%; height: 23px;\"><span style=\"font-weight: 400;\">6\u00e8 B<\/span><\/td>\n<\/tr>\n<tr style=\"height: 23px;\">\n<td style=\"width: 50%; height: 23px;\"><strong>Ernes Serra<\/strong><\/td>\n<td style=\"width: 50%; height: 23px;\"><span style=\"font-weight: 400;\">Suport<\/span><\/td>\n<\/tr>\n<tr>\n<td style=\"width: 50%;\"><strong>Josep L\u00f3pez<\/strong><\/td>\n<td style=\"width: 50%;\"><span style=\"font-weight: 400;\">Suport<\/span><\/td>\n<\/tr>\n<tr>\n<td style=\"width: 50%;\"><strong>Laura Portillo<\/strong><\/td>\n<td style=\"width: 50%;\"><span style=\"font-weight: 400;\">Suport<\/span><\/td>\n<\/tr>\n<\/tbody>\n<\/table>\n<table style=\"border-collapse: collapse; width: 100%; height: 481px;\">\n<tbody>\n<tr style=\"height: 32px;\">\n<td style=\"width: 100%; height: 32px;\" colspan=\"2\">\n<h5><span style=\"color: #008080;\"><b>Equip d\u2019Especialistes<\/b><\/span><\/h5>\n<\/td>\n<\/tr>\n<tr style=\"height: 32px;\">\n<td style=\"width: 50%; height: 32px;\"><strong>Sandra Mart\u00edn<\/strong><\/td>\n<td style=\"width: 50%; height: 32px;\"><span style=\"font-weight: 400;\">Angl\u00e8s<\/span><\/td>\n<\/tr>\n<tr style=\"height: 32px;\">\n<td style=\"width: 50%; height: 32px;\"><strong>B\u00e0rbara Lozano<\/strong><\/td>\n<td style=\"width: 50%; height: 32px;\"><span style=\"font-weight: 400;\">Angl\u00e8s<\/span><\/td>\n<\/tr>\n<tr style=\"height: 32px;\">\n<td style=\"width: 50%; height: 32px;\"><strong>Josep L\u00f2pez<\/strong><\/td>\n<td style=\"width: 50%; height: 32px;\"><span style=\"font-weight: 400;\">Educaci\u00f3 F\u00edsica<\/span><\/td>\n<\/tr>\n<tr style=\"height: 32px;\">\n<td style=\"width: 50%; height: 32px;\"><strong>Marc S\u00e0ez<\/strong><\/td>\n<td style=\"width: 50%; height: 32px;\"><span style=\"font-weight: 400;\">Educaci\u00f3 F\u00edsica<\/span><\/td>\n<\/tr>\n<tr style=\"height: 32px;\">\n<td style=\"width: 50%; height: 32px;\"><strong>Anna Rigat<\/strong><\/td>\n<td style=\"width: 50%; height: 32px;\"><span style=\"font-weight: 400;\">Educaci\u00f3 Art\u00edstica<\/span><\/td>\n<\/tr>\n<tr style=\"height: 32px;\">\n<td style=\"width: 50%; height: 32px;\"><strong>Meritxell Fern\u00e1ndez<\/strong><\/td>\n<td style=\"width: 50%; height: 32px;\"><span style=\"font-weight: 400;\">Educaci\u00f3 Art\u00edstica<\/span><\/td>\n<\/tr>\n<tr style=\"height: 32px;\">\n<td style=\"width: 50%; height: 32px;\"><strong>Tere Gonz\u00e1lez<\/strong><\/td>\n<td style=\"width: 50%; height: 32px;\"><span style=\"font-weight: 400;\">Educaci\u00f3 Art\u00edstica<\/span><\/td>\n<\/tr>\n<tr style=\"height: 32px;\">\n<td style=\"width: 50%; height: 32px;\"><strong>Meritxell Artigau<\/strong><\/td>\n<td style=\"width: 50%; height: 32px;\"><span style=\"font-weight: 400;\">Inclusi\u00f3<\/span><\/td>\n<\/tr>\n<tr style=\"height: 23px;\">\n<td style=\"width: 50%; height: 23px;\"><strong>Doris Maninger<\/strong><\/td>\n<td style=\"width: 50%; height: 23px;\"><span style=\"font-weight: 400;\">Inclusi\u00f3<\/span><\/td>\n<\/tr>\n<tr style=\"height: 23px;\">\n<td style=\"width: 50%; height: 23px;\"><strong>Imma Elias<\/strong><\/td>\n<td style=\"width: 50%; height: 23px;\"><span style=\"font-weight: 400;\">Inclusi\u00f3<\/span><\/td>\n<\/tr>\n<tr style=\"height: 23px;\">\n<td style=\"width: 50%; height: 23px;\"><strong>Marina Curanta<\/strong><\/td>\n<td style=\"width: 50%; height: 23px;\"><span style=\"font-weight: 400;\">Educadora<\/span><\/td>\n<\/tr>\n<tr style=\"height: 23px;\">\n<td style=\"width: 50%; height: 23px;\"><strong>J\u00falia Becerra<\/strong><\/td>\n<td style=\"width: 50%; height: 23px;\"><span style=\"font-weight: 400;\">TIS (T\u00e8cnica Integraci\u00f3 Social)<\/span><\/td>\n<\/tr>\n<tr style=\"height: 23px;\">\n<td style=\"width: 50%; height: 23px;\"><strong>Neus Moret<\/strong><\/td>\n<td style=\"width: 50%; height: 23px;\"><span style=\"font-weight: 400;\">Vetlladora<\/span><\/td>\n<\/tr>\n<tr style=\"height: 23px;\">\n<td style=\"width: 50%; height: 23px;\"><strong>Cristina Delgado<\/strong><\/td>\n<td style=\"width: 50%; height: 23px;\"><span style=\"font-weight: 400;\">Vetlladora<\/span><\/td>\n<\/tr>\n<\/tbody>\n<\/table>\n<table style=\"border-collapse: collapse; width: 100%;\">\n<tbody>\n<tr>\n<td style=\"width: 50%;\" colspan=\"2\">\n<h5><span style=\"color: #008080;\"><b>Equip d\u2019Administraci\u00f3 i Serveis<\/b><\/span><\/h5>\n<\/td>\n<\/tr>\n<tr>\n<td style=\"width: 50%;\"><strong>Irene Gen\u00eds<\/strong><\/td>\n<td style=\"width: 50%;\"><span style=\"font-weight: 400;\">Administrativa<\/span><\/td>\n<\/tr>\n<tr>\n<td style=\"width: 50%;\"><strong>Santi Nadal<\/strong><\/td>\n<td style=\"width: 50%;\"><span style=\"font-weight: 400;\">Conserge<\/span><\/td>\n<\/tr>\n<tr>\n<td style=\"width: 50%;\"><strong>Sara Garc\u00eda<\/strong><\/td>\n<td style=\"width: 50%;\"><span style=\"font-weight: 400;\">Coordinadora Menjador<\/span><\/td>\n<\/tr>\n<\/tbody>\n<\/table>\n","protected":false},"excerpt":{"rendered":"<p>Claustre curs 2025-2026 Equip educatiu. Format per 32,5 mestres d\u2019educaci\u00f3 infantil, de prim\u00e0ria i especialistes de m\u00fasica, angl\u00e8s, educaci\u00f3 f\u00edsica i educaci\u00f3 especial en les funcions de tutoria o especialitat. Tamb\u00e9 en formen part altres professionals: T\u00e8cnica d\u2019educaci\u00f3 infantil, T\u00e8cnica d\u2019Integraci\u00f3 Social, Educadora d\u2019Educaci\u00f3 Especial, vetlladores i els serveis educatius al voltant de l\u2019Equip d\u2019Assessorament [&hellip;]<\/p>\n","protected":false},"author":1,"featured_media":0,"parent":22,"menu_order":2,"comment_status":"closed","ping_status":"closed","template":"page-templates\/side-menu.php","meta":{"_bbp_topic_count":0,"_bbp_reply_count":0,"_bbp_total_topic_count":0,"_bbp_total_reply_count":0,"_bbp_voice_count":0,"_bbp_anonymous_reply_count":0,"_bbp_topic_count_hidden":0,"_bbp_reply_count_hidden":0,"_bbp_forum_subforum_count":0,"site-sidebar-layout":"default","site-content-layout":"","ast-site-content-layout":"default","site-content-style":"default","site-sidebar-style":"default","ast-global-header-display":"","ast-banner-title-visibility":"","ast-main-header-display":"","ast-hfb-above-header-display":"","ast-hfb-below-header-display":"","ast-hfb-mobile-header-display":"","site-post-title":"","ast-breadcrumbs-content":"","ast-featured-img":"","footer-sml-layout":"","theme-transparent-header-meta":"","adv-header-id-meta":"","stick-header-meta":"","header-above-stick-meta":"","header-main-stick-meta":"","header-below-stick-meta":"","astra-migrate-meta-layouts":"set","ast-page-background-enabled":"default","ast-page-background-meta":{"desktop":{"background-color":"var(--ast-global-color-4)","background-image":"","background-repeat":"repeat","background-position":"center center","background-size":"auto","background-attachment":"scroll","background-type":"","background-media":"","overlay-type":"","overlay-color":"","overlay-opacity":"","overlay-gradient":""},"tablet":{"background-color":"","background-image":"","background-repeat":"repeat","background-position":"center center","background-size":"auto","background-attachment":"scroll","background-type":"","background-media":"","overlay-type":"","overlay-color":"","overlay-opacity":"","overlay-gradient":""},"mobile":{"background-color":"","background-image":"","background-repeat":"repeat","background-position":"center center","background-size":"auto","background-attachment":"scroll","background-type":"","background-media":"","overlay-type":"","overlay-color":"","overlay-opacity":"","overlay-gradient":""}},"ast-content-background-meta":{"desktop":{"background-color":"var(--ast-global-color-5)","background-image":"","background-repeat":"repeat","background-position":"center center","background-size":"auto","background-attachment":"scroll","background-type":"","background-media":"","overlay-type":"","overlay-color":"","overlay-opacity":"","overlay-gradient":""},"tablet":{"background-color":"var(--ast-global-color-5)","background-image":"","background-repeat":"repeat","background-position":"center center","background-size":"auto","background-attachment":"scroll","background-type":"","background-media":"","overlay-type":"","overlay-color":"","overlay-opacity":"","overlay-gradient":""},"mobile":{"background-color":"var(--ast-global-color-5)","background-image":"","background-repeat":"repeat","background-position":"center center","background-size":"auto","background-attachment":"scroll","background-type":"","background-media":"","overlay-type":"","overlay-color":"","overlay-opacity":"","overlay-gradient":""}},"footnotes":""},"class_list":["post-18897","page","type-page","status-publish","hentry"],"post_mailing_queue_ids":[],"_links":{"self":[{"href":"https:\/\/agora.xtec.cat\/escpiverd\/wp-json\/wp\/v2\/pages\/18897","targetHints":{"allow":["GET"]}}],"collection":[{"href":"https:\/\/agora.xtec.cat\/escpiverd\/wp-json\/wp\/v2\/pages"}],"about":[{"href":"https:\/\/agora.xtec.cat\/escpiverd\/wp-json\/wp\/v2\/types\/page"}],"author":[{"embeddable":true,"href":"https:\/\/agora.xtec.cat\/escpiverd\/wp-json\/wp\/v2\/users\/1"}],"replies":[{"embeddable":true,"href":"https:\/\/agora.xtec.cat\/escpiverd\/wp-json\/wp\/v2\/comments?post=18897"}],"version-history":[{"count":6,"href":"https:\/\/agora.xtec.cat\/escpiverd\/wp-json\/wp\/v2\/pages\/18897\/revisions"}],"predecessor-version":[{"id":20077,"href":"https:\/\/agora.xtec.cat\/escpiverd\/wp-json\/wp\/v2\/pages\/18897\/revisions\/20077"}],"up":[{"embeddable":true,"href":"https:\/\/agora.xtec.cat\/escpiverd\/wp-json\/wp\/v2\/pages\/22"}],"wp:attachment":[{"href":"https:\/\/agora.xtec.cat\/escpiverd\/wp-json\/wp\/v2\/media?parent=18897"}],"curies":[{"name":"wp","href":"https:\/\/api.w.org\/{rel}","templated":true}]}}