{"id":2218,"date":"2023-12-14T11:12:48","date_gmt":"2023-12-14T10:12:48","guid":{"rendered":"https:\/\/agora.xtec.cat\/escpinyaderosa\/?page_id=2218"},"modified":"2023-12-14T11:54:55","modified_gmt":"2023-12-14T10:54:55","slug":"himne-del-pinya","status":"publish","type":"page","link":"https:\/\/agora.xtec.cat\/escpinyaderosa\/lescola\/himne-del-pinya\/","title":{"rendered":"Himne del Pinya"},"content":{"rendered":"<p>Estimades fam\u00edlies,<\/p>\n<p>Ja el tenim aqu\u00ed! \u00c9s l&#8217;himne de l&#8217;escola Pinya de Rosa!<\/p>\n<p>Despr\u00e9s de molts anys de cantar-lo plegats, ara tamb\u00e9 el teniu disponible en aquesta p\u00e0gina. Nom\u00e9s heu de clicar a la imatge per escoltar-lo.<\/p>\n<p>Esperem que el gaudiu molt!<\/p>\n<p>Escola Pinya de Rosa<\/p>\n<p><a href=\"https:\/\/drive.google.com\/file\/d\/16udmRVkvyl2IxzuA6Hio9aUcnuJt7GDY\/view?usp=drive_link\" rel=\"attachment wp-att-2219\"><img loading=\"lazy\" decoding=\"async\" class=\" wp-image-2219 alignleft\" src=\"https:\/\/agora.xtec.cat\/escpinyaderosa\/wp-content\/uploads\/usu1928\/2023\/12\/notas.jpg\" alt=\"\" width=\"266\" height=\"152\" \/><\/a> \u00a0 <a href=\"https:\/\/drive.google.com\/file\/d\/10AnIl2bRzR0H40mi796toUmcvAfzzKOX\/view?usp=drive_link\" rel=\"attachment wp-att-2220\"> <img loading=\"lazy\" decoding=\"async\" class=\"wp-image-2220 size-full alignleft\" src=\"https:\/\/agora.xtec.cat\/escpinyaderosa\/wp-content\/uploads\/usu1928\/2023\/12\/notes-i-veu-e1702547590124.jpg\" alt=\"\" width=\"206\" height=\"208\" srcset=\"https:\/\/agora.xtec.cat\/escpinyaderosa\/wp-content\/uploads\/usu1928\/2023\/12\/notes-i-veu-e1702547590124.jpg 206w, https:\/\/agora.xtec.cat\/escpinyaderosa\/wp-content\/uploads\/usu1928\/2023\/12\/notes-i-veu-e1702547590124-150x150.jpg 150w\" sizes=\"auto, (max-width: 206px) 100vw, 206px\" \/><\/a><\/p>\n<p><a href=\"https:\/\/drive.google.com\/file\/d\/1j7SLVQHtyNte_qAmRJYboT0645cqLQeN\/view?usp=sharing\" rel=\"attachment wp-att-2225\"><img loading=\"lazy\" decoding=\"async\" class=\"size-full wp-image-2225 alignleft\" src=\"https:\/\/agora.xtec.cat\/escpinyaderosa\/wp-content\/uploads\/usu1928\/2023\/12\/images.png\" alt=\"\" width=\"318\" height=\"159\" srcset=\"https:\/\/agora.xtec.cat\/escpinyaderosa\/wp-content\/uploads\/usu1928\/2023\/12\/images.png 318w, https:\/\/agora.xtec.cat\/escpinyaderosa\/wp-content\/uploads\/usu1928\/2023\/12\/images-300x150.png 300w\" sizes=\"auto, (max-width: 318px) 100vw, 318px\" \/><\/a><\/p>\n<p>&nbsp;<\/p>\n<p>&nbsp;<\/p>\n<p>&nbsp;<\/p>\n<p>&nbsp;<\/p>\n<p><strong>\u00a0 \u00a0 \u00a0 \u00a0 \u00a0 \u00a0 \u00a0Instrumental\u00a0 \u00a0 \u00a0 \u00a0 \u00a0 \u00a0 \u00a0 \u00a0 \u00a0 \u00a0 \u00a0 \u00a0 \u00a0 \u00a0 \u00a0 \u00a0 \u00a0 \u00a0 \u00a0 \u00a0 M\u00fasica i veu\u00a0 \u00a0 \u00a0 \u00a0 \u00a0 \u00a0 \u00a0 \u00a0 \u00a0 \u00a0 \u00a0 \u00a0 \u00a0 \u00a0 \u00a0 \u00a0 \u00a0 \u00a0 \u00a0 \u00a0 \u00a0 \u00a0 \u00a0Lletra<\/strong><\/p>\n","protected":false},"excerpt":{"rendered":"<p>Estimades fam\u00edlies,<br \/>\nJa el tenim aqu\u00ed! \u00c9s l&#8217;himne de l&#8217;escola Pinya de Rosa!<br \/>\nDespr\u00e9s de molts anys de cantar-lo plegats, ara tamb\u00e9 el teniu disponible en aquesta p\u00e0gina. Nom\u00e9s heu de clicar a la imatge per escoltar-lo.<br \/>\nEsperem que el gaudiu molt!<br \/>\nEscola Pinya de Rosa<br \/>\n<a href=\"https:\/\/drive.google.com\/file\/d\/16udmRVkvyl2IxzuA6Hio9aUcnuJt7GDY\/view?usp=drive_link\" rel=\"attachment wp-att-2219\"><\/a>&hellip;  <a href=\"https:\/\/agora.xtec.cat\/escpinyaderosa\/lescola\/himne-del-pinya\/\" title=\"Read Himne del Pinya\">Llegeix m\u00e9s\u00bb<\/a><\/p>\n","protected":false},"author":1,"featured_media":0,"parent":22,"menu_order":100,"comment_status":"closed","ping_status":"closed","template":"page-templates\/side-menu.php","meta":{"_bbp_topic_count":0,"_bbp_reply_count":0,"_bbp_total_topic_count":0,"_bbp_total_reply_count":0,"_bbp_voice_count":0,"_bbp_anonymous_reply_count":0,"_bbp_topic_count_hidden":0,"_bbp_reply_count_hidden":0,"_bbp_forum_subforum_count":0,"footnotes":""},"class_list":["post-2218","page","type-page","status-publish","hentry"],"post_mailing_queue_ids":[],"_links":{"self":[{"href":"https:\/\/agora.xtec.cat\/escpinyaderosa\/wp-json\/wp\/v2\/pages\/2218","targetHints":{"allow":["GET"]}}],"collection":[{"href":"https:\/\/agora.xtec.cat\/escpinyaderosa\/wp-json\/wp\/v2\/pages"}],"about":[{"href":"https:\/\/agora.xtec.cat\/escpinyaderosa\/wp-json\/wp\/v2\/types\/page"}],"author":[{"embeddable":true,"href":"https:\/\/agora.xtec.cat\/escpinyaderosa\/wp-json\/wp\/v2\/users\/1"}],"replies":[{"embeddable":true,"href":"https:\/\/agora.xtec.cat\/escpinyaderosa\/wp-json\/wp\/v2\/comments?post=2218"}],"version-history":[{"count":5,"href":"https:\/\/agora.xtec.cat\/escpinyaderosa\/wp-json\/wp\/v2\/pages\/2218\/revisions"}],"predecessor-version":[{"id":2228,"href":"https:\/\/agora.xtec.cat\/escpinyaderosa\/wp-json\/wp\/v2\/pages\/2218\/revisions\/2228"}],"up":[{"embeddable":true,"href":"https:\/\/agora.xtec.cat\/escpinyaderosa\/wp-json\/wp\/v2\/pages\/22"}],"wp:attachment":[{"href":"https:\/\/agora.xtec.cat\/escpinyaderosa\/wp-json\/wp\/v2\/media?parent=2218"}],"curies":[{"name":"wp","href":"https:\/\/api.w.org\/{rel}","templated":true}]}}