{"id":5182,"date":"2023-11-13T10:50:10","date_gmt":"2023-11-13T09:50:10","guid":{"rendered":"https:\/\/agora.xtec.cat\/escpfangles\/?page_id=5182"},"modified":"2023-11-30T16:08:26","modified_gmt":"2023-11-30T15:08:26","slug":"jocs-de-medi","status":"publish","type":"page","link":"https:\/\/agora.xtec.cat\/escpfangles\/jocs-de-medi\/","title":{"rendered":"Jocs de medi"},"content":{"rendered":"<table style=\"border-collapse: collapse; width: 100%;\">\n<tbody>\n<tr>\n<td style=\"width: 25%;\"><a href=\"https:\/\/mapasinteractivos.didactalia.net\/ca\/comunitat\/mapasflashinteractivos\/recurs\/comarques-de-catalunya\/1754c6ab-f368-488b-b8ea-b71b2cda1d45\" target=\"_blank\" rel=\"noopener\"><img loading=\"lazy\" decoding=\"async\" class=\"aligncenter size-full wp-image-5183\" src=\"https:\/\/agora.xtec.cat\/escpfangles\/wp-content\/uploads\/usu1937\/2023\/11\/com.jpg\" alt=\"\" width=\"250\" height=\"145\" \/><\/a><\/td>\n<td style=\"width: 25%;\"><strong>1<\/strong>&gt;&gt;<strong>COMARQUES<\/strong> <span style=\"color: #ff0000;\">Cicle mitj\u00e0 i superior.<\/span> Has de\u00a0 posar el nom de les comarques on toca. <a href=\"https:\/\/mapasinteractivos.didactalia.net\/ca\/comunitat\/mapasflashinteractivos\/recurs\/comarques-de-catalunya\/1754c6ab-f368-488b-b8ea-b71b2cda1d45\" target=\"_blank\" rel=\"noopener\">Jugar<\/a><\/td>\n<td style=\"width: 25%;\"><a href=\"https:\/\/mapasinteractivos.didactalia.net\/ca\/comunitat\/mapasflashinteractivos\/recurs\/provincias-de-espaa\/108fb9ee-6654-465a-a9ed-e84be977a27a\" target=\"_blank\" rel=\"noopener\"><img loading=\"lazy\" decoding=\"async\" class=\"aligncenter size-full wp-image-5188\" src=\"https:\/\/agora.xtec.cat\/escpfangles\/wp-content\/uploads\/usu1937\/2023\/11\/pro.jpg\" alt=\"\" width=\"250\" height=\"142\" \/><\/a><\/td>\n<td style=\"width: 25%;\"><strong>2<\/strong>&gt;&gt;<strong>PROV\u00cdNVIES D&#8217;ESPANYA<\/strong> <span style=\"color: #ff0000;\">Cicle mitj\u00e0 i superior.<\/span> Has posar el nom de les comarques on toca. <a href=\"https:\/\/mapasinteractivos.didactalia.net\/ca\/comunitat\/mapasflashinteractivos\/recurs\/provincias-de-espaa\/108fb9ee-6654-465a-a9ed-e84be977a27a\" target=\"_blank\" rel=\"noopener\">Jugar<\/a><\/td>\n<\/tr>\n<tr>\n<td style=\"width: 25%;\"><a href=\"https:\/\/www.toporopa.eu\/es\/paises_de_europa.html\" target=\"_blank\" rel=\"noopener\"><img loading=\"lazy\" decoding=\"async\" class=\"aligncenter size-full wp-image-5192\" src=\"https:\/\/agora.xtec.cat\/escpfangles\/wp-content\/uploads\/usu1937\/2023\/11\/EU.jpg\" alt=\"\" width=\"250\" height=\"139\" \/><\/a><\/td>\n<td style=\"width: 25%;\"><strong>3<\/strong>&gt;&gt;<strong>PA\u00cfSOS D&#8217;EUROPA<\/strong> <span style=\"color: #ff0000;\">Cicle mitj\u00e0 i superior.<\/span> Has posar el nom de les comarques on toca. <a href=\"https:\/\/www.toporopa.eu\/es\/paises_de_europa.html\" target=\"_blank\" rel=\"noopener\">Jugar<\/a><\/td>\n<td style=\"width: 25%;\"><a href=\"https:\/\/mapasinteractivos.didactalia.net\/ca\/comunitat\/mapasflashinteractivos\/recurs\/capitals-de-comarques-de-catalunya\/96ad7a56-1fe7-4798-b9f7-3792dc1941dc\"><img loading=\"lazy\" decoding=\"async\" class=\"aligncenter size-full wp-image-5299\" src=\"https:\/\/agora.xtec.cat\/escpfangles\/wp-content\/uploads\/usu1937\/2023\/11\/rrr.jpg\" alt=\"\" width=\"250\" height=\"140\" \/><\/a><\/td>\n<td style=\"width: 25%;\"><strong>4<\/strong>&gt;&gt;<strong>CAPITALS DE COMARCA<\/strong>\u00a0<span style=\"color: #ff0000;\">Cicle mitj\u00e0 i superior.<\/span> Has de clicar el nom de les capitals que et demanen. <a href=\"https:\/\/mapasinteractivos.didactalia.net\/ca\/comunitat\/mapasflashinteractivos\/recurs\/capitals-de-comarques-de-catalunya\/96ad7a56-1fe7-4798-b9f7-3792dc1941dc\">Jugar<\/a><\/td>\n<\/tr>\n<tr>\n<td style=\"width: 25%;\"><a href=\"https:\/\/mapasinteractivos.didactalia.net\/ca\/comunitat\/mapasflashinteractivos\/recurs\/rius-de-catalunya\/401fd7a7-ab9e-4f8f-a3c6-7bf33da3a5b2\"><img loading=\"lazy\" decoding=\"async\" class=\"aligncenter size-full wp-image-5302\" src=\"https:\/\/agora.xtec.cat\/escpfangles\/wp-content\/uploads\/usu1937\/2023\/11\/re.jpg\" alt=\"\" width=\"250\" height=\"142\" \/><\/a><\/td>\n<td style=\"width: 25%;\"><strong>3&gt;&gt;RIUS DE CATALUNYA <\/strong><span style=\"color: #ff0000;\">Cicle mitj\u00e0 i superior.<\/span> Has de clicar el nom dels rius\u00a0 on toca. <a href=\"https:\/\/mapasinteractivos.didactalia.net\/ca\/comunitat\/mapasflashinteractivos\/recurs\/rius-de-catalunya\/401fd7a7-ab9e-4f8f-a3c6-7bf33da3a5b2\">Jugar<\/a><\/td>\n<td style=\"width: 25%;\"><\/td>\n<td style=\"width: 25%;\"><strong>\u00a0<\/strong><\/td>\n<\/tr>\n<\/tbody>\n<\/table>\n","protected":false},"excerpt":{"rendered":"<p>1&gt;&gt;COMARQUES Cicle mitj\u00e0 i superior. Has de\u00a0 posar el nom de les comarques on toca. Jugar 2&gt;&gt;PROV\u00cdNVIES D&#8217;ESPANYA Cicle mitj\u00e0 i superior. Has posar el nom de les comarques on toca. Jugar 3&gt;&gt;PA\u00cfSOS D&#8217;EUROPA Cicle mitj\u00e0 i superior. Has posar el nom de les comarques on toca. Jugar 4&gt;&gt;CAPITALS DE COMARCA\u00a0Cicle mitj\u00e0 i superior. Has [&hellip;]<\/p>\n","protected":false},"author":1,"featured_media":0,"parent":0,"menu_order":0,"comment_status":"closed","ping_status":"closed","template":"","meta":{"_bbp_topic_count":0,"_bbp_reply_count":0,"_bbp_total_topic_count":0,"_bbp_total_reply_count":0,"_bbp_voice_count":0,"_bbp_anonymous_reply_count":0,"_bbp_topic_count_hidden":0,"_bbp_reply_count_hidden":0,"_bbp_forum_subforum_count":0,"site-sidebar-layout":"default","site-content-layout":"","ast-site-content-layout":"","site-content-style":"default","site-sidebar-style":"default","ast-global-header-display":"","ast-banner-title-visibility":"","ast-main-header-display":"","ast-hfb-above-header-display":"","ast-hfb-below-header-display":"","ast-hfb-mobile-header-display":"","site-post-title":"","ast-breadcrumbs-content":"","ast-featured-img":"","footer-sml-layout":"","theme-transparent-header-meta":"","adv-header-id-meta":"","stick-header-meta":"","header-above-stick-meta":"","header-main-stick-meta":"","header-below-stick-meta":"","astra-migrate-meta-layouts":"default","ast-page-background-enabled":"default","ast-page-background-meta":{"desktop":{"background-color":"var(--ast-global-color-4)","background-image":"","background-repeat":"repeat","background-position":"center center","background-size":"auto","background-attachment":"scroll","background-type":"","background-media":"","overlay-type":"","overlay-color":"","overlay-opacity":"","overlay-gradient":""},"tablet":{"background-color":"","background-image":"","background-repeat":"repeat","background-position":"center center","background-size":"auto","background-attachment":"scroll","background-type":"","background-media":"","overlay-type":"","overlay-color":"","overlay-opacity":"","overlay-gradient":""},"mobile":{"background-color":"","background-image":"","background-repeat":"repeat","background-position":"center center","background-size":"auto","background-attachment":"scroll","background-type":"","background-media":"","overlay-type":"","overlay-color":"","overlay-opacity":"","overlay-gradient":""}},"ast-content-background-meta":{"desktop":{"background-color":"var(--ast-global-color-5)","background-image":"","background-repeat":"repeat","background-position":"center center","background-size":"auto","background-attachment":"scroll","background-type":"","background-media":"","overlay-type":"","overlay-color":"","overlay-opacity":"","overlay-gradient":""},"tablet":{"background-color":"var(--ast-global-color-5)","background-image":"","background-repeat":"repeat","background-position":"center center","background-size":"auto","background-attachment":"scroll","background-type":"","background-media":"","overlay-type":"","overlay-color":"","overlay-opacity":"","overlay-gradient":""},"mobile":{"background-color":"var(--ast-global-color-5)","background-image":"","background-repeat":"repeat","background-position":"center center","background-size":"auto","background-attachment":"scroll","background-type":"","background-media":"","overlay-type":"","overlay-color":"","overlay-opacity":"","overlay-gradient":""}},"footnotes":""},"class_list":["post-5182","page","type-page","status-publish","hentry"],"post_mailing_queue_ids":[],"_links":{"self":[{"href":"https:\/\/agora.xtec.cat\/escpfangles\/wp-json\/wp\/v2\/pages\/5182","targetHints":{"allow":["GET"]}}],"collection":[{"href":"https:\/\/agora.xtec.cat\/escpfangles\/wp-json\/wp\/v2\/pages"}],"about":[{"href":"https:\/\/agora.xtec.cat\/escpfangles\/wp-json\/wp\/v2\/types\/page"}],"author":[{"embeddable":true,"href":"https:\/\/agora.xtec.cat\/escpfangles\/wp-json\/wp\/v2\/users\/1"}],"replies":[{"embeddable":true,"href":"https:\/\/agora.xtec.cat\/escpfangles\/wp-json\/wp\/v2\/comments?post=5182"}],"version-history":[{"count":6,"href":"https:\/\/agora.xtec.cat\/escpfangles\/wp-json\/wp\/v2\/pages\/5182\/revisions"}],"predecessor-version":[{"id":5304,"href":"https:\/\/agora.xtec.cat\/escpfangles\/wp-json\/wp\/v2\/pages\/5182\/revisions\/5304"}],"wp:attachment":[{"href":"https:\/\/agora.xtec.cat\/escpfangles\/wp-json\/wp\/v2\/media?parent=5182"}],"curies":[{"name":"wp","href":"https:\/\/api.w.org\/{rel}","templated":true}]}}