{"id":1813,"date":"2019-11-11T11:53:13","date_gmt":"2019-11-11T10:53:13","guid":{"rendered":"https:\/\/agora.xtec.cat\/escpfangles\/?page_id=1813"},"modified":"2019-11-11T11:59:21","modified_gmt":"2019-11-11T10:59:21","slug":"aplicacio-tok-app","status":"publish","type":"page","link":"https:\/\/agora.xtec.cat\/escpfangles\/aplicacio-tok-app\/","title":{"rendered":"Aplicaci\u00f3 TokApp"},"content":{"rendered":"<p>Per tal d&#8217;agilitzar les comunicacions, permisos, autoritzacions, etc, i evitar l&#8217;\u00fas innecessari de paper, tant per les fam\u00edlies com per l&#8217;escola, ens comunicarem de forma r\u00e0pida i senzilla, a trav\u00e9s de la plataforma <b>TOKAPP SCHOOL<\/b>.<\/p>\n<p><a href=\"https:\/\/agora.xtec.cat\/escpfangles\/wp-content\/uploads\/usu1937\/2019\/09\/tokapp.jpg\"><img loading=\"lazy\" decoding=\"async\" class=\"aligncenter size-full wp-image-1550\" src=\"https:\/\/agora.xtec.cat\/escpfangles\/wp-content\/uploads\/usu1937\/2019\/09\/tokapp.jpg\" alt=\"\" width=\"300\" height=\"93\" \/><\/a><\/p>\n<p>Cal que us descarregueu aquesta aplicaci\u00f3, de forma gratu\u00efta, en els tel\u00e8fons m\u00f2bil i\/o tauletes. Per aquest mitj\u00e0 podreu obtenir la informaci\u00f3 immediata i a m\u00e9s, poder respondre quan el centre ho sol\u00b7liciti. Val a dir que el servei que ofereix aquesta plataforma t\u00e9 el mateix valor jur\u00eddic que una signatura f\u00edsica.<\/p>\n<p>La trobareu disponible tant a Google play sotre com a App Store.<\/p>\n<p>Haureu de seguir els seg\u00fcents passos:<\/p>\n<p>.- Entra a la botiga App Store o Google play.<\/p>\n<p>.- Buscar l&#8217;aplicaci\u00f3 TokApp school i descarregar-la.<\/p>\n<p>.- Obrir l&#8217;aplicaci\u00f3, seleccionar el pa\u00eds de resid\u00e8ncia i validar el n\u00famero de tel\u00e8fon o el correu electr\u00f2nic que heu facilitat al centre a l&#8217;inici de curs.<\/p>\n<p>.- Podeu escriure el nom d&#8217;usuari i contrasenya que vulgueu utilitzar.<\/p>\n<p>.-Espereu que el centre actualitzi la base de dades i detecti el vostre registre.<\/p>\n","protected":false},"excerpt":{"rendered":"<p>Per tal d&#8217;agilitzar les comunicacions, permisos, autoritzacions, etc, i evitar l&#8217;\u00fas innecessari de paper, tant per les fam\u00edlies com per l&#8217;escola, ens comunicarem de forma r\u00e0pida i senzilla, a trav\u00e9s de la plataforma TOKAPP SCHOOL. Cal que us descarregueu aquesta aplicaci\u00f3, de forma gratu\u00efta, en els tel\u00e8fons m\u00f2bil i\/o tauletes. Per aquest mitj\u00e0 podreu obtenir [&hellip;]<\/p>\n","protected":false},"author":1,"featured_media":0,"parent":0,"menu_order":0,"comment_status":"closed","ping_status":"closed","template":"page-templates\/side-menu.php","meta":{"_bbp_topic_count":0,"_bbp_reply_count":0,"_bbp_total_topic_count":0,"_bbp_total_reply_count":0,"_bbp_voice_count":0,"_bbp_anonymous_reply_count":0,"_bbp_topic_count_hidden":0,"_bbp_reply_count_hidden":0,"_bbp_forum_subforum_count":0,"site-sidebar-layout":"default","site-content-layout":"","ast-site-content-layout":"","site-content-style":"default","site-sidebar-style":"default","ast-global-header-display":"","ast-banner-title-visibility":"","ast-main-header-display":"","ast-hfb-above-header-display":"","ast-hfb-below-header-display":"","ast-hfb-mobile-header-display":"","site-post-title":"","ast-breadcrumbs-content":"","ast-featured-img":"","footer-sml-layout":"","theme-transparent-header-meta":"","adv-header-id-meta":"","stick-header-meta":"","header-above-stick-meta":"","header-main-stick-meta":"","header-below-stick-meta":"","astra-migrate-meta-layouts":"default","ast-page-background-enabled":"default","ast-page-background-meta":{"desktop":{"background-color":"var(--ast-global-color-4)","background-image":"","background-repeat":"repeat","background-position":"center center","background-size":"auto","background-attachment":"scroll","background-type":"","background-media":"","overlay-type":"","overlay-color":"","overlay-opacity":"","overlay-gradient":""},"tablet":{"background-color":"","background-image":"","background-repeat":"repeat","background-position":"center center","background-size":"auto","background-attachment":"scroll","background-type":"","background-media":"","overlay-type":"","overlay-color":"","overlay-opacity":"","overlay-gradient":""},"mobile":{"background-color":"","background-image":"","background-repeat":"repeat","background-position":"center center","background-size":"auto","background-attachment":"scroll","background-type":"","background-media":"","overlay-type":"","overlay-color":"","overlay-opacity":"","overlay-gradient":""}},"ast-content-background-meta":{"desktop":{"background-color":"var(--ast-global-color-5)","background-image":"","background-repeat":"repeat","background-position":"center center","background-size":"auto","background-attachment":"scroll","background-type":"","background-media":"","overlay-type":"","overlay-color":"","overlay-opacity":"","overlay-gradient":""},"tablet":{"background-color":"var(--ast-global-color-5)","background-image":"","background-repeat":"repeat","background-position":"center center","background-size":"auto","background-attachment":"scroll","background-type":"","background-media":"","overlay-type":"","overlay-color":"","overlay-opacity":"","overlay-gradient":""},"mobile":{"background-color":"var(--ast-global-color-5)","background-image":"","background-repeat":"repeat","background-position":"center center","background-size":"auto","background-attachment":"scroll","background-type":"","background-media":"","overlay-type":"","overlay-color":"","overlay-opacity":"","overlay-gradient":""}},"footnotes":""},"class_list":["post-1813","page","type-page","status-publish","hentry"],"post_mailing_queue_ids":[],"_links":{"self":[{"href":"https:\/\/agora.xtec.cat\/escpfangles\/wp-json\/wp\/v2\/pages\/1813","targetHints":{"allow":["GET"]}}],"collection":[{"href":"https:\/\/agora.xtec.cat\/escpfangles\/wp-json\/wp\/v2\/pages"}],"about":[{"href":"https:\/\/agora.xtec.cat\/escpfangles\/wp-json\/wp\/v2\/types\/page"}],"author":[{"embeddable":true,"href":"https:\/\/agora.xtec.cat\/escpfangles\/wp-json\/wp\/v2\/users\/1"}],"replies":[{"embeddable":true,"href":"https:\/\/agora.xtec.cat\/escpfangles\/wp-json\/wp\/v2\/comments?post=1813"}],"version-history":[{"count":2,"href":"https:\/\/agora.xtec.cat\/escpfangles\/wp-json\/wp\/v2\/pages\/1813\/revisions"}],"predecessor-version":[{"id":1815,"href":"https:\/\/agora.xtec.cat\/escpfangles\/wp-json\/wp\/v2\/pages\/1813\/revisions\/1815"}],"wp:attachment":[{"href":"https:\/\/agora.xtec.cat\/escpfangles\/wp-json\/wp\/v2\/media?parent=1813"}],"curies":[{"name":"wp","href":"https:\/\/api.w.org\/{rel}","templated":true}]}}