{"id":907,"date":"2015-09-23T11:29:02","date_gmt":"2015-09-23T10:29:02","guid":{"rendered":"http:\/\/agora.xtec.cat\/escpardinyes\/?page_id=907"},"modified":"2023-04-26T22:13:31","modified_gmt":"2023-04-26T20:13:31","slug":"formacio-de-families","status":"publish","type":"page","link":"https:\/\/agora.xtec.cat\/escpardinyes\/formacio-de-families\/","title":{"rendered":"Formaci\u00f3 de fam\u00edlies"},"content":{"rendered":"<p>L&#8217;oferta formativa del centre \u00a0s&#8217;obre no tan sols a l&#8217;alumnat i professorat, sin\u00f3 tamb\u00e9 a les fam\u00edlies. La formaci\u00f3 de fam\u00edlies es basa en la formaci\u00f3 en actuacions d&#8217;\u00e8xit i respon als interessos i necessitats de les fam\u00edlies.<\/p>\n<p>&nbsp;<\/p>\n<p><span style=\"text-decoration: underline;\">Fonts d&#8217;informaci\u00f3:<\/span><\/p>\n<ul style=\"list-style-type: circle;\">\n<li><a href=\"http:\/\/www.xtec.cat\/web\/projectes\/comunitats\/actuacionsexit\" target=\"_blank\" rel=\"noopener\">http:\/\/www.xtec.cat\/web\/projectes\/comunitats\/actuacionsexit\u00a0<\/a><\/li>\n<li><a href=\"http:\/\/utopiadream.info\/ca\/actuaciones-de-exito\/formacion-y-participacion-familiares\/\" target=\"_blank\" rel=\"noopener\">http:\/\/utopiadream.info\/ca\/actuaciones-de-exito\/formacion-y-participacion-familiares\/\u00a0<\/a><\/li>\n<\/ul>\n","protected":false},"excerpt":{"rendered":"<p>L&#8217;oferta formativa del centre \u00a0s&#8217;obre no tan sols a l&#8217;alumnat i professorat, sin\u00f3 tamb\u00e9 a les fam\u00edlies. La formaci\u00f3 de fam\u00edlies es basa en la formaci\u00f3 en actuacions d&#8217;\u00e8xit i respon als interessos i necessitats de les fam\u00edlies.<br \/>\n&nbsp;<br \/>\nFonts d&#8217;informaci\u00f3:<\/p>\n<ul style=\"list-style-type: circle;\">\n<li><a href=\"http:\/\/www.xtec.cat\/web\/projectes\/comunitats\/actuacionsexit\" target=\"_blank\" rel=\"noopener\">http:\/\/www.xtec.cat\/web\/projectes\/comunitats\/actuacionsexit\u00a0<\/a><\/li>\n<li><a href=\"http:\/\/utopiadream.info\/ca\/actuaciones-de-exito\/formacion-y-participacion-familiares\/\"&hellip;  <a href=\"https:\/\/agora.xtec.cat\/escpardinyes\/formacio-de-families\/\" title=\"Read Formaci\u00f3 de fam\u00edlies\">Llegeix m\u00e9s\u00bb<\/a><br \/>\n","protected":false},"author":1,"featured_media":0,"parent":0,"menu_order":0,"comment_status":"closed","ping_status":"closed","template":"","meta":{"_bbp_topic_count":0,"_bbp_reply_count":0,"_bbp_total_topic_count":0,"_bbp_total_reply_count":0,"_bbp_voice_count":0,"_bbp_anonymous_reply_count":0,"_bbp_topic_count_hidden":0,"_bbp_reply_count_hidden":0,"_bbp_forum_subforum_count":0,"footnotes":""},"class_list":["post-907","page","type-page","status-publish","hentry"],"post_mailing_queue_ids":[],"_links":{"self":[{"href":"https:\/\/agora.xtec.cat\/escpardinyes\/wp-json\/wp\/v2\/pages\/907","targetHints":{"allow":["GET"]}}],"collection":[{"href":"https:\/\/agora.xtec.cat\/escpardinyes\/wp-json\/wp\/v2\/pages"}],"about":[{"href":"https:\/\/agora.xtec.cat\/escpardinyes\/wp-json\/wp\/v2\/types\/page"}],"author":[{"embeddable":true,"href":"https:\/\/agora.xtec.cat\/escpardinyes\/wp-json\/wp\/v2\/users\/1"}],"replies":[{"embeddable":true,"href":"https:\/\/agora.xtec.cat\/escpardinyes\/wp-json\/wp\/v2\/comments?post=907"}],"version-history":[{"count":3,"href":"https:\/\/agora.xtec.cat\/escpardinyes\/wp-json\/wp\/v2\/pages\/907\/revisions"}],"predecessor-version":[{"id":14626,"href":"https:\/\/agora.xtec.cat\/escpardinyes\/wp-json\/wp\/v2\/pages\/907\/revisions\/14626"}],"wp:attachment":[{"href":"https:\/\/agora.xtec.cat\/escpardinyes\/wp-json\/wp\/v2\/media?parent=907"}],"curies":[{"name":"wp","href":"https:\/\/api.w.org\/{rel}","templated":true}]}}