{"id":684,"date":"2024-11-08T14:31:28","date_gmt":"2024-11-08T13:31:28","guid":{"rendered":"https:\/\/agora.xtec.cat\/escorsa-lh\/?page_id=684"},"modified":"2024-11-15T14:50:59","modified_gmt":"2024-11-15T13:50:59","slug":"fisioterapia","status":"publish","type":"page","link":"https:\/\/agora.xtec.cat\/escorsa-lh\/material\/aules-2\/fisioterapia\/","title":{"rendered":"Fisioter\u00e0pia"},"content":{"rendered":"<p><span style=\"font-family: arial,helvetica,sans-serif; font-size: large;\">Els tractaments de fisioter\u00e0pia s\u00f3n amb una periodicitat de dues sessions per setmana, generalment.<\/span><\/p>\n<p><span style=\"font-family: arial,helvetica,sans-serif; font-size: large;\">Els objectius s\u00f3n espec\u00edfics en cadasc\u00fa dels alumnes, tractant la motricitat, les afectacions m\u00fascul-esquel\u00e8tiques, la postura i, si l&#8217;alumne ho necessita, l&#8217;aparell respiratori. A m\u00e9s, fem una intervenci\u00f3 especialitzada que pret\u00e9n afavorir el desenvolupament neuromotriu i global del alumnat i millorar els seus patrons patol\u00f3gics, en la mesura possible.<\/span><\/p>\n<p><span style=\"font-family: arial,helvetica,sans-serif; font-size: large;\">Mantenint contacte amb els professionals corresponents en els serveis hospitalaris de refer\u00e8ncia, ortop\u00e8dies, etc. per poder fer un treball conjunt des de l&#8217;escola i l&#8217;hospital.<\/span><\/p>\n<p><span style=\"font-family: arial,helvetica,sans-serif; font-size: large;\">Mantenim contacte amb les fam\u00edlies per tal de poder fer un treball en conjunt dels aspectes relacionats amb la fisioter\u00e0pia.<\/span><\/p>\n<p>&nbsp;<\/p>\n<p><a href=\"https:\/\/agora.xtec.cat\/escorsa-lh\/wp-content\/uploads\/usu2939\/2024\/11\/Captura-de-pantalla-2024-11-15-144436.png\"><img loading=\"lazy\" decoding=\"async\" class=\"size-full wp-image-725 aligncenter\" src=\"https:\/\/agora.xtec.cat\/escorsa-lh\/wp-content\/uploads\/usu2939\/2024\/11\/Captura-de-pantalla-2024-11-15-144436.png\" alt=\"\" width=\"541\" height=\"302\" srcset=\"https:\/\/agora.xtec.cat\/escorsa-lh\/wp-content\/uploads\/usu2939\/2024\/11\/Captura-de-pantalla-2024-11-15-144436.png 541w, https:\/\/agora.xtec.cat\/escorsa-lh\/wp-content\/uploads\/usu2939\/2024\/11\/Captura-de-pantalla-2024-11-15-144436-300x167.png 300w\" sizes=\"auto, (max-width: 541px) 100vw, 541px\" \/><\/a><\/p>\n<p><a href=\"https:\/\/agora.xtec.cat\/escorsa-lh\/wp-content\/uploads\/usu2939\/2024\/11\/Captura-de-pantalla-2024-11-15-144516.png\"><img loading=\"lazy\" decoding=\"async\" class=\"size-full wp-image-726 aligncenter\" src=\"https:\/\/agora.xtec.cat\/escorsa-lh\/wp-content\/uploads\/usu2939\/2024\/11\/Captura-de-pantalla-2024-11-15-144516.png\" alt=\"\" width=\"549\" height=\"410\" srcset=\"https:\/\/agora.xtec.cat\/escorsa-lh\/wp-content\/uploads\/usu2939\/2024\/11\/Captura-de-pantalla-2024-11-15-144516.png 549w, https:\/\/agora.xtec.cat\/escorsa-lh\/wp-content\/uploads\/usu2939\/2024\/11\/Captura-de-pantalla-2024-11-15-144516-300x224.png 300w, https:\/\/agora.xtec.cat\/escorsa-lh\/wp-content\/uploads\/usu2939\/2024\/11\/Captura-de-pantalla-2024-11-15-144516-200x150.png 200w\" sizes=\"auto, (max-width: 549px) 100vw, 549px\" \/><\/a><\/p>\n","protected":false},"excerpt":{"rendered":"<p>Els tractaments de fisioter\u00e0pia s\u00f3n amb una periodicitat de dues sessions per setmana, generalment.<br \/>\nEls objectius s\u00f3n espec\u00edfics en cadasc\u00fa dels alumnes, tractant la motricitat, les afectacions m\u00fascul-esquel\u00e8tiques, la postura i, si l&#8217;alumne ho necessita, l&#8217;aparell respiratori. A m\u00e9s, fem una intervenci\u00f3 especialitzada que pret\u00e9n afavorir&hellip;  <a href=\"https:\/\/agora.xtec.cat\/escorsa-lh\/material\/aules-2\/fisioterapia\/\" title=\"Read Fisioter\u00e0pia\">Llegeix m\u00e9s\u00bb<\/a><\/p>\n","protected":false},"author":1,"featured_media":0,"parent":507,"menu_order":0,"comment_status":"closed","ping_status":"closed","template":"page-templates\/side-menu.php","meta":{"_bbp_topic_count":0,"_bbp_reply_count":0,"_bbp_total_topic_count":0,"_bbp_total_reply_count":0,"_bbp_voice_count":0,"_bbp_anonymous_reply_count":0,"_bbp_topic_count_hidden":0,"_bbp_reply_count_hidden":0,"_bbp_forum_subforum_count":0,"footnotes":""},"class_list":["post-684","page","type-page","status-publish","hentry"],"post_mailing_queue_ids":[],"_links":{"self":[{"href":"https:\/\/agora.xtec.cat\/escorsa-lh\/wp-json\/wp\/v2\/pages\/684","targetHints":{"allow":["GET"]}}],"collection":[{"href":"https:\/\/agora.xtec.cat\/escorsa-lh\/wp-json\/wp\/v2\/pages"}],"about":[{"href":"https:\/\/agora.xtec.cat\/escorsa-lh\/wp-json\/wp\/v2\/types\/page"}],"author":[{"embeddable":true,"href":"https:\/\/agora.xtec.cat\/escorsa-lh\/wp-json\/wp\/v2\/users\/1"}],"replies":[{"embeddable":true,"href":"https:\/\/agora.xtec.cat\/escorsa-lh\/wp-json\/wp\/v2\/comments?post=684"}],"version-history":[{"count":2,"href":"https:\/\/agora.xtec.cat\/escorsa-lh\/wp-json\/wp\/v2\/pages\/684\/revisions"}],"predecessor-version":[{"id":727,"href":"https:\/\/agora.xtec.cat\/escorsa-lh\/wp-json\/wp\/v2\/pages\/684\/revisions\/727"}],"up":[{"embeddable":true,"href":"https:\/\/agora.xtec.cat\/escorsa-lh\/wp-json\/wp\/v2\/pages\/507"}],"wp:attachment":[{"href":"https:\/\/agora.xtec.cat\/escorsa-lh\/wp-json\/wp\/v2\/media?parent=684"}],"curies":[{"name":"wp","href":"https:\/\/api.w.org\/{rel}","templated":true}]}}