{"id":26,"date":"2014-09-18T12:24:32","date_gmt":"2014-09-18T11:24:32","guid":{"rendered":"http:\/\/agora.xtec.cat\/escorsa-lh\/?page_id=26"},"modified":"2024-02-26T14:40:05","modified_gmt":"2024-02-26T13:40:05","slug":"historia","status":"publish","type":"page","link":"https:\/\/agora.xtec.cat\/escorsa-lh\/lescola\/historia\/","title":{"rendered":"Hist\u00f2ria"},"content":{"rendered":"<p><span style=\"font-family: arial,helvetica,sans-serif; font-size: large;\">L&#8217;Escor\u00e7a, <\/span><span style=\"font-family: arial,helvetica,sans-serif; font-size: large;\">creada l&#8217;any 1978 i situada al barri de santa Eul\u00e0lia de la ciutat d&#8217;Hospitalet de Llobregat, <\/span><span style=\"font-family: arial,helvetica,sans-serif; font-size: large;\">sorgeix de les necessitats d&#8217;unes fam\u00edlies de poder portar els seus fills amb capacitats diferenciades, a una escola. Per aquest motiu el principal objectiu del nostre centre \u00e9s acollir nens i nenes de 3 a 21 anys que necessiten un suport elevat per a realitzar els seus aprenentatges i les activitats quotidianes del dia a dia.<\/span><\/p>\n<p>&nbsp;<\/p>\n<p>&nbsp;<\/p>\n","protected":false},"excerpt":{"rendered":"<p>L&#8217;Escor\u00e7a, creada l&#8217;any 1978 i situada al barri de santa Eul\u00e0lia de la ciutat d&#8217;Hospitalet de Llobregat, sorgeix de les necessitats d&#8217;unes fam\u00edlies de poder portar els seus fills amb capacitats diferenciades, a una escola. Per aquest motiu el principal objectiu del nostre centre \u00e9s&hellip;  <a href=\"https:\/\/agora.xtec.cat\/escorsa-lh\/lescola\/historia\/\" title=\"Read Hist\u00f2ria\">Llegeix m\u00e9s\u00bb<\/a><\/p>\n","protected":false},"author":1,"featured_media":0,"parent":22,"menu_order":20,"comment_status":"closed","ping_status":"closed","template":"page-templates\/side-menu.php","meta":{"_bbp_topic_count":0,"_bbp_reply_count":0,"_bbp_total_topic_count":0,"_bbp_total_reply_count":0,"_bbp_voice_count":0,"_bbp_anonymous_reply_count":0,"_bbp_topic_count_hidden":0,"_bbp_reply_count_hidden":0,"_bbp_forum_subforum_count":0,"footnotes":""},"class_list":["post-26","page","type-page","status-publish","hentry"],"post_mailing_queue_ids":[],"_links":{"self":[{"href":"https:\/\/agora.xtec.cat\/escorsa-lh\/wp-json\/wp\/v2\/pages\/26","targetHints":{"allow":["GET"]}}],"collection":[{"href":"https:\/\/agora.xtec.cat\/escorsa-lh\/wp-json\/wp\/v2\/pages"}],"about":[{"href":"https:\/\/agora.xtec.cat\/escorsa-lh\/wp-json\/wp\/v2\/types\/page"}],"author":[{"embeddable":true,"href":"https:\/\/agora.xtec.cat\/escorsa-lh\/wp-json\/wp\/v2\/users\/1"}],"replies":[{"embeddable":true,"href":"https:\/\/agora.xtec.cat\/escorsa-lh\/wp-json\/wp\/v2\/comments?post=26"}],"version-history":[{"count":3,"href":"https:\/\/agora.xtec.cat\/escorsa-lh\/wp-json\/wp\/v2\/pages\/26\/revisions"}],"predecessor-version":[{"id":593,"href":"https:\/\/agora.xtec.cat\/escorsa-lh\/wp-json\/wp\/v2\/pages\/26\/revisions\/593"}],"up":[{"embeddable":true,"href":"https:\/\/agora.xtec.cat\/escorsa-lh\/wp-json\/wp\/v2\/pages\/22"}],"wp:attachment":[{"href":"https:\/\/agora.xtec.cat\/escorsa-lh\/wp-json\/wp\/v2\/media?parent=26"}],"curies":[{"name":"wp","href":"https:\/\/api.w.org\/{rel}","templated":true}]}}