{"id":493,"date":"2018-07-11T10:20:04","date_gmt":"2018-07-11T08:20:04","guid":{"rendered":"http:\/\/agora.xtec.cat\/escolaxerta\/?page_id=493"},"modified":"2024-07-02T09:20:26","modified_gmt":"2024-07-02T07:20:26","slug":"plurilinguisme","status":"publish","type":"page","link":"https:\/\/agora.xtec.cat\/escolaxerta\/projecte-educatiu\/plurilinguisme\/","title":{"rendered":"Pluriling\u00fcisme"},"content":{"rendered":"<p><strong> El catal\u00e0 \u00e9s llengua vehicular i d&#8217;aprenentatge<\/strong>. Llei 12\/2009, del 10 de juliol, d&#8217;educaci\u00f3.<\/p>\n<p>El sistema educatiu de Catalunya ha de garantir un ple domini de les dues lleng\u00fces oficials (<strong>llengua catalana<\/strong> i <strong>llengua castellana<\/strong>) i el coneixement d&#8217;una llengua estrangera (<strong>angl\u00e8s<\/strong>). \u00c9s un dels nostres objectius formar parlants pluriling\u00fces.<\/p>\n<p>La nostra tasca es basa en:<\/p>\n<ul>\n<li>Acollida a l&#8217;alumnat nouvingut.<\/li>\n<li>Respecte per la diversitat ling\u00fc\u00edstica.<\/li>\n<li>Treball de la compet\u00e8ncia comunicativa des de totes les \u00e0rees.<\/li>\n<li>Coordinaci\u00f3 de l&#8217;equip docent per compartir continguts, metodologia, avaluaci\u00f3&#8230; en el tractament de les tres lleng\u00fces.<\/li>\n<li>Ensenyament-aprenentatge de la primera llengua estrangera des d&#8217;I3.<\/li>\n<li>Coneixement del medi en angl\u00e8s a cicle superior (1 hora setmanal).<\/li>\n<li>Participaci\u00f3 en concursos: Microrelats de terror organitzat per la biblioteca de l&#8217;institut Crist\u00f2fol Despuig, Lectura en veu alta, Jocs Florals Escolars de Catalunya.<\/li>\n<\/ul>\n<h6><\/h6>\n<table style=\"border-collapse: collapse; width: 100%;\">\n<tbody>\n<tr>\n<td style=\"width: 50%;\"><a href=\"https:\/\/agora.xtec.cat\/escolaxerta\/wp-content\/uploads\/usu1578\/2024\/07\/2.jpg\"><img loading=\"lazy\" decoding=\"async\" class=\"wp-image-4520 alignright\" src=\"https:\/\/agora.xtec.cat\/escolaxerta\/wp-content\/uploads\/usu1578\/2024\/07\/2.jpg\" alt=\"\" width=\"144\" height=\"204\" srcset=\"https:\/\/agora.xtec.cat\/escolaxerta\/wp-content\/uploads\/usu1578\/2024\/07\/2.jpg 343w, https:\/\/agora.xtec.cat\/escolaxerta\/wp-content\/uploads\/usu1578\/2024\/07\/2-213x300.jpg 213w\" sizes=\"auto, (max-width: 144px) 100vw, 144px\" \/><\/a><a href=\"https:\/\/agora.xtec.cat\/escolaxerta\/wp-content\/uploads\/usu1578\/2024\/07\/1.jpg\"><img loading=\"lazy\" decoding=\"async\" class=\"alignleft wp-image-4519\" src=\"https:\/\/agora.xtec.cat\/escolaxerta\/wp-content\/uploads\/usu1578\/2024\/07\/1.jpg\" alt=\"\" width=\"141\" height=\"204\" srcset=\"https:\/\/agora.xtec.cat\/escolaxerta\/wp-content\/uploads\/usu1578\/2024\/07\/1.jpg 337w, https:\/\/agora.xtec.cat\/escolaxerta\/wp-content\/uploads\/usu1578\/2024\/07\/1-208x300.jpg 208w\" sizes=\"auto, (max-width: 141px) 100vw, 141px\" \/><\/a><\/p>\n<p>&nbsp;<\/p>\n<p>&nbsp;<\/td>\n<td style=\"width: 50%;\"><a href=\"https:\/\/agora.xtec.cat\/escolaxerta\/wp-content\/uploads\/usu1578\/2024\/07\/Captura-de-pantalla-2024-07-01-191044.jpg\"><img loading=\"lazy\" decoding=\"async\" class=\"wp-image-4522 alignright\" src=\"https:\/\/agora.xtec.cat\/escolaxerta\/wp-content\/uploads\/usu1578\/2024\/07\/Captura-de-pantalla-2024-07-01-191044.jpg\" alt=\"\" width=\"142\" height=\"203\" srcset=\"https:\/\/agora.xtec.cat\/escolaxerta\/wp-content\/uploads\/usu1578\/2024\/07\/Captura-de-pantalla-2024-07-01-191044.jpg 337w, https:\/\/agora.xtec.cat\/escolaxerta\/wp-content\/uploads\/usu1578\/2024\/07\/Captura-de-pantalla-2024-07-01-191044-210x300.jpg 210w\" sizes=\"auto, (max-width: 142px) 100vw, 142px\" \/><\/a><a href=\"https:\/\/agora.xtec.cat\/escolaxerta\/wp-content\/uploads\/usu1578\/2024\/07\/3.jpg\"><img loading=\"lazy\" decoding=\"async\" class=\"wp-image-4521 alignleft\" src=\"https:\/\/agora.xtec.cat\/escolaxerta\/wp-content\/uploads\/usu1578\/2024\/07\/3.jpg\" alt=\"\" width=\"139\" height=\"200\" srcset=\"https:\/\/agora.xtec.cat\/escolaxerta\/wp-content\/uploads\/usu1578\/2024\/07\/3.jpg 337w, https:\/\/agora.xtec.cat\/escolaxerta\/wp-content\/uploads\/usu1578\/2024\/07\/3-208x300.jpg 208w\" sizes=\"auto, (max-width: 139px) 100vw, 139px\" \/><\/a><\/td>\n<\/tr>\n<\/tbody>\n<\/table>\n<p>&nbsp;<\/p>\n","protected":false},"excerpt":{"rendered":"<p>El catal\u00e0 \u00e9s llengua vehicular i d&#8217;aprenentatge. Llei 12\/2009, del 10 de juliol, d&#8217;educaci\u00f3. El sistema educatiu de Catalunya ha de garantir un ple domini de les dues lleng\u00fces oficials (llengua catalana i llengua castellana) i el coneixement d&#8217;una llengua estrangera (angl\u00e8s). \u00c9s un dels nostres objectius formar parlants pluriling\u00fces. La nostra tasca es basa [&hellip;]<\/p>\n","protected":false},"author":1,"featured_media":0,"parent":64,"menu_order":50,"comment_status":"closed","ping_status":"closed","template":"page-templates\/side-menu.php","meta":{"_bbp_topic_count":0,"_bbp_reply_count":0,"_bbp_total_topic_count":0,"_bbp_total_reply_count":0,"_bbp_voice_count":0,"_bbp_anonymous_reply_count":0,"_bbp_topic_count_hidden":0,"_bbp_reply_count_hidden":0,"_bbp_forum_subforum_count":0,"site-sidebar-layout":"default","site-content-layout":"","ast-site-content-layout":"","site-content-style":"default","site-sidebar-style":"default","ast-global-header-display":"","ast-banner-title-visibility":"","ast-main-header-display":"","ast-hfb-above-header-display":"","ast-hfb-below-header-display":"","ast-hfb-mobile-header-display":"","site-post-title":"","ast-breadcrumbs-content":"","ast-featured-img":"","footer-sml-layout":"","theme-transparent-header-meta":"","adv-header-id-meta":"","stick-header-meta":"","header-above-stick-meta":"","header-main-stick-meta":"","header-below-stick-meta":"","astra-migrate-meta-layouts":"default","ast-page-background-enabled":"default","ast-page-background-meta":{"desktop":{"background-color":"var(--ast-global-color-4)","background-image":"","background-repeat":"repeat","background-position":"center center","background-size":"auto","background-attachment":"scroll","background-type":"","background-media":"","overlay-type":"","overlay-color":"","overlay-opacity":"","overlay-gradient":""},"tablet":{"background-color":"","background-image":"","background-repeat":"repeat","background-position":"center center","background-size":"auto","background-attachment":"scroll","background-type":"","background-media":"","overlay-type":"","overlay-color":"","overlay-opacity":"","overlay-gradient":""},"mobile":{"background-color":"","background-image":"","background-repeat":"repeat","background-position":"center center","background-size":"auto","background-attachment":"scroll","background-type":"","background-media":"","overlay-type":"","overlay-color":"","overlay-opacity":"","overlay-gradient":""}},"ast-content-background-meta":{"desktop":{"background-color":"var(--ast-global-color-5)","background-image":"","background-repeat":"repeat","background-position":"center center","background-size":"auto","background-attachment":"scroll","background-type":"","background-media":"","overlay-type":"","overlay-color":"","overlay-opacity":"","overlay-gradient":""},"tablet":{"background-color":"var(--ast-global-color-5)","background-image":"","background-repeat":"repeat","background-position":"center center","background-size":"auto","background-attachment":"scroll","background-type":"","background-media":"","overlay-type":"","overlay-color":"","overlay-opacity":"","overlay-gradient":""},"mobile":{"background-color":"var(--ast-global-color-5)","background-image":"","background-repeat":"repeat","background-position":"center center","background-size":"auto","background-attachment":"scroll","background-type":"","background-media":"","overlay-type":"","overlay-color":"","overlay-opacity":"","overlay-gradient":""}},"footnotes":""},"class_list":["post-493","page","type-page","status-publish","hentry"],"post_mailing_queue_ids":[],"_links":{"self":[{"href":"https:\/\/agora.xtec.cat\/escolaxerta\/wp-json\/wp\/v2\/pages\/493","targetHints":{"allow":["GET"]}}],"collection":[{"href":"https:\/\/agora.xtec.cat\/escolaxerta\/wp-json\/wp\/v2\/pages"}],"about":[{"href":"https:\/\/agora.xtec.cat\/escolaxerta\/wp-json\/wp\/v2\/types\/page"}],"author":[{"embeddable":true,"href":"https:\/\/agora.xtec.cat\/escolaxerta\/wp-json\/wp\/v2\/users\/1"}],"replies":[{"embeddable":true,"href":"https:\/\/agora.xtec.cat\/escolaxerta\/wp-json\/wp\/v2\/comments?post=493"}],"version-history":[{"count":6,"href":"https:\/\/agora.xtec.cat\/escolaxerta\/wp-json\/wp\/v2\/pages\/493\/revisions"}],"predecessor-version":[{"id":4534,"href":"https:\/\/agora.xtec.cat\/escolaxerta\/wp-json\/wp\/v2\/pages\/493\/revisions\/4534"}],"up":[{"embeddable":true,"href":"https:\/\/agora.xtec.cat\/escolaxerta\/wp-json\/wp\/v2\/pages\/64"}],"wp:attachment":[{"href":"https:\/\/agora.xtec.cat\/escolaxerta\/wp-json\/wp\/v2\/media?parent=493"}],"curies":[{"name":"wp","href":"https:\/\/api.w.org\/{rel}","templated":true}]}}