{"id":26,"date":"2014-09-18T12:24:32","date_gmt":"2014-09-18T11:24:32","guid":{"rendered":"http:\/\/agora.xtec.cat\/escolawaldorfeltiller\/?page_id=26"},"modified":"2020-04-06T05:46:34","modified_gmt":"2020-04-06T03:46:34","slug":"historia","status":"publish","type":"page","link":"https:\/\/agora.xtec.cat\/escolawaldorfeltiller\/lescola\/historia\/","title":{"rendered":"Hist\u00f2ria"},"content":{"rendered":"<p>El mes de novembre de l\u2019any 1998 s\u2019inaugur\u00e0 a la Casa Elizalde de Barcelona l\u2019exposici\u00f3 sobre la pedagogia Waldorf organitzada per la Unesco amb la col\u00b7laboraci\u00f3 de la Universitat de Barcelona i el Centre Unesco de la ciutat. D\u2019aquella exposici\u00f3 en surten, entre d\u2019altres, dues iniciatives noves: un grup de jocs per a infants a Sant Cugat del Vall\u00e8s i un grup de persones interessades a endegar la formaci\u00f3 en pedagogia Waldorf a Catalunya.<\/p>\n<p>El mes de maig de l\u2019any 1999, les fam\u00edlies que mantenien encesa la flama del grup de jocs a Sant Cugat feren p\u00fablica la iniciativa amb una exposici\u00f3 a la Casa de Cultura del poble i al mes de setembre, en una petita casa cedida per una de les fam\u00edlies, comen\u00e7aren les activitats amb nou infants i una mestra.<\/p>\n<p>Aix\u00ed, al llarg del curs 2000-2001, al voltant del grup de jocs sorg\u00ed l\u2019Associaci\u00f3 Waldorf de Sant Cugat, i, alhora, es pos\u00e0 en marxa el primer Seminari de Formaci\u00f3 Waldorf organitzat pel Cercle per a la Pedagogia Waldorf a Catalunya, amb m\u00e9s de cinquanta participants que serien els futurs mestres catalans i base humana per a les escoles del nostre pa\u00eds.<\/p>\n<p>Tots aquests esfor\u00e7os anaven encaminats a posar en marxa el projecte de la primera escola Waldorf de Catalunya. Fou a mitjans del curs 2004-2005 que es trob\u00e0 a Bellaterra un espai prou gran on comen\u00e7ar a fer realitat l\u2019escola: s\u2019obriren tres cursos de prim\u00e0ria amb vint-i-cinc nens i nenes i dues mestres, a m\u00e9s d\u2019alguns especialistes.<\/p>\n<p>El curs 2008-2009 s\u2019aconsegu\u00ed l\u2019homologaci\u00f3 per part del Departament d\u2019Educaci\u00f3 de la Generalitat de Catalunya de les etapes d\u2019educaci\u00f3 infantil i l\u2019educaci\u00f3 prim\u00e0ria amb efectes retroactius des de l\u2019any 2007.<\/p>\n<p>El curs 2014-15 comen\u00e7a la secund\u00e0ria obligat\u00f2ria (ESO) i el curs 2018-19 ens v\u00e0rem traslladar al nou espai. Enguany hem comen\u00e7at el batxillerat acabant d&#8217;aquesta manera tot el curr\u00edculum waldorf.<\/p>\n","protected":false},"excerpt":{"rendered":"<p>El mes de novembre de l\u2019any 1998 s\u2019inaugur\u00e0 a la Casa Elizalde de Barcelona l\u2019exposici\u00f3 sobre la pedagogia Waldorf organitzada per la Unesco amb la col\u00b7laboraci\u00f3 de la Universitat de Barcelona i el Centre Unesco de la ciutat. D\u2019aquella exposici\u00f3 en surten, entre d\u2019altres, dues&hellip;  <a href=\"https:\/\/agora.xtec.cat\/escolawaldorfeltiller\/lescola\/historia\/\" title=\"Read Hist\u00f2ria\">Llegeix m\u00e9s\u00bb<\/a><\/p>\n","protected":false},"author":1,"featured_media":0,"parent":22,"menu_order":20,"comment_status":"closed","ping_status":"closed","template":"page-templates\/side-menu.php","meta":{"_bbp_topic_count":0,"_bbp_reply_count":0,"_bbp_total_topic_count":0,"_bbp_total_reply_count":0,"_bbp_voice_count":0,"_bbp_anonymous_reply_count":0,"_bbp_topic_count_hidden":0,"_bbp_reply_count_hidden":0,"_bbp_forum_subforum_count":0,"footnotes":""},"class_list":["post-26","page","type-page","status-publish","hentry"],"post_mailing_queue_ids":[],"_links":{"self":[{"href":"https:\/\/agora.xtec.cat\/escolawaldorfeltiller\/wp-json\/wp\/v2\/pages\/26","targetHints":{"allow":["GET"]}}],"collection":[{"href":"https:\/\/agora.xtec.cat\/escolawaldorfeltiller\/wp-json\/wp\/v2\/pages"}],"about":[{"href":"https:\/\/agora.xtec.cat\/escolawaldorfeltiller\/wp-json\/wp\/v2\/types\/page"}],"author":[{"embeddable":true,"href":"https:\/\/agora.xtec.cat\/escolawaldorfeltiller\/wp-json\/wp\/v2\/users\/1"}],"replies":[{"embeddable":true,"href":"https:\/\/agora.xtec.cat\/escolawaldorfeltiller\/wp-json\/wp\/v2\/comments?post=26"}],"version-history":[{"count":2,"href":"https:\/\/agora.xtec.cat\/escolawaldorfeltiller\/wp-json\/wp\/v2\/pages\/26\/revisions"}],"predecessor-version":[{"id":614,"href":"https:\/\/agora.xtec.cat\/escolawaldorfeltiller\/wp-json\/wp\/v2\/pages\/26\/revisions\/614"}],"up":[{"embeddable":true,"href":"https:\/\/agora.xtec.cat\/escolawaldorfeltiller\/wp-json\/wp\/v2\/pages\/22"}],"wp:attachment":[{"href":"https:\/\/agora.xtec.cat\/escolawaldorfeltiller\/wp-json\/wp\/v2\/media?parent=26"}],"curies":[{"name":"wp","href":"https:\/\/api.w.org\/{rel}","templated":true}]}}

Història

<p>El mes de novembre de l’any 1998 s’inaugurà a la Casa Elizalde de Barcelona l’exposició sobre la pedagogia Waldorf organitzada per la Unesco amb la col·laboració de la Universitat de Barcelona i el Centre Unesco de la ciutat. D’aquella exposició en surten, entre d’altres, dues iniciatives noves: un grup de jocs per a infants a Sant Cugat del Vallès i un grup de persones interessades a endegar la formació en pedagogia Waldorf a Catalunya.</p>
<p>El mes de maig de l’any 1999, les famílies que mantenien encesa la flama del grup de jocs a Sant Cugat feren pública la iniciativa amb una exposició a la Casa de Cultura del poble i al mes de setembre, en una petita casa cedida per una de les famílies, començaren les activitats amb nou infants i una mestra.</p>
<p>Així, al llarg del curs 2000-2001, al voltant del grup de jocs sorgí l’Associació Waldorf de Sant Cugat, i, alhora, es posà en marxa el primer Seminari de Formació Waldorf organitzat pel Cercle per a la Pedagogia Waldorf a Catalunya, amb més de cinquanta participants que serien els futurs mestres catalans i base humana per a les escoles del nostre país.</p>
<p>Tots aquests esforços anaven encaminats a posar en marxa el projecte de la primera escola Waldorf de Catalunya. Fou a mitjans del curs 2004-2005 que es trobà a Bellaterra un espai prou gran on començar a fer realitat l’escola: s’obriren tres cursos de primària amb vint-i-cinc nens i nenes i dues mestres, a més d’alguns especialistes.</p>
<p>El curs 2008-2009 s’aconseguí l’homologació per part del Departament d’Educació de la Generalitat de Catalunya de les etapes d’educació infantil i l’educació primària amb efectes retroactius des de l’any 2007.</p>
<p>El curs 2014-15 comença la secundària obligatòria (ESO) i el curs 2018-19 ens vàrem traslladar al nou espai. Enguany hem començat el batxillerat acabant d&#8217;aquesta manera tot el currículum waldorf.</p>

<p>El mes de novembre de l’any 1998 s’inaugurà a la Casa Elizalde de Barcelona l’exposició sobre la pedagogia Waldorf organitzada per la Unesco amb la col·laboració de la Universitat de Barcelona i el Centre Unesco de la ciutat. D’aquella exposició en surten, entre d’altres, dues&hellip;  <a href="https://agora.xtec.cat/escolawaldorfeltiller/lescola/historia/" title="Read Història">Llegeix més»</a></p>
