{"id":813,"date":"2026-03-03T14:17:49","date_gmt":"2026-03-03T13:17:49","guid":{"rendered":"https:\/\/agora.xtec.cat\/escolavolerany\/?page_id=813"},"modified":"2026-03-24T15:19:36","modified_gmt":"2026-03-24T14:19:36","slug":"preinscripcio-i-matricula","status":"publish","type":"page","link":"https:\/\/agora.xtec.cat\/escolavolerany\/preinscripcio-i-matricula\/","title":{"rendered":"Preinscripci\u00f3 i matr\u00edcula"},"content":{"rendered":"\n<p><a href=\"https:\/\/preinscripcio.gencat.cat\/ca\/estudis\/infantil-3-6\/inici\">https:\/\/preinscripcio.gencat.cat\/ca\/estudis\/infantil-3-6\/inici<\/a><\/p>\n\n\n\n<p><strong>3 de mar\u00e7 de 2026: <\/strong><a href=\"https:\/\/agora.xtec.cat\/escolavolerany\/wp-content\/uploads\/usu2474\/2026\/03\/20260303_Oferta-inicial-places.pdf\" data-type=\"link\" data-id=\"https:\/\/agora.xtec.cat\/escolavolerany\/wp-content\/uploads\/usu2474\/2026\/03\/20260303_Oferta-inicial-places.pdf\">oferta inicial de places escolars<\/a><\/p>\n\n\n\n<ul class=\"wp-block-list\">\n<li><strong>Del 4 al 18 de mar\u00e7 de 2026 (a partir de les 9 hores): <\/strong><\/li>\n<\/ul>\n\n\n\n<p>presentaci\u00f3 de sol\u00b7licituds<\/p>\n\n\n\n<ul class=\"wp-block-list\">\n<li><strong>Fins al 19 de mar\u00e7 de 2026: presentaci\u00f3 de documentaci\u00f3<\/strong><\/li>\n<\/ul>\n\n\n\n<p>Aquests dies pots presentar documentaci\u00f3 acreditativa que no hagis pogut adjuntar durant el per\u00edode de presentaci\u00f3 de sol\u00b7licituds.<\/p>\n\n\n\n<ul class=\"wp-block-list\">\n<li><strong>15 d&#8217;abril de 2026:<\/strong> llista de sol\u00b7licituds amb la puntuaci\u00f3 provisional<\/li>\n<\/ul>\n\n\n\n<ul class=\"wp-block-list\">\n<li><strong>Del 15 al 20 d&#8217;abril de 2026:<\/strong> presentaci\u00f3 de reclamacions<\/li>\n<\/ul>\n\n\n\n<ul class=\"wp-block-list\">\n<li><strong>23 d&#8217;abril de 2026:<\/strong> llista de sol\u00b7licituds amb la puntuaci\u00f3 un cop resoltes les reclamacions<\/li>\n<\/ul>\n\n\n\n<ul class=\"wp-block-list\">\n<li><strong>28 d&#8217;abril de 2026 a les 11 hores: <\/strong>sorteig per resoldre les sol\u00b7licituds de preinscripci\u00f3 empatades en punts<\/li>\n<\/ul>\n\n\n\n<ul class=\"wp-block-list\">\n<li><strong>29 d&#8217;abril de 2026:<\/strong> llista ordenada<\/li>\n<\/ul>\n\n\n\n<ul class=\"wp-block-list\">\n<li><strong>De l&#8217;1 al 3 de juny de 2026: <\/strong>ampliaci\u00f3 de peticions de preinscripci\u00f3 per a alumnes sense pla\u00e7a assignada a cap centre<\/li>\n<\/ul>\n\n\n\n<ul class=\"wp-block-list\">\n<li><strong>10 de juny de 2026:<\/strong> oferta final de places escolars<\/li>\n<\/ul>\n\n\n\n<ul class=\"wp-block-list\">\n<li><strong>10 de juny de 2026:<\/strong> llista d&#8217;alumnes admesos i llista d&#8217;espera<\/li>\n<\/ul>\n\n\n\n<ul class=\"wp-block-list\">\n<li><strong>Del 22 al 30 de juny de 2026: matriculaci\u00f3<\/strong><\/li>\n<\/ul>\n\n\n\n<p><\/p>\n","protected":false},"excerpt":{"rendered":"<p>https:\/\/preinscripcio.gencat.cat\/ca\/estudis\/infantil-3-6\/inici 3 de mar\u00e7 de 2026: oferta inicial de places escolars presentaci\u00f3 de sol\u00b7licituds Aquests dies pots presentar documentaci\u00f3 acreditativa que no hagis pogut adjuntar durant el per\u00edode de presentaci\u00f3 de sol\u00b7licituds.<\/p>\n","protected":false},"author":1,"featured_media":0,"parent":0,"menu_order":0,"comment_status":"closed","ping_status":"close","template":"","meta":{"site-sidebar-layout":"default","site-content-layout":"","ast-site-content-layout":"default","site-content-style":"default","site-sidebar-style":"default","ast-global-header-display":"","ast-banner-title-visibility":"","ast-main-header-display":"","ast-hfb-above-header-display":"","ast-hfb-below-header-display":"","ast-hfb-mobile-header-display":"","site-post-title":"","ast-breadcrumbs-content":"","ast-featured-img":"","footer-sml-layout":"","theme-transparent-header-meta":"","adv-header-id-meta":"","stick-header-meta":"","header-above-stick-meta":"","header-main-stick-meta":"","header-below-stick-meta":"","astra-migrate-meta-layouts":"set","ast-page-background-enabled":"default","ast-page-background-meta":{"desktop":{"background-color":"var(--ast-global-color-4)","background-image":"","background-repeat":"repeat","background-position":"center center","background-size":"auto","background-attachment":"scroll","background-type":"","background-media":"","overlay-type":"","overlay-color":"","overlay-opacity":"","overlay-gradient":""},"tablet":{"background-color":"","background-image":"","background-repeat":"repeat","background-position":"center center","background-size":"auto","background-attachment":"scroll","background-type":"","background-media":"","overlay-type":"","overlay-color":"","overlay-opacity":"","overlay-gradient":""},"mobile":{"background-color":"","background-image":"","background-repeat":"repeat","background-position":"center center","background-size":"auto","background-attachment":"scroll","background-type":"","background-media":"","overlay-type":"","overlay-color":"","overlay-opacity":"","overlay-gradient":""}},"ast-content-background-meta":{"desktop":{"background-color":"var(--ast-global-color-5)","background-image":"","background-repeat":"repeat","background-position":"center center","background-size":"auto","background-attachment":"scroll","background-type":"","background-media":"","overlay-type":"","overlay-color":"","overlay-opacity":"","overlay-gradient":""},"tablet":{"background-color":"var(--ast-global-color-5)","background-image":"","background-repeat":"repeat","background-position":"center center","background-size":"auto","background-attachment":"scroll","background-type":"","background-media":"","overlay-type":"","overlay-color":"","overlay-opacity":"","overlay-gradient":""},"mobile":{"background-color":"var(--ast-global-color-5)","background-image":"","background-repeat":"repeat","background-position":"center center","background-size":"auto","background-attachment":"scroll","background-type":"","background-media":"","overlay-type":"","overlay-color":"","overlay-opacity":"","overlay-gradient":""}},"footnotes":""},"class_list":["post-813","page","type-page","status-publish","hentry"],"post_mailing_queue_ids":[],"_links":{"self":[{"href":"https:\/\/agora.xtec.cat\/escolavolerany\/wp-json\/wp\/v2\/pages\/813","targetHints":{"allow":["GET"]}}],"collection":[{"href":"https:\/\/agora.xtec.cat\/escolavolerany\/wp-json\/wp\/v2\/pages"}],"about":[{"href":"https:\/\/agora.xtec.cat\/escolavolerany\/wp-json\/wp\/v2\/types\/page"}],"author":[{"embeddable":true,"href":"https:\/\/agora.xtec.cat\/escolavolerany\/wp-json\/wp\/v2\/users\/1"}],"replies":[{"embeddable":true,"href":"https:\/\/agora.xtec.cat\/escolavolerany\/wp-json\/wp\/v2\/comments?post=813"}],"version-history":[{"count":5,"href":"https:\/\/agora.xtec.cat\/escolavolerany\/wp-json\/wp\/v2\/pages\/813\/revisions"}],"predecessor-version":[{"id":854,"href":"https:\/\/agora.xtec.cat\/escolavolerany\/wp-json\/wp\/v2\/pages\/813\/revisions\/854"}],"wp:attachment":[{"href":"https:\/\/agora.xtec.cat\/escolavolerany\/wp-json\/wp\/v2\/media?parent=813"}],"curies":[{"name":"wp","href":"https:\/\/api.w.org\/{rel}","templated":true}]}}