{"id":73,"date":"2014-09-18T14:01:51","date_gmt":"2014-09-18T13:01:51","guid":{"rendered":"http:\/\/agora.xtec.cat\/ceipverntallat\/?page_id=73"},"modified":"2026-04-15T16:01:17","modified_gmt":"2026-04-15T14:01:17","slug":"menjador-escolar","status":"publish","type":"page","link":"https:\/\/agora.xtec.cat\/escolaverntallat\/serveis\/menjador-escolar\/","title":{"rendered":"Menjador escolar"},"content":{"rendered":"<table style=\"width: 100%; border-collapse: collapse; border-style: none;\" border=\"0\">\n<tbody>\n<tr>\n<td style=\"width: 49.2141%; border-style: none; vertical-align: top;\">\n<h4 style=\"text-align: center;\">Cuineres:<\/h4>\n<div style=\"text-align: center;\">M\u00aa \u00c0ngels Serrat<\/div>\n<div style=\"text-align: center;\">Nuri Vila<\/div>\n<div style=\"text-align: center;\">Anna Maria Espu\u00f1a<\/div>\n<div>\n<table style=\"height: 28px; width: 100%; border-collapse: collapse; border-style: none;\">\n<tbody>\n<tr style=\"height: 28px;\">\n<td style=\"width: 50%; height: 28px; vertical-align: middle; border-style: none; text-align: center;\"><\/td>\n<\/tr>\n<tr>\n<td style=\"width: 50%; vertical-align: middle; border-style: none; text-align: center;\"><\/td>\n<\/tr>\n<\/tbody>\n<\/table>\n<\/div>\n<div><\/div>\n<div><\/div>\n<div><\/div>\n<div><\/div>\n<div><\/div>\n<\/td>\n<td style=\"width: 50.7859%; border-style: none; vertical-align: top;\">\n<h4 style=\"text-align: center;\">Monitoratge:<\/h4>\n<div style=\"text-align: center;\">Rosa Barcons<\/div>\n<div style=\"text-align: center;\">Susagna Carr\u00e9<\/div>\n<div style=\"text-align: center;\">Encarna P\u00e9rez<\/div>\n<div style=\"text-align: center;\">Carmen Otero<\/div>\n<div style=\"text-align: center;\">Adriana Cur\u00f3s<\/div>\n<div style=\"text-align: center;\">Eva Muntada<\/div>\n<p style=\"text-align: center;\">Bernat Boada<\/p>\n<\/td>\n<\/tr>\n<\/tbody>\n<\/table>\n<h5>MEN\u00daS:<\/h5>\n<p><a href=\"https:\/\/agora.xtec.cat\/escolaverntallat\/wp-content\/uploads\/usu2647\/2023\/11\/MENUS-proposta-sopar-Tardor-hivern-2023-24.pdf\" target=\"_blank\" rel=\"noopener\">\ud83d\udce5Tardor &#8211; Hivern<\/a><\/p>\n<p><a href=\"https:\/\/agora.xtec.cat\/escolaverntallat\/wp-content\/uploads\/usu2647\/2023\/11\/MENUS-proposta-sopar-Primavera-Estiu-2023-24.pdf\" target=\"_blank\" rel=\"noopener\">\ud83d\udce5Primavera &#8211; Estiu<\/a><\/p>\n","protected":false},"excerpt":{"rendered":"<p>Cuineres: M\u00aa \u00c0ngels Serrat Nuri Vila Anna Maria Espu\u00f1a Monitoratge: Rosa Barcons Susagna Carr\u00e9 Encarna P\u00e9rez Carmen Otero Adriana Cur\u00f3s Eva Muntada Bernat Boada MEN\u00daS: \ud83d\udce5Tardor &#8211; Hivern \ud83d\udce5Primavera &#8211; Estiu<\/p>\n","protected":false},"author":1,"featured_media":0,"parent":66,"menu_order":30,"comment_status":"closed","ping_status":"closed","template":"","meta":{"_bbp_topic_count":0,"_bbp_reply_count":0,"_bbp_total_topic_count":0,"_bbp_total_reply_count":0,"_bbp_voice_count":0,"_bbp_anonymous_reply_count":0,"_bbp_topic_count_hidden":0,"_bbp_reply_count_hidden":0,"_bbp_forum_subforum_count":0,"site-sidebar-layout":"default","site-content-layout":"","ast-site-content-layout":"default","site-content-style":"default","site-sidebar-style":"default","ast-global-header-display":"","ast-banner-title-visibility":"","ast-main-header-display":"","ast-hfb-above-header-display":"","ast-hfb-below-header-display":"","ast-hfb-mobile-header-display":"","site-post-title":"","ast-breadcrumbs-content":"","ast-featured-img":"","footer-sml-layout":"","theme-transparent-header-meta":"default","adv-header-id-meta":"","stick-header-meta":"","header-above-stick-meta":"","header-main-stick-meta":"","header-below-stick-meta":"","astra-migrate-meta-layouts":"set","ast-page-background-enabled":"default","ast-page-background-meta":{"desktop":{"background-color":"var(--ast-global-color-4)","background-image":"","background-repeat":"repeat","background-position":"center center","background-size":"auto","background-attachment":"scroll","background-type":"","background-media":"","overlay-type":"","overlay-color":"","overlay-opacity":"","overlay-gradient":""},"tablet":{"background-color":"","background-image":"","background-repeat":"repeat","background-position":"center center","background-size":"auto","background-attachment":"scroll","background-type":"","background-media":"","overlay-type":"","overlay-color":"","overlay-opacity":"","overlay-gradient":""},"mobile":{"background-color":"","background-image":"","background-repeat":"repeat","background-position":"center center","background-size":"auto","background-attachment":"scroll","background-type":"","background-media":"","overlay-type":"","overlay-color":"","overlay-opacity":"","overlay-gradient":""}},"ast-content-background-meta":{"desktop":{"background-color":"var(--ast-global-color-5)","background-image":"","background-repeat":"repeat","background-position":"center center","background-size":"auto","background-attachment":"scroll","background-type":"","background-media":"","overlay-type":"","overlay-color":"","overlay-opacity":"","overlay-gradient":""},"tablet":{"background-color":"var(--ast-global-color-5)","background-image":"","background-repeat":"repeat","background-position":"center center","background-size":"auto","background-attachment":"scroll","background-type":"","background-media":"","overlay-type":"","overlay-color":"","overlay-opacity":"","overlay-gradient":""},"mobile":{"background-color":"var(--ast-global-color-5)","background-image":"","background-repeat":"repeat","background-position":"center center","background-size":"auto","background-attachment":"scroll","background-type":"","background-media":"","overlay-type":"","overlay-color":"","overlay-opacity":"","overlay-gradient":""}},"footnotes":""},"class_list":["post-73","page","type-page","status-publish","hentry"],"post_mailing_queue_ids":[],"_links":{"self":[{"href":"https:\/\/agora.xtec.cat\/escolaverntallat\/wp-json\/wp\/v2\/pages\/73","targetHints":{"allow":["GET"]}}],"collection":[{"href":"https:\/\/agora.xtec.cat\/escolaverntallat\/wp-json\/wp\/v2\/pages"}],"about":[{"href":"https:\/\/agora.xtec.cat\/escolaverntallat\/wp-json\/wp\/v2\/types\/page"}],"author":[{"embeddable":true,"href":"https:\/\/agora.xtec.cat\/escolaverntallat\/wp-json\/wp\/v2\/users\/1"}],"replies":[{"embeddable":true,"href":"https:\/\/agora.xtec.cat\/escolaverntallat\/wp-json\/wp\/v2\/comments?post=73"}],"version-history":[{"count":6,"href":"https:\/\/agora.xtec.cat\/escolaverntallat\/wp-json\/wp\/v2\/pages\/73\/revisions"}],"predecessor-version":[{"id":2725,"href":"https:\/\/agora.xtec.cat\/escolaverntallat\/wp-json\/wp\/v2\/pages\/73\/revisions\/2725"}],"up":[{"embeddable":true,"href":"https:\/\/agora.xtec.cat\/escolaverntallat\/wp-json\/wp\/v2\/pages\/66"}],"wp:attachment":[{"href":"https:\/\/agora.xtec.cat\/escolaverntallat\/wp-json\/wp\/v2\/media?parent=73"}],"curies":[{"name":"wp","href":"https:\/\/api.w.org\/{rel}","templated":true}]}}

<table style="width: 100%; border-collapse: collapse; border-style: none;" border="0">
<tbody>
<tr>
<td style="width: 49.2141%; border-style: none; vertical-align: top;">
<h4 style="text-align: center;">Cuineres:</h4>
<div style="text-align: center;">Mª Àngels Serrat</div>
<div style="text-align: center;">Nuri Vila</div>
<div style="text-align: center;">Anna Maria Espuña</div>
<div>
<table style="height: 28px; width: 100%; border-collapse: collapse; border-style: none;">
<tbody>
<tr style="height: 28px;">
<td style="width: 50%; height: 28px; vertical-align: middle; border-style: none; text-align: center;"></td>
</tr>
<tr>
<td style="width: 50%; vertical-align: middle; border-style: none; text-align: center;"></td>
</tr>
</tbody>
</table>
</div>
<div></div>
<div></div>
<div></div>
<div></div>
<div></div>
</td>
<td style="width: 50.7859%; border-style: none; vertical-align: top;">
<h4 style="text-align: center;">Monitoratge:</h4>
<div style="text-align: center;">Rosa Barcons</div>
<div style="text-align: center;">Susagna Carré</div>
<div style="text-align: center;">Encarna Pérez</div>
<div style="text-align: center;">Carmen Otero</div>
<div style="text-align: center;">Adriana Curós</div>
<div style="text-align: center;">Eva Muntada</div>
<p style="text-align: center;">Bernat Boada</p>
</td>
</tr>
</tbody>
</table>
<h5>MENÚS:</h5>
<p><a href="https://agora.xtec.cat/escolaverntallat/wp-content/uploads/usu2647/2023/11/MENUS-proposta-sopar-Tardor-hivern-2023-24.pdf" target="_blank" rel="noopener">📥Tardor &#8211; Hivern</a></p>
<p><a href="https://agora.xtec.cat/escolaverntallat/wp-content/uploads/usu2647/2023/11/MENUS-proposta-sopar-Primavera-Estiu-2023-24.pdf" target="_blank" rel="noopener">📥Primavera &#8211; Estiu</a></p>

<p>Cuineres: Mª Àngels Serrat Nuri Vila Anna Maria Espuña Monitoratge: Rosa Barcons Susagna Carré Encarna Pérez Carmen Otero Adriana Curós Eva Muntada Bernat Boada MENÚS: 📥Tardor &#8211; Hivern 📥Primavera &#8211; Estiu</p>
