{"id":673,"date":"2022-01-23T17:34:14","date_gmt":"2022-01-23T16:34:14","guid":{"rendered":"https:\/\/agora.xtec.cat\/escolaverntallat\/?page_id=673"},"modified":"2025-10-22T16:30:21","modified_gmt":"2025-10-22T14:30:21","slug":"qui-som","status":"publish","type":"page","link":"https:\/\/agora.xtec.cat\/escolaverntallat\/lescola\/qui-som\/","title":{"rendered":"Qui som?"},"content":{"rendered":"<p>&nbsp;<\/p>\n<table style=\"height: 621px; width: 100%; border-collapse: collapse; border-color: #ffffff; background-color: #ffffff;\" border=\"0px\">\n<tbody>\n<tr style=\"height: 186px; border-color: #ffffff; background-color: #ffffff;\">\n<td style=\"width: 50%; height: 186px; border-color: #ffffff; background-color: #ffffff;\">\n<h3><strong>EQUIP DIRECTIU<\/strong><\/h3>\n<p>Montse Batlle<\/p>\n<p>Eva Casta\u00f1er<\/p>\n<p>Anna Villatoro<\/td>\n<td style=\"width: 50%; height: 186px; border-color: #ffffff; background-color: #ffffff;\">\n<h3 style=\"text-align: left;\"><strong>INFANTIL<\/strong><\/h3>\n<p>Tutora de I3: Llu\u00efsa Casado<\/p>\n<p>Tutora de I4 &#8211; I5: Anna Riu<\/p>\n<p>Suport Infantil:\u00a0 Mireia Vilalta Cub\u00ed<\/td>\n<\/tr>\n<tr style=\"height: 425px; border-color: #ffffff; background-color: #ffffff;\">\n<td style=\"width: 50%; height: 425px; border-color: #ffffff; background-color: #ffffff;\">\n<h3><strong>PRIM\u00c0RIA<\/strong><\/h3>\n<p>Tutora de 1rA: Gemma Picola<\/p>\n<p>Tutora de 1rB: Anna Palomeras<\/p>\n<p>Tutora de 2n: Nuri Rich<\/p>\n<p>Tutor de 3rA: Merc\u00e8 Montserrat<\/p>\n<p>Tutora de 3rB: Ruth Morat\u00f3<\/p>\n<p>Tutor de 4tA: Ramon Garcia<\/p>\n<p>Tutor de 4tB: Jordi Masdeu<\/p>\n<p>Tutora de 5\u00e8: Anna Villatoro<\/p>\n<p>Tutora de 6\u00e8A: Montse Noguer<\/p>\n<p>Tutora de 6\u00e8B: Irene Solano<\/td>\n<td style=\"width: 50%; height: 425px; border-color: #ffffff; background-color: #ffffff;\">\n<h3><strong>ESPECIALISTES<\/strong><\/h3>\n<p>Educaci\u00f3 Especial: Irene Solano<\/p>\n<p>Angl\u00e8s: Bet Tarr\u00e9 i Ruth Morat\u00f3<\/p>\n<p>Musical: Laura Plas\u00e8ncia<\/p>\n<p>Educaci\u00f3 F\u00edsica: Marga Ferr\u00e9s<\/p>\n<p>Religi\u00f3: Margarita Vidal<\/p>\n<p>&nbsp;<\/p>\n<p>&nbsp;<\/p>\n<p>&nbsp;<\/td>\n<\/tr>\n<tr style=\"height: 146px; border-color: #ffffff; background-color: #ffffff;\">\n<td style=\"width: 50%; height: 10px; border-color: #ffffff; background-color: #ffffff;\"><a href=\"https:\/\/agora.xtec.cat\/escolaverntallat\/lescola\/qui-som\/attachment\/img_8960\/\" rel=\"attachment wp-att-2590\"><img loading=\"lazy\" decoding=\"async\" class=\"aligncenter size-full wp-image-2590\" src=\"https:\/\/agora.xtec.cat\/escolaverntallat\/wp-content\/uploads\/usu2647\/2025\/10\/IMG_8960.jpg\" alt=\"\" width=\"640\" height=\"534\" srcset=\"https:\/\/agora.xtec.cat\/escolaverntallat\/wp-content\/uploads\/usu2647\/2025\/10\/IMG_8960.jpg 640w, https:\/\/agora.xtec.cat\/escolaverntallat\/wp-content\/uploads\/usu2647\/2025\/10\/IMG_8960-300x250.jpg 300w\" sizes=\"auto, (max-width: 640px) 100vw, 640px\" \/><\/a><\/td>\n<td style=\"width: 50%; height: 10px; border-color: #ffffff; background-color: #ffffff;\"><\/td>\n<\/tr>\n<\/tbody>\n<\/table>\n<p>&nbsp;<\/p>\n<table style=\"width: 100%; border-collapse: collapse; border-color: #ffffff; background-color: #ffffff; height: 181px;\">\n<tbody>\n<tr style=\"border-color: #ffffff; background-color: #ffffff;\">\n<td style=\"width: 50%; border-color: #ffffff; background-color: #ffffff; height: 181px;\">\n<h3><strong>PERSONAL DE PAS<\/strong><\/h3>\n<p>Conserge: Carlos Lorenzo<\/p>\n<p>Administrativa: Merc\u00e8 Casals<\/td>\n<td style=\"width: 50%; border-color: #ffffff; background-color: #ffffff; height: 181px;\"><\/td>\n<\/tr>\n<\/tbody>\n<\/table>\n<p><a href=\"https:\/\/agora.xtec.cat\/escolaverntallat\/whatsapp-image-2024-10-14-at-09-36-41\/\"><img loading=\"lazy\" decoding=\"async\" class=\"aligncenter wp-image-2236 size-large\" src=\"https:\/\/agora.xtec.cat\/escolaverntallat\/wp-content\/uploads\/usu2647\/2024\/10\/WhatsApp-Image-2024-10-14-at-09.36.41-1024x768.jpeg\" alt=\"\" width=\"1024\" height=\"768\" srcset=\"https:\/\/agora.xtec.cat\/escolaverntallat\/wp-content\/uploads\/usu2647\/2024\/10\/WhatsApp-Image-2024-10-14-at-09.36.41-1024x768.jpeg 1024w, https:\/\/agora.xtec.cat\/escolaverntallat\/wp-content\/uploads\/usu2647\/2024\/10\/WhatsApp-Image-2024-10-14-at-09.36.41-300x225.jpeg 300w, https:\/\/agora.xtec.cat\/escolaverntallat\/wp-content\/uploads\/usu2647\/2024\/10\/WhatsApp-Image-2024-10-14-at-09.36.41-768x576.jpeg 768w, https:\/\/agora.xtec.cat\/escolaverntallat\/wp-content\/uploads\/usu2647\/2024\/10\/WhatsApp-Image-2024-10-14-at-09.36.41-1536x1152.jpeg 1536w, https:\/\/agora.xtec.cat\/escolaverntallat\/wp-content\/uploads\/usu2647\/2024\/10\/WhatsApp-Image-2024-10-14-at-09.36.41-200x150.jpeg 200w, https:\/\/agora.xtec.cat\/escolaverntallat\/wp-content\/uploads\/usu2647\/2024\/10\/WhatsApp-Image-2024-10-14-at-09.36.41.jpeg 1600w\" sizes=\"auto, (max-width: 1024px) 100vw, 1024px\" \/><\/a><\/p>\n","protected":false},"excerpt":{"rendered":"<p>&nbsp; EQUIP DIRECTIU Montse Batlle Eva Casta\u00f1er Anna Villatoro INFANTIL Tutora de I3: Llu\u00efsa Casado Tutora de I4 &#8211; I5: Anna Riu Suport Infantil:\u00a0 Mireia Vilalta Cub\u00ed PRIM\u00c0RIA Tutora de 1rA: Gemma Picola Tutora de 1rB: Anna Palomeras Tutora de 2n: Nuri Rich Tutor de 3rA: Merc\u00e8 Montserrat Tutora de 3rB: Ruth Morat\u00f3 Tutor de [&hellip;]<\/p>\n","protected":false},"author":1,"featured_media":0,"parent":22,"menu_order":0,"comment_status":"closed","ping_status":"closed","template":"page-templates\/side-menu.php","meta":{"_bbp_topic_count":0,"_bbp_reply_count":0,"_bbp_total_topic_count":0,"_bbp_total_reply_count":0,"_bbp_voice_count":0,"_bbp_anonymous_reply_count":0,"_bbp_topic_count_hidden":0,"_bbp_reply_count_hidden":0,"_bbp_forum_subforum_count":0,"site-sidebar-layout":"default","site-content-layout":"","ast-site-content-layout":"","site-content-style":"default","site-sidebar-style":"default","ast-global-header-display":"","ast-banner-title-visibility":"","ast-main-header-display":"","ast-hfb-above-header-display":"","ast-hfb-below-header-display":"","ast-hfb-mobile-header-display":"","site-post-title":"","ast-breadcrumbs-content":"","ast-featured-img":"","footer-sml-layout":"","theme-transparent-header-meta":"","adv-header-id-meta":"","stick-header-meta":"","header-above-stick-meta":"","header-main-stick-meta":"","header-below-stick-meta":"","astra-migrate-meta-layouts":"default","ast-page-background-enabled":"default","ast-page-background-meta":{"desktop":{"background-color":"var(--ast-global-color-4)","background-image":"","background-repeat":"repeat","background-position":"center center","background-size":"auto","background-attachment":"scroll","background-type":"","background-media":"","overlay-type":"","overlay-color":"","overlay-opacity":"","overlay-gradient":""},"tablet":{"background-color":"","background-image":"","background-repeat":"repeat","background-position":"center center","background-size":"auto","background-attachment":"scroll","background-type":"","background-media":"","overlay-type":"","overlay-color":"","overlay-opacity":"","overlay-gradient":""},"mobile":{"background-color":"","background-image":"","background-repeat":"repeat","background-position":"center center","background-size":"auto","background-attachment":"scroll","background-type":"","background-media":"","overlay-type":"","overlay-color":"","overlay-opacity":"","overlay-gradient":""}},"ast-content-background-meta":{"desktop":{"background-color":"var(--ast-global-color-5)","background-image":"","background-repeat":"repeat","background-position":"center center","background-size":"auto","background-attachment":"scroll","background-type":"","background-media":"","overlay-type":"","overlay-color":"","overlay-opacity":"","overlay-gradient":""},"tablet":{"background-color":"var(--ast-global-color-5)","background-image":"","background-repeat":"repeat","background-position":"center center","background-size":"auto","background-attachment":"scroll","background-type":"","background-media":"","overlay-type":"","overlay-color":"","overlay-opacity":"","overlay-gradient":""},"mobile":{"background-color":"var(--ast-global-color-5)","background-image":"","background-repeat":"repeat","background-position":"center center","background-size":"auto","background-attachment":"scroll","background-type":"","background-media":"","overlay-type":"","overlay-color":"","overlay-opacity":"","overlay-gradient":""}},"footnotes":""},"class_list":["post-673","page","type-page","status-publish","hentry"],"post_mailing_queue_ids":[],"_links":{"self":[{"href":"https:\/\/agora.xtec.cat\/escolaverntallat\/wp-json\/wp\/v2\/pages\/673","targetHints":{"allow":["GET"]}}],"collection":[{"href":"https:\/\/agora.xtec.cat\/escolaverntallat\/wp-json\/wp\/v2\/pages"}],"about":[{"href":"https:\/\/agora.xtec.cat\/escolaverntallat\/wp-json\/wp\/v2\/types\/page"}],"author":[{"embeddable":true,"href":"https:\/\/agora.xtec.cat\/escolaverntallat\/wp-json\/wp\/v2\/users\/1"}],"replies":[{"embeddable":true,"href":"https:\/\/agora.xtec.cat\/escolaverntallat\/wp-json\/wp\/v2\/comments?post=673"}],"version-history":[{"count":7,"href":"https:\/\/agora.xtec.cat\/escolaverntallat\/wp-json\/wp\/v2\/pages\/673\/revisions"}],"predecessor-version":[{"id":2591,"href":"https:\/\/agora.xtec.cat\/escolaverntallat\/wp-json\/wp\/v2\/pages\/673\/revisions\/2591"}],"up":[{"embeddable":true,"href":"https:\/\/agora.xtec.cat\/escolaverntallat\/wp-json\/wp\/v2\/pages\/22"}],"wp:attachment":[{"href":"https:\/\/agora.xtec.cat\/escolaverntallat\/wp-json\/wp\/v2\/media?parent=673"}],"curies":[{"name":"wp","href":"https:\/\/api.w.org\/{rel}","templated":true}]}}

<p>&nbsp;</p>
<table style="height: 621px; width: 100%; border-collapse: collapse; border-color: #ffffff; background-color: #ffffff;" border="0px">
<tbody>
<tr style="height: 186px; border-color: #ffffff; background-color: #ffffff;">
<td style="width: 50%; height: 186px; border-color: #ffffff; background-color: #ffffff;">
<h3><strong>EQUIP DIRECTIU</strong></h3>
<p>Montse Batlle</p>
<p>Eva Castañer</p>
<p>Anna Villatoro</td>
<td style="width: 50%; height: 186px; border-color: #ffffff; background-color: #ffffff;">
<h3 style="text-align: left;"><strong>INFANTIL</strong></h3>
<p>Tutora de I3: Lluïsa Casado</p>
<p>Tutora de I4 &#8211; I5: Anna Riu</p>
<p>Suport Infantil:  Mireia Vilalta Cubí</td>
</tr>
<tr style="height: 425px; border-color: #ffffff; background-color: #ffffff;">
<td style="width: 50%; height: 425px; border-color: #ffffff; background-color: #ffffff;">
<h3><strong>PRIMÀRIA</strong></h3>
<p>Tutora de 1rA: Gemma Picola</p>
<p>Tutora de 1rB: Anna Palomeras</p>
<p>Tutora de 2n: Nuri Rich</p>
<p>Tutor de 3rA: Mercè Montserrat</p>
<p>Tutora de 3rB: Ruth Morató</p>
<p>Tutor de 4tA: Ramon Garcia</p>
<p>Tutor de 4tB: Jordi Masdeu</p>
<p>Tutora de 5è: Anna Villatoro</p>
<p>Tutora de 6èA: Montse Noguer</p>
<p>Tutora de 6èB: Irene Solano</td>
<td style="width: 50%; height: 425px; border-color: #ffffff; background-color: #ffffff;">
<h3><strong>ESPECIALISTES</strong></h3>
<p>Educació Especial: Irene Solano</p>
<p>Anglès: Bet Tarré i Ruth Morató</p>
<p>Musical: Laura Plasència</p>
<p>Educació Física: Marga Ferrés</p>
<p>Religió: Margarita Vidal</p>
<p>&nbsp;</p>
<p>&nbsp;</p>
<p>&nbsp;</td>
</tr>
<tr style="height: 146px; border-color: #ffffff; background-color: #ffffff;">
<td style="width: 50%; height: 10px; border-color: #ffffff; background-color: #ffffff;"><a href="https://agora.xtec.cat/escolaverntallat/lescola/qui-som/attachment/img_8960/" rel="attachment wp-att-2590"><img loading="lazy" decoding="async" class="aligncenter size-full wp-image-2590" src="https://agora.xtec.cat/escolaverntallat/wp-content/uploads/usu2647/2025/10/IMG_8960.jpg" alt="" width="640" height="534" srcset="https://agora.xtec.cat/escolaverntallat/wp-content/uploads/usu2647/2025/10/IMG_8960.jpg 640w, https://agora.xtec.cat/escolaverntallat/wp-content/uploads/usu2647/2025/10/IMG_8960-300x250.jpg 300w" sizes="auto, (max-width: 640px) 100vw, 640px" /></a></td>
<td style="width: 50%; height: 10px; border-color: #ffffff; background-color: #ffffff;"></td>
</tr>
</tbody>
</table>
<p>&nbsp;</p>
<table style="width: 100%; border-collapse: collapse; border-color: #ffffff; background-color: #ffffff; height: 181px;">
<tbody>
<tr style="border-color: #ffffff; background-color: #ffffff;">
<td style="width: 50%; border-color: #ffffff; background-color: #ffffff; height: 181px;">
<h3><strong>PERSONAL DE PAS</strong></h3>
<p>Conserge: Carlos Lorenzo</p>
<p>Administrativa: Mercè Casals</td>
<td style="width: 50%; border-color: #ffffff; background-color: #ffffff; height: 181px;"></td>
</tr>
</tbody>
</table>
<p><a href="https://agora.xtec.cat/escolaverntallat/whatsapp-image-2024-10-14-at-09-36-41/"><img loading="lazy" decoding="async" class="aligncenter wp-image-2236 size-large" src="https://agora.xtec.cat/escolaverntallat/wp-content/uploads/usu2647/2024/10/WhatsApp-Image-2024-10-14-at-09.36.41-1024x768.jpeg" alt="" width="1024" height="768" srcset="https://agora.xtec.cat/escolaverntallat/wp-content/uploads/usu2647/2024/10/WhatsApp-Image-2024-10-14-at-09.36.41-1024x768.jpeg 1024w, https://agora.xtec.cat/escolaverntallat/wp-content/uploads/usu2647/2024/10/WhatsApp-Image-2024-10-14-at-09.36.41-300x225.jpeg 300w, https://agora.xtec.cat/escolaverntallat/wp-content/uploads/usu2647/2024/10/WhatsApp-Image-2024-10-14-at-09.36.41-768x576.jpeg 768w, https://agora.xtec.cat/escolaverntallat/wp-content/uploads/usu2647/2024/10/WhatsApp-Image-2024-10-14-at-09.36.41-1536x1152.jpeg 1536w, https://agora.xtec.cat/escolaverntallat/wp-content/uploads/usu2647/2024/10/WhatsApp-Image-2024-10-14-at-09.36.41-200x150.jpeg 200w, https://agora.xtec.cat/escolaverntallat/wp-content/uploads/usu2647/2024/10/WhatsApp-Image-2024-10-14-at-09.36.41.jpeg 1600w" sizes="auto, (max-width: 1024px) 100vw, 1024px" /></a></p>

<p>&nbsp; EQUIP DIRECTIU Montse Batlle Eva Castañer Anna Villatoro INFANTIL Tutora de I3: Lluïsa Casado Tutora de I4 &#8211; I5: Anna Riu Suport Infantil:  Mireia Vilalta Cubí PRIMÀRIA Tutora de 1rA: Gemma Picola Tutora de 1rB: Anna Palomeras Tutora de 2n: Nuri Rich Tutor de 3rA: Mercè Montserrat Tutora de 3rB: Ruth Morató Tutor de [&hellip;]</p>
