{"id":1811,"date":"2023-06-12T12:48:32","date_gmt":"2023-06-12T10:48:32","guid":{"rendered":"https:\/\/agora.xtec.cat\/escolaverntallat\/?page_id=1811"},"modified":"2026-04-17T09:37:37","modified_gmt":"2026-04-17T07:37:37","slug":"autoritzacions","status":"publish","type":"page","link":"https:\/\/agora.xtec.cat\/escolaverntallat\/autoritzacions\/","title":{"rendered":"Autoritzacions"},"content":{"rendered":"<h2>Autoritzacions<\/h2>\n<p>Autoritzaci\u00f3 Sortides. <a href=\"https:\/\/drive.google.com\/file\/d\/1Q1L32Zh3woHZCEz2-2xDSvWdWYKPRV3o\/view?usp=sharing\" target=\"_blank\" rel=\"noopener\"><strong>\ud83d\udce5Sortides<\/strong><\/a><\/p>\n<p>Autoritzaci\u00f3 de marxar sol. <a href=\"https:\/\/drive.google.com\/file\/d\/1LdUa0yklHfQTxCvhYSgZbbSoa_lGpi-Z\/view?usp=sharing\" target=\"_blank\" rel=\"noopener\"><strong>\ud83d\udce5 Marxar sol<\/strong><\/a><\/p>\n<p>Autoritzaci\u00f3 Drets d&#8217;imatge. <a href=\"https:\/\/drive.google.com\/file\/d\/1remGsxggWBYmQUsULmVpatkCjisNa1l2\/view?usp=sharing\" target=\"_blank\" rel=\"noopener\"><strong> \ud83d\udce5 Drets d&#8217;imatge<\/strong><\/a><\/p>\n<p>Autoritzaci\u00f3 Recursos Digitals. <a href=\"https:\/\/drive.google.com\/file\/d\/17NWGSSXwH1KvXwh7Xe6HfQOyu7bPPNu5\/view?usp=sharing\" target=\"_blank\" rel=\"noopener\"><strong> \ud83d\udce5 Recursos Digitals<\/strong><\/a><\/p>\n<p>Av\u00eds de retards o abs\u00e8ncies. <a href=\"https:\/\/drive.google.com\/file\/d\/12AA7ayLD7uRaVBeeE6vLWyyDTxJBFdFP\/view?usp=sharing\" target=\"_blank\" rel=\"noopener\"><strong>\ud83d\udce5 Retards o abs\u00e8ncies<\/strong><\/a><\/p>\n<p>Autoritzaci\u00f3 paracetamol. <a href=\"https:\/\/drive.google.com\/file\/d\/1QpBSxzwsjgLTuWHvymfHdIYI6Lnti9u1\/view?usp=sharing\" target=\"_blank\" rel=\"noopener\"><strong>\ud83d\udce5 Autoritzaci\u00f3 paracetamol<\/strong><\/a><\/p>\n<p>Autoritzaci\u00f3 administraci\u00f3 de medicaments. <a href=\"https:\/\/drive.google.com\/file\/d\/1ioA25Kv1NCkJBQADurHgCEHZ7jy-WIPx\/view?usp=sharing\" target=\"_blank\" rel=\"noopener\"><strong>\ud83d\udce5 Autoritzaci\u00f3 administraci\u00f3 medicaments<\/strong><\/a><\/p>\n<p>Autoritzaci\u00f3 col\u00f2nies. <a href=\"https:\/\/drive.google.com\/file\/d\/1EV8IxZrwO5EvgTIPoi6C39I7qOm-adGA\/view?usp=sharing\" target=\"_blank\" rel=\"noopener\">\ud83d\udce5 <strong>Autoritzaci\u00f3 col\u00f2nies<\/strong><\/a><\/p>\n<p>Autoritzaci\u00f3 sortida transport. <a href=\"https:\/\/drive.google.com\/file\/d\/1-gj8o_rbpSith-8cJG2YYfqKGh_FuEAx\/view?usp=sharing\" target=\"_blank\" rel=\"noopener\">\ud83d\udce5 <strong>Autoritzaci\u00f3 sortida transport<\/strong><\/a><\/p>\n<p>Autoritzaci\u00f3 recollida d&#8217;alumnat <a href=\"https:\/\/drive.google.com\/file\/d\/1PB0WmY2F0PC-nVf-j9LVp7a2yqHuRtSa\/view?usp=sharing\" target=\"_blank\" rel=\"noopener\">\ud83d\udce5 <strong>Autoritzaci\u00f3 recollida d&#8217;alumnat<\/strong><\/a><\/p>\n","protected":false},"excerpt":{"rendered":"<p>Autoritzacions Autoritzaci\u00f3 Sortides. \ud83d\udce5Sortides Autoritzaci\u00f3 de marxar sol. \ud83d\udce5 Marxar sol Autoritzaci\u00f3 Drets d&#8217;imatge. \ud83d\udce5 Drets d&#8217;imatge Autoritzaci\u00f3 Recursos Digitals. \ud83d\udce5 Recursos Digitals Av\u00eds de retards o abs\u00e8ncies. \ud83d\udce5 Retards o abs\u00e8ncies Autoritzaci\u00f3 paracetamol. \ud83d\udce5 Autoritzaci\u00f3 paracetamol Autoritzaci\u00f3 administraci\u00f3 de medicaments. \ud83d\udce5 Autoritzaci\u00f3 administraci\u00f3 medicaments Autoritzaci\u00f3 col\u00f2nies. \ud83d\udce5 Autoritzaci\u00f3 col\u00f2nies Autoritzaci\u00f3 sortida transport. \ud83d\udce5 Autoritzaci\u00f3 [&hellip;]<\/p>\n","protected":false},"author":3,"featured_media":0,"parent":0,"menu_order":0,"comment_status":"closed","ping_status":"closed","template":"","meta":{"_bbp_topic_count":0,"_bbp_reply_count":0,"_bbp_total_topic_count":0,"_bbp_total_reply_count":0,"_bbp_voice_count":0,"_bbp_anonymous_reply_count":0,"_bbp_topic_count_hidden":0,"_bbp_reply_count_hidden":0,"_bbp_forum_subforum_count":0,"site-sidebar-layout":"default","site-content-layout":"","ast-site-content-layout":"default","site-content-style":"default","site-sidebar-style":"default","ast-global-header-display":"","ast-banner-title-visibility":"","ast-main-header-display":"","ast-hfb-above-header-display":"","ast-hfb-below-header-display":"","ast-hfb-mobile-header-display":"","site-post-title":"","ast-breadcrumbs-content":"","ast-featured-img":"","footer-sml-layout":"","theme-transparent-header-meta":"default","adv-header-id-meta":"","stick-header-meta":"","header-above-stick-meta":"","header-main-stick-meta":"","header-below-stick-meta":"","astra-migrate-meta-layouts":"set","ast-page-background-enabled":"default","ast-page-background-meta":{"desktop":{"background-color":"var(--ast-global-color-4)","background-image":"","background-repeat":"repeat","background-position":"center center","background-size":"auto","background-attachment":"scroll","background-type":"","background-media":"","overlay-type":"","overlay-color":"","overlay-opacity":"","overlay-gradient":""},"tablet":{"background-color":"","background-image":"","background-repeat":"repeat","background-position":"center center","background-size":"auto","background-attachment":"scroll","background-type":"","background-media":"","overlay-type":"","overlay-color":"","overlay-opacity":"","overlay-gradient":""},"mobile":{"background-color":"","background-image":"","background-repeat":"repeat","background-position":"center center","background-size":"auto","background-attachment":"scroll","background-type":"","background-media":"","overlay-type":"","overlay-color":"","overlay-opacity":"","overlay-gradient":""}},"ast-content-background-meta":{"desktop":{"background-color":"var(--ast-global-color-5)","background-image":"","background-repeat":"repeat","background-position":"center center","background-size":"auto","background-attachment":"scroll","background-type":"","background-media":"","overlay-type":"","overlay-color":"","overlay-opacity":"","overlay-gradient":""},"tablet":{"background-color":"var(--ast-global-color-5)","background-image":"","background-repeat":"repeat","background-position":"center center","background-size":"auto","background-attachment":"scroll","background-type":"","background-media":"","overlay-type":"","overlay-color":"","overlay-opacity":"","overlay-gradient":""},"mobile":{"background-color":"var(--ast-global-color-5)","background-image":"","background-repeat":"repeat","background-position":"center center","background-size":"auto","background-attachment":"scroll","background-type":"","background-media":"","overlay-type":"","overlay-color":"","overlay-opacity":"","overlay-gradient":""}},"footnotes":""},"class_list":["post-1811","page","type-page","status-publish","hentry"],"post_mailing_queue_ids":[],"_links":{"self":[{"href":"https:\/\/agora.xtec.cat\/escolaverntallat\/wp-json\/wp\/v2\/pages\/1811","targetHints":{"allow":["GET"]}}],"collection":[{"href":"https:\/\/agora.xtec.cat\/escolaverntallat\/wp-json\/wp\/v2\/pages"}],"about":[{"href":"https:\/\/agora.xtec.cat\/escolaverntallat\/wp-json\/wp\/v2\/types\/page"}],"author":[{"embeddable":true,"href":"https:\/\/agora.xtec.cat\/escolaverntallat\/wp-json\/wp\/v2\/users\/3"}],"replies":[{"embeddable":true,"href":"https:\/\/agora.xtec.cat\/escolaverntallat\/wp-json\/wp\/v2\/comments?post=1811"}],"version-history":[{"count":6,"href":"https:\/\/agora.xtec.cat\/escolaverntallat\/wp-json\/wp\/v2\/pages\/1811\/revisions"}],"predecessor-version":[{"id":2728,"href":"https:\/\/agora.xtec.cat\/escolaverntallat\/wp-json\/wp\/v2\/pages\/1811\/revisions\/2728"}],"wp:attachment":[{"href":"https:\/\/agora.xtec.cat\/escolaverntallat\/wp-json\/wp\/v2\/media?parent=1811"}],"curies":[{"name":"wp","href":"https:\/\/api.w.org\/{rel}","templated":true}]}}