{"id":25736,"date":"2013-04-18T20:47:17","date_gmt":"2013-04-18T18:47:17","guid":{"rendered":"http:\/\/www.escolaverd.cat\/?page_id=55"},"modified":"2024-06-20T13:55:52","modified_gmt":"2024-06-20T11:55:52","slug":"padrins-de-lectura","status":"publish","type":"page","link":"https:\/\/agora.xtec.cat\/escolaverd\/padrins-de-lectura\/","title":{"rendered":"Padrins de lectura"},"content":{"rendered":"<p>El projecte consisteix en que els alumnes m\u00e9s grans de l&#8217;escola facin apadrinament lector als m\u00e9s petits. Hi dediquen una sessi\u00f3 setmanal de mitja hora durant 8-10 setmanes del segon trimestre.\u00a0 Hi participen els alumnes d&#8217;i5, 1r i 2n, com a fillols i filloles,\u00a0 i els de 4t, 5\u00e8 i 6\u00e8, com a padrins i padrines.<\/p>\n<p><a href=\"https:\/\/agora.xtec.cat\/escolaverd\/wp-content\/uploads\/usu2386\/2024\/06\/20240129_093352-6-scaled.jpg\"><img loading=\"lazy\" decoding=\"async\" class=\"wp-image-26665 aligncenter\" src=\"https:\/\/agora.xtec.cat\/escolaverd\/wp-content\/uploads\/usu2386\/2024\/06\/20240129_093352-6-1024x662.jpg\" alt=\"\" width=\"396\" height=\"256\" srcset=\"https:\/\/agora.xtec.cat\/escolaverd\/wp-content\/uploads\/usu2386\/2024\/06\/20240129_093352-6-1024x662.jpg 1024w, https:\/\/agora.xtec.cat\/escolaverd\/wp-content\/uploads\/usu2386\/2024\/06\/20240129_093352-6-300x194.jpg 300w, https:\/\/agora.xtec.cat\/escolaverd\/wp-content\/uploads\/usu2386\/2024\/06\/20240129_093352-6-768x496.jpg 768w, https:\/\/agora.xtec.cat\/escolaverd\/wp-content\/uploads\/usu2386\/2024\/06\/20240129_093352-6-1536x993.jpg 1536w, https:\/\/agora.xtec.cat\/escolaverd\/wp-content\/uploads\/usu2386\/2024\/06\/20240129_093352-6-2048x1324.jpg 2048w\" sizes=\"auto, (max-width: 396px) 100vw, 396px\" \/><\/a><\/p>\n<p><strong>OBJECTIUS DEL PROJECTE<\/strong><\/p>\n<p>Fomentar la conviv\u00e8ncia i la cooperaci\u00f3 entre cicles.<br \/>\nAfavorir la comunicaci\u00f3 de l&#8217;alumnat de diferents cicles.<br \/>\nMillorar la compet\u00e8ncia lectora dels alumnes.<br \/>\nEducar en la responsabilitat i en el comprom\u00eds.<br \/>\nFomentar l&#8217;aprenentatge entre iguals.<br \/>\nGaudir de la lectura.<br \/>\nPotenciar la biblioteca escolar.<\/p>\n<p><strong>TIPUS D&#8217;ACTIVITATS<\/strong><\/p>\n<p>Les activitats han estat dissenyades pels mestres tutors amb la intenci\u00f3 de treballar la lectura i la comprensi\u00f3 de diferents tipologies de textos. Es programen activitats per fer abans de la lectura (prop\u00f2sits i previs), durant la lectura (per guiar l&#8217;atenci\u00f3 i comprovar la comprensi\u00f3) i despr\u00e9s de la lectura (per elaborar infer\u00e8ncies, interpretacions i conclusions).<\/p>\n<p>&nbsp;<\/p>\n<p><strong>VALORACI\u00d3 DELS ALUMNES\u00a0\u00a0<\/strong><\/p>\n<p>Aquestes s\u00f3n algunes de les valoracions i comentaris fets pels alumnes en acabar el projecte.<\/p>\n<p><b>&#8220;<\/b><span style=\"font-family: inherit; font-size: 1em;\">El primer dia est\u00e0vem molt nerviosos per saber qui seria el nostre padr\u00ed, per\u00f2 tots ho van fer molt b\u00e9.<\/span><\/p>\n<p>Ara ens coneixem m\u00e9s amb els nens i nenes de 5\u00e8 i no tenim tanta vergonya. Amb ells hem apr\u00e8s paraules noves i ens han ajudat a llegir millor. I si no enten\u00edem un text ens l&#8217;explicaven.<\/p>\n<p>Quina pena que nom\u00e9s dur\u00e9s un trimestre! Ens hagu\u00e9s agradat continuar m\u00e9s temps treballant plegats amb els padrins!&#8221;<\/p>\n<p><i>Nens i nenes de 2n<\/i><\/p>\n<p>&nbsp;<\/p>\n<p>\u201cEl dia abans ens hav\u00edem de preparar les lectures, buscar les paraules que no enten\u00edem i preparar activitats per fer amb els nens i nenes. Ens agradava molt perqu\u00e8 semblava que \u00e9rem professors.<\/p>\n<p>Els nostres fillols i filloles van treballar molt i nosaltres els vam regalar un punt de llibre. Dies despr\u00e9s ells tamb\u00e9 ens en van regalar un per agrair la nostra ajuda\u201d.<\/p>\n<p><i>Nens i nenes de 5\u00e8<\/i><\/p>\n<p>&nbsp;<\/p>\n<p>\u201cGr\u00e0cies als nostres padrins de lectura ara podem llegir i entendre contes m\u00e9s llargs i emocionants. Vam comen\u00e7ar per hist\u00f2ries curtes i ara ja podem caminar sols per dins del m\u00f3n de les lectures d\u2019aventures i altres hist\u00f2ries\u201d.<\/p>\n<p><i>Nens i nenes de 1r<\/i><\/p>\n<p><i>\u00a0<\/i><\/p>\n<p>\u201cAquesta experi\u00e8ncia ha ajudat als nens i nenes de 1r a millorar la lectura, han apr\u00e8s noves coses com ara saber llegir amb lletra d\u2019impremta&#8230;<\/p>\n<p>Als nens i nenes de 6\u00e8, tamb\u00e9 ens ha ajudat a relacionar-nos amb nens m\u00e9s petits, a estar satisfets per l&#8217;ajuda aportada i hem tingut una oportunitat per sentir-nos responsables d&#8217;altres companys de l&#8217;escola.\u201d<\/p>\n<p><i>Nens i nenes de 6\u00e8<\/i><\/p>\n","protected":false},"excerpt":{"rendered":"<p>El projecte consisteix en que els alumnes m\u00e9s grans de l&#8217;escola facin apadrinament lector als m\u00e9s petits. Hi dediquen una sessi\u00f3 setmanal de mitja hora durant 8-10 setmanes del segon trimestre.\u00a0 Hi participen els alumnes d&#8217;i5, 1r i 2n, com a fillols i filloles,\u00a0 i els de 4t, 5\u00e8 i 6\u00e8, com a padrins i [&hellip;]<\/p>\n","protected":false},"author":16,"featured_media":0,"parent":0,"menu_order":0,"comment_status":"open","ping_status":"open","template":"","meta":{"_bbp_topic_count":0,"_bbp_reply_count":0,"_bbp_total_topic_count":0,"_bbp_total_reply_count":0,"_bbp_voice_count":0,"_bbp_anonymous_reply_count":0,"_bbp_topic_count_hidden":0,"_bbp_reply_count_hidden":0,"_bbp_forum_subforum_count":0,"site-sidebar-layout":"default","site-content-layout":"","ast-site-content-layout":"","site-content-style":"default","site-sidebar-style":"default","ast-global-header-display":"","ast-banner-title-visibility":"","ast-main-header-display":"","ast-hfb-above-header-display":"","ast-hfb-below-header-display":"","ast-hfb-mobile-header-display":"","site-post-title":"","ast-breadcrumbs-content":"","ast-featured-img":"","footer-sml-layout":"","theme-transparent-header-meta":"","adv-header-id-meta":"","stick-header-meta":"","header-above-stick-meta":"","header-main-stick-meta":"","header-below-stick-meta":"","astra-migrate-meta-layouts":"default","ast-page-background-enabled":"default","ast-page-background-meta":{"desktop":{"background-color":"var(--ast-global-color-4)","background-image":"","background-repeat":"repeat","background-position":"center center","background-size":"auto","background-attachment":"scroll","background-type":"","background-media":"","overlay-type":"","overlay-color":"","overlay-opacity":"","overlay-gradient":""},"tablet":{"background-color":"","background-image":"","background-repeat":"repeat","background-position":"center center","background-size":"auto","background-attachment":"scroll","background-type":"","background-media":"","overlay-type":"","overlay-color":"","overlay-opacity":"","overlay-gradient":""},"mobile":{"background-color":"","background-image":"","background-repeat":"repeat","background-position":"center center","background-size":"auto","background-attachment":"scroll","background-type":"","background-media":"","overlay-type":"","overlay-color":"","overlay-opacity":"","overlay-gradient":""}},"ast-content-background-meta":{"desktop":{"background-color":"var(--ast-global-color-5)","background-image":"","background-repeat":"repeat","background-position":"center center","background-size":"auto","background-attachment":"scroll","background-type":"","background-media":"","overlay-type":"","overlay-color":"","overlay-opacity":"","overlay-gradient":""},"tablet":{"background-color":"var(--ast-global-color-5)","background-image":"","background-repeat":"repeat","background-position":"center center","background-size":"auto","background-attachment":"scroll","background-type":"","background-media":"","overlay-type":"","overlay-color":"","overlay-opacity":"","overlay-gradient":""},"mobile":{"background-color":"var(--ast-global-color-5)","background-image":"","background-repeat":"repeat","background-position":"center center","background-size":"auto","background-attachment":"scroll","background-type":"","background-media":"","overlay-type":"","overlay-color":"","overlay-opacity":"","overlay-gradient":""}},"footnotes":""},"class_list":["post-25736","page","type-page","status-publish","hentry"],"post_mailing_queue_ids":[],"_links":{"self":[{"href":"https:\/\/agora.xtec.cat\/escolaverd\/wp-json\/wp\/v2\/pages\/25736","targetHints":{"allow":["GET"]}}],"collection":[{"href":"https:\/\/agora.xtec.cat\/escolaverd\/wp-json\/wp\/v2\/pages"}],"about":[{"href":"https:\/\/agora.xtec.cat\/escolaverd\/wp-json\/wp\/v2\/types\/page"}],"author":[{"embeddable":true,"href":"https:\/\/agora.xtec.cat\/escolaverd\/wp-json\/wp\/v2\/users\/16"}],"replies":[{"embeddable":true,"href":"https:\/\/agora.xtec.cat\/escolaverd\/wp-json\/wp\/v2\/comments?post=25736"}],"version-history":[{"count":5,"href":"https:\/\/agora.xtec.cat\/escolaverd\/wp-json\/wp\/v2\/pages\/25736\/revisions"}],"predecessor-version":[{"id":26668,"href":"https:\/\/agora.xtec.cat\/escolaverd\/wp-json\/wp\/v2\/pages\/25736\/revisions\/26668"}],"wp:attachment":[{"href":"https:\/\/agora.xtec.cat\/escolaverd\/wp-json\/wp\/v2\/media?parent=25736"}],"curies":[{"name":"wp","href":"https:\/\/api.w.org\/{rel}","templated":true}]}}

<p>El projecte consisteix en que els alumnes més grans de l&#8217;escola facin apadrinament lector als més petits. Hi dediquen una sessió setmanal de mitja hora durant 8-10 setmanes del segon trimestre.  Hi participen els alumnes d&#8217;i5, 1r i 2n, com a fillols i filloles,  i els de 4t, 5è i 6è, com a padrins i padrines.</p>
<p><a href="https://agora.xtec.cat/escolaverd/wp-content/uploads/usu2386/2024/06/20240129_093352-6-scaled.jpg"><img loading="lazy" decoding="async" class="wp-image-26665 aligncenter" src="https://agora.xtec.cat/escolaverd/wp-content/uploads/usu2386/2024/06/20240129_093352-6-1024x662.jpg" alt="" width="396" height="256" srcset="https://agora.xtec.cat/escolaverd/wp-content/uploads/usu2386/2024/06/20240129_093352-6-1024x662.jpg 1024w, https://agora.xtec.cat/escolaverd/wp-content/uploads/usu2386/2024/06/20240129_093352-6-300x194.jpg 300w, https://agora.xtec.cat/escolaverd/wp-content/uploads/usu2386/2024/06/20240129_093352-6-768x496.jpg 768w, https://agora.xtec.cat/escolaverd/wp-content/uploads/usu2386/2024/06/20240129_093352-6-1536x993.jpg 1536w, https://agora.xtec.cat/escolaverd/wp-content/uploads/usu2386/2024/06/20240129_093352-6-2048x1324.jpg 2048w" sizes="auto, (max-width: 396px) 100vw, 396px" /></a></p>
<p><strong>OBJECTIUS DEL PROJECTE</strong></p>
<p>Fomentar la convivència i la cooperació entre cicles.<br />
Afavorir la comunicació de l&#8217;alumnat de diferents cicles.<br />
Millorar la competència lectora dels alumnes.<br />
Educar en la responsabilitat i en el compromís.<br />
Fomentar l&#8217;aprenentatge entre iguals.<br />
Gaudir de la lectura.<br />
Potenciar la biblioteca escolar.</p>
<p><strong>TIPUS D&#8217;ACTIVITATS</strong></p>
<p>Les activitats han estat dissenyades pels mestres tutors amb la intenció de treballar la lectura i la comprensió de diferents tipologies de textos. Es programen activitats per fer abans de la lectura (propòsits i previs), durant la lectura (per guiar l&#8217;atenció i comprovar la comprensió) i després de la lectura (per elaborar inferències, interpretacions i conclusions).</p>
<p>&nbsp;</p>
<p><strong>VALORACIÓ DELS ALUMNES  </strong></p>
<p>Aquestes són algunes de les valoracions i comentaris fets pels alumnes en acabar el projecte.</p>
<p><b>&#8220;</b><span style="font-family: inherit; font-size: 1em;">El primer dia estàvem molt nerviosos per saber qui seria el nostre padrí, però tots ho van fer molt bé.</span></p>
<p>Ara ens coneixem més amb els nens i nenes de 5è i no tenim tanta vergonya. Amb ells hem après paraules noves i ens han ajudat a llegir millor. I si no enteníem un text ens l&#8217;explicaven.</p>
<p>Quina pena que només durés un trimestre! Ens hagués agradat continuar més temps treballant plegats amb els padrins!&#8221;</p>
<p><i>Nens i nenes de 2n</i></p>
<p>&nbsp;</p>
<p>“El dia abans ens havíem de preparar les lectures, buscar les paraules que no enteníem i preparar activitats per fer amb els nens i nenes. Ens agradava molt perquè semblava que érem professors.</p>
<p>Els nostres fillols i filloles van treballar molt i nosaltres els vam regalar un punt de llibre. Dies després ells també ens en van regalar un per agrair la nostra ajuda”.</p>
<p><i>Nens i nenes de 5è</i></p>
<p>&nbsp;</p>
<p>“Gràcies als nostres padrins de lectura ara podem llegir i entendre contes més llargs i emocionants. Vam començar per històries curtes i ara ja podem caminar sols per dins del món de les lectures d’aventures i altres històries”.</p>
<p><i>Nens i nenes de 1r</i></p>
<p><i> </i></p>
<p>“Aquesta experiència ha ajudat als nens i nenes de 1r a millorar la lectura, han après noves coses com ara saber llegir amb lletra d’impremta&#8230;</p>
<p>Als nens i nenes de 6è, també ens ha ajudat a relacionar-nos amb nens més petits, a estar satisfets per l&#8217;ajuda aportada i hem tingut una oportunitat per sentir-nos responsables d&#8217;altres companys de l&#8217;escola.”</p>
<p><i>Nens i nenes de 6è</i></p>

<p>El projecte consisteix en que els alumnes més grans de l&#8217;escola facin apadrinament lector als més petits. Hi dediquen una sessió setmanal de mitja hora durant 8-10 setmanes del segon trimestre.  Hi participen els alumnes d&#8217;i5, 1r i 2n, com a fillols i filloles,  i els de 4t, 5è i 6è, com a padrins i [&hellip;]</p>
