{"id":524,"date":"2019-05-22T13:28:21","date_gmt":"2019-05-22T11:28:21","guid":{"rendered":"https:\/\/agora.xtec.cat\/escolaventuragassol\/?page_id=524"},"modified":"2025-12-01T18:04:26","modified_gmt":"2025-12-01T17:04:26","slug":"consell-escolar","status":"publish","type":"page","link":"https:\/\/agora.xtec.cat\/escolaventuragassol\/lescola\/recursos\/consell-escolar\/","title":{"rendered":"Consell escolar"},"content":{"rendered":"<p>El consell escolar del centre\u00a0<strong>\u00e9s<\/strong>\u00a0l\u2019<strong>\u00f2rgan col\u00b7legiat de participaci\u00f3<\/strong> de la comunitat escolar en el govern del centre. En el consell escolar hi ha representats tots els col\u00b7lectius que intervenen en la comunitat educativa: professorat, ajuntament, AMPA, fam\u00edlies i personal d\u2019administraci\u00f3 i serveis.<\/p>\n<p><strong>La funci\u00f3 principal del consell escolar \u00e9s<\/strong>\u00a0participar en la presa de decisions en relaci\u00f3 amb aquells temes importants per al funcionament i l\u2019organitzaci\u00f3 del centre: el projecte educatiu, la programaci\u00f3 general, la gesti\u00f3 econ\u00f2mica, etc<\/p>\n<p><strong>Els membres del consell escolar s\u00f3n<\/strong> elegits per un per\u00edode de quatre anys i es renoven per meitats cada dos anys.<\/p>\n<p>El consell escolar renovat s\u2019ha de constituir abans de finalitzar el per\u00edode lectiu del mes de desembre. Les eleccions per a la constituci\u00f3 o renovaci\u00f3 de membres del consell escolar, les convoca el director o directora del centre, amb quinze dies d\u2019antelaci\u00f3, dintre del per\u00edode que fixa el Departament d\u2019Educaci\u00f3.<\/p>\n<p>Les vacants del consell escolar s\u2019han d\u2019ocupar pel procediment establert a les normes d\u2019organitzaci\u00f3 i funcionament del centre; si aquestes no ho preveuen, les ha d\u2019ocupar la seg\u00fcent candidatura m\u00e9s votada en les darreres eleccions. Si no hi ha m\u00e9s candidats o candidates per cobrir-les, romanen sense cobrir fins a la propera renovaci\u00f3 del consell escolar.<\/p>\n<p>La condici\u00f3 de membre del consell escolar es perd quan es deixa el c\u00e0rrec que comporta ser-ne membre, quan es deixa de complir algun dels requisits per ser elegible o quan l\u2019\u00f2rgan que l\u2019ha designat en revoca la designaci\u00f3.<\/p>\n<table class=\" aligncenter\" style=\"height: 585px; width: 53.5226%; border-collapse: collapse;\">\n<tbody>\n<tr style=\"height: 32px; background-color: #000000;\">\n<td style=\"width: 58.9773%; height: 32px; background-color: #ffffff; text-align: center;\"><strong>FUNCI\u00d3<\/strong><\/td>\n<td style=\"width: 449.884%; height: 32px; background-color: #ffffff; text-align: center;\"><strong>NOM<\/strong><\/td>\n<\/tr>\n<tr style=\"background-color: #f27979;\">\n<td style=\"width: 58.9773%; height: 32px;\"><strong>Directora\u00a0<\/strong>(presidenta del Consell Escolar)<\/td>\n<td style=\"width: 449.884%; height: 32px;\">Carolina Sabat\u00e9 Segura<\/td>\n<\/tr>\n<tr style=\"background-color: #f27979;\">\n<td style=\"width: 58.9773%; height: 32px;\"><strong>Cap d&#8217;estudis<\/strong><\/td>\n<td style=\"width: 449.884%; height: 32px;\">S\u00edlvia Andr\u00e9s Bofarull<\/td>\n<\/tr>\n<tr style=\"background-color: #f27979;\">\n<td style=\"width: 58.9773%; height: 32px;\"><strong>Secret\u00e0ria\u00a0<\/strong>(amb veu i sense vot)<\/td>\n<td style=\"width: 449.884%; height: 32px;\">Montserrat Hortoneda Marqu\u00e8s<\/td>\n<\/tr>\n<tr style=\"height: 32px; background-color: #f09e75;\">\n<td style=\"width: 58.9773%; height: 32px;\"><strong>Representant de l&#8217;Ajuntament del Morell<\/strong><\/td>\n<td style=\"width: 449.884%; height: 32px;\">Erika Moreno G\u00f3mez<\/td>\n<\/tr>\n<tr style=\"height: 32px; background-color: #f7e36d;\">\n<td style=\"width: 58.9773%; height: 32px;\"><strong>Representant del PAS<\/strong><\/td>\n<td style=\"width: 449.884%; height: 32px;\">Sergio Torres Gonz\u00e1lez<\/td>\n<\/tr>\n<tr style=\"background-color: #cce37f;\">\n<td style=\"width: 58.9773%; height: 32px;\"><strong>Representant del professorat<\/strong><\/td>\n<td style=\"width: 449.884%; height: 32px;\">Sandra Duran Carranza<\/td>\n<\/tr>\n<tr style=\"background-color: #cce37f;\">\n<td style=\"width: 58.9773%; height: 32px;\"><strong>Representant del professorat<\/strong><\/td>\n<td style=\"width: 449.884%; height: 32px;\">Francisca P\u00e9rez Ram\u00edrez<\/td>\n<\/tr>\n<tr style=\"background-color: #cce37f;\">\n<td style=\"width: 58.9773%; height: 32px;\"><strong>Representant del professorat<\/strong><\/td>\n<td style=\"width: 449.884%; height: 32px;\">Meritxell Aluja Balcells<\/td>\n<\/tr>\n<tr style=\"background-color: #cce37f;\">\n<td style=\"width: 58.9773%; height: 32px;\"><strong>Representant del professorat<\/strong><\/td>\n<td style=\"width: 449.884%; height: 32px;\">Patr\u00edcia Bargall\u00f3 Viera<\/td>\n<\/tr>\n<tr style=\"background-color: #cce37f;\">\n<td style=\"width: 58.9773%; height: 32px;\"><strong>Representant del professorat<\/strong><\/td>\n<td style=\"width: 449.884%; height: 32px;\">Montserrat Fabregat Mercad\u00e9<\/td>\n<\/tr>\n<tr>\n<td style=\"width: 58.9773%; background-color: #cce37f;\"><strong>Representant del professorat<\/strong><\/td>\n<td style=\"width: 449.884%; background-color: #cce37f;\">Antonio Garc\u00eda-Ramos Labata<\/td>\n<\/tr>\n<tr style=\"background-color: #7e95c2;\">\n<td style=\"width: 58.9773%; height: 32px;\"><strong>Representant de les fam\u00edlies<\/strong><\/td>\n<td style=\"width: 449.884%; height: 32px;\">Jordi Espa\u00f1ol Maqueda<\/td>\n<\/tr>\n<tr style=\"background-color: #7e95c2;\">\n<td style=\"width: 58.9773%; height: 32px;\"><strong>Representant de les fam\u00edlies<\/strong><\/td>\n<td style=\"width: 449.884%; height: 32px;\">Montserrat Masip Canyellas<\/td>\n<\/tr>\n<tr style=\"background-color: #7e95c2;\">\n<td style=\"width: 58.9773%; height: 32px;\"><strong>Representant de les fam\u00edlies<\/strong><\/td>\n<td style=\"width: 449.884%; height: 32px;\">Vanessa N\u00fa\u00f1ez Roa<\/td>\n<\/tr>\n<tr style=\"background-color: #7e95c2;\">\n<td style=\"width: 58.9773%; height: 32px;\"><strong>Representant de les fam\u00edlies<\/strong><\/td>\n<td style=\"width: 449.884%; height: 32px;\">Laia Huguet Calder\u00f3<\/td>\n<\/tr>\n<tr style=\"background-color: #7e95c2;\">\n<td style=\"width: 58.9773%; height: 32px;\"><strong>Representant de les fam\u00edlies<\/strong><\/td>\n<td style=\"width: 449.884%; height: 32px;\">Catalina Silva Ragel<\/td>\n<\/tr>\n<tr style=\"background-color: #1d96b8; height: 32px;\">\n<td style=\"width: 58.9773%; height: 32px;\"><strong>Representant de l&#8217;AMPA<\/strong><\/td>\n<td style=\"width: 449.884%; height: 32px;\">Gemma Garc\u00eda Garc\u00eda<\/td>\n<\/tr>\n<\/tbody>\n<\/table>\n<div data-a2a-url=\"https:\/\/agora.xtec.cat\/esc-josepveciana\/lescola\/consell-escolar\/\" data-a2a-title=\"Consell escolar\"><\/div>\n<div data-a2a-url=\"https:\/\/agora.xtec.cat\/esc-josepveciana\/lescola\/consell-escolar\/\" data-a2a-title=\"Consell escolar\">\n<p>&nbsp;<\/p>\n<\/div>\n<div data-a2a-url=\"https:\/\/agora.xtec.cat\/esc-josepveciana\/lescola\/consell-escolar\/\" data-a2a-title=\"Consell escolar\"><\/div>\n<div data-a2a-url=\"https:\/\/agora.xtec.cat\/esc-josepveciana\/lescola\/consell-escolar\/\" data-a2a-title=\"Consell escolar\"><span style=\"text-decoration: underline;\"><strong>Funcions del consell escolar dels centres p\u00fablics:<\/strong><\/span><\/div>\n<div data-a2a-url=\"https:\/\/agora.xtec.cat\/esc-josepveciana\/lescola\/consell-escolar\/\" data-a2a-title=\"Consell escolar\">\n<p>&nbsp;<\/p>\n<\/div>\n<div data-a2a-url=\"https:\/\/agora.xtec.cat\/esc-josepveciana\/lescola\/consell-escolar\/\" data-a2a-title=\"Consell escolar\"><span style=\"font-family: inherit; font-size: 1em;\">Corresponen al consell escolar les funcions seg\u00fcents:<\/span><\/div>\n<div data-a2a-url=\"https:\/\/agora.xtec.cat\/esc-josepveciana\/lescola\/consell-escolar\/\" data-a2a-title=\"Consell escolar\"><\/div>\n<div data-a2a-url=\"https:\/\/agora.xtec.cat\/esc-josepveciana\/lescola\/consell-escolar\/\" data-a2a-title=\"Consell escolar\">\n<ul>\n<li>Aprovar el projecte educatiu i les modificacions corresponents per una majoria de tres cinquenes parts dels membres.<\/li>\n<li>Aprovar la programaci\u00f3 general anual del centre i avaluar-ne el desenvolupament i els resultats.<\/li>\n<li>Aprovar les propostes d&#8217;acords de corresponsabilitat, convenis i altres acords de col\u00b7laboraci\u00f3 del centre amb entitats o institucions.<\/li>\n<li>Aprovar les normes d&#8217;organitzaci\u00f3 i funcionament i les modificacions corresponents.<\/li>\n<li>Aprovar la carta de comprom\u00eds educatiu.<\/li>\n<li>Aprovar el pressupost del centre i el rendiment de comptes.<\/li>\n<li>Intervenir en el procediment d&#8217;admissi\u00f3 d&#8217;alumnes.<\/li>\n<li>Participar en el procediment de selecci\u00f3 i en la proposta de cessament del director o directora.<\/li>\n<li>Intervenir en la resoluci\u00f3 dels conflictes i, si escau, revisar les sancions als alumnes.<\/li>\n<li>Aprovar les directrius per a la programaci\u00f3 d&#8217;activitats escolars complement\u00e0ries i d&#8217;activitats extraescolars, i avaluar-ne el desenvolupament.<\/li>\n<li>Participar en les an\u00e0lisis i les avaluacions del funcionament general del centre i con\u00e8ixer l&#8217;evoluci\u00f3 del rendiment escolar.<\/li>\n<li>Aprovar els criteris de col\u00b7laboraci\u00f3 amb altres centres i amb l&#8217;entorn.<\/li>\n<li>Qualsevol altra que li sigui atribu\u00efda per les normes legals o reglament\u00e0ries.<\/li>\n<\/ul>\n<\/div>\n<div data-a2a-url=\"https:\/\/agora.xtec.cat\/esc-josepveciana\/lescola\/consell-escolar\/\" data-a2a-title=\"Consell escolar\"><\/div>\n<div data-a2a-url=\"https:\/\/agora.xtec.cat\/esc-josepveciana\/lescola\/consell-escolar\/\" data-a2a-title=\"Consell escolar\"><\/div>\n<div data-a2a-url=\"https:\/\/agora.xtec.cat\/esc-josepveciana\/lescola\/consell-escolar\/\" data-a2a-title=\"Consell escolar\">\n<p>&nbsp;<\/p>\n<\/div>\n<div data-a2a-url=\"https:\/\/agora.xtec.cat\/esc-josepveciana\/lescola\/consell-escolar\/\" data-a2a-title=\"Consell escolar\"><\/div>\n<div data-a2a-url=\"https:\/\/agora.xtec.cat\/esc-josepveciana\/lescola\/consell-escolar\/\" data-a2a-title=\"Consell escolar\"><\/div>\n<div data-a2a-url=\"https:\/\/agora.xtec.cat\/esc-josepveciana\/lescola\/consell-escolar\/\" data-a2a-title=\"Consell escolar\"><span style=\"text-decoration: underline;\"><strong>Funcionament del Consell Escolar del Centre:<\/strong><\/span><\/div>\n<div data-a2a-url=\"https:\/\/agora.xtec.cat\/esc-josepveciana\/lescola\/consell-escolar\/\" data-a2a-title=\"Consell escolar\">\n<p>&nbsp;<\/p>\n<\/div>\n<div data-a2a-url=\"https:\/\/agora.xtec.cat\/esc-josepveciana\/lescola\/consell-escolar\/\" data-a2a-title=\"Consell escolar\">\n<p>El consell escolar ha d&#8217;aprovar les seves normes de funcionament. En all\u00f2 que no estigui previst s&#8217;han d&#8217;aplicar les normes reguladores dels \u00f2rgans col\u00b7legiats de l&#8217;Administraci\u00f3 de la Generalitat.<\/p>\n<p>El consell escolar del centre es reuneix preceptivament una vegada al trimestre i sempre que el convoca el director o directora del centre o ho sol\u00b7licita al menys un ter\u00e7 de les seves persones membres. A m\u00e9s, s&#8217;ha de fer una reuni\u00f3 a principi de curs i una altra a la seva finalitzaci\u00f3.<\/p>\n<p>Les decisions del consell escolar es prenen normalment per consens. Si no \u00e9s possible arribar-hi, la decisi\u00f3 s\u2019adopta per majoria de les persones membres presents, llevat dels casos en qu\u00e8 la normativa determini una altra majoria qualificada.<\/p>\n<p>La convocat\u00f2ria de les reunions s\u2019ha de trametre per la presid\u00e8ncia del consell amb una antelaci\u00f3 m\u00ednima de 48 hores, juntament amb la documentaci\u00f3 que hagi de ser objecte de debat, i, si escau, d\u2019aprovaci\u00f3. El consell escolar es pot reunir d\u2019urg\u00e8ncia, sense termini m\u00ednim per a la tramesa de la convocat\u00f2ria, si totes les persones membres hi estan d\u2019acord.<\/p>\n<p>Quan en l\u2019ordre del dia s\u2019incloguin temes o q\u00fcestions relacionades amb l\u2019activitat normal del centre que estiguin sota la tutela o responsabilitat immediata d\u2019alguna persona membre de la comunitat educativa que no sigui membre del consell escolar, se\u2019l podr\u00e0 convocar a la sessi\u00f3 per tal que informi sobre el tema o q\u00fcesti\u00f3 corresponent.<\/p>\n<p>El consell escolar actua normalment en ple. Es poden constituir comissions espec\u00edfiques d\u2019estudi i informaci\u00f3, a les quals, en tot cas, s\u2019hi ha d\u2019incorporar la direcci\u00f3 del centre, o en la seva representaci\u00f3, un altre \u00f2rgan\u00a0unipersonal de direcci\u00f3,\u00a0un professor o professora, i un alumne o alumna o un representant o una representant de les mares i els pares. Els centres de titularitat p\u00fablica, a m\u00e9s, hi ha d&#8217;haver preceptivament\u00a0una\u00a0<strong>comissi\u00f3 econ\u00f2mica<\/strong> que supervisa la gesti\u00f3 econ\u00f2mica del centre.<\/p>\n<\/div>\n","protected":false},"excerpt":{"rendered":"<p>El consell escolar del centre\u00a0\u00e9s\u00a0l\u2019\u00f2rgan col\u00b7legiat de participaci\u00f3 de la comunitat escolar en el govern del centre. En el consell escolar hi ha representats tots els col\u00b7lectius que intervenen en la comunitat educativa: professorat, ajuntament, AMPA, fam\u00edlies i personal d\u2019administraci\u00f3 i serveis.<br \/>\nLa funci\u00f3 principal del&hellip;  <a href=\"https:\/\/agora.xtec.cat\/escolaventuragassol\/lescola\/recursos\/consell-escolar\/\" title=\"Read Consell escolar\">Llegeix m\u00e9s\u00bb<\/a><\/p>\n","protected":false},"author":1,"featured_media":0,"parent":520,"menu_order":2,"comment_status":"closed","ping_status":"closed","template":"page-templates\/side-menu.php","meta":{"_bbp_topic_count":0,"_bbp_reply_count":0,"_bbp_total_topic_count":0,"_bbp_total_reply_count":0,"_bbp_voice_count":0,"_bbp_anonymous_reply_count":0,"_bbp_topic_count_hidden":0,"_bbp_reply_count_hidden":0,"_bbp_forum_subforum_count":0,"footnotes":""},"class_list":["post-524","page","type-page","status-publish","hentry"],"post_mailing_queue_ids":[],"_links":{"self":[{"href":"https:\/\/agora.xtec.cat\/escolaventuragassol\/wp-json\/wp\/v2\/pages\/524","targetHints":{"allow":["GET"]}}],"collection":[{"href":"https:\/\/agora.xtec.cat\/escolaventuragassol\/wp-json\/wp\/v2\/pages"}],"about":[{"href":"https:\/\/agora.xtec.cat\/escolaventuragassol\/wp-json\/wp\/v2\/types\/page"}],"author":[{"embeddable":true,"href":"https:\/\/agora.xtec.cat\/escolaventuragassol\/wp-json\/wp\/v2\/users\/1"}],"replies":[{"embeddable":true,"href":"https:\/\/agora.xtec.cat\/escolaventuragassol\/wp-json\/wp\/v2\/comments?post=524"}],"version-history":[{"count":7,"href":"https:\/\/agora.xtec.cat\/escolaventuragassol\/wp-json\/wp\/v2\/pages\/524\/revisions"}],"predecessor-version":[{"id":5575,"href":"https:\/\/agora.xtec.cat\/escolaventuragassol\/wp-json\/wp\/v2\/pages\/524\/revisions\/5575"}],"up":[{"embeddable":true,"href":"https:\/\/agora.xtec.cat\/escolaventuragassol\/wp-json\/wp\/v2\/pages\/520"}],"wp:attachment":[{"href":"https:\/\/agora.xtec.cat\/escolaventuragassol\/wp-json\/wp\/v2\/media?parent=524"}],"curies":[{"name":"wp","href":"https:\/\/api.w.org\/{rel}","templated":true}]}}