{"id":495,"date":"2019-05-22T13:20:27","date_gmt":"2019-05-22T11:20:27","guid":{"rendered":"https:\/\/agora.xtec.cat\/escolaventuragassol\/?page_id=495"},"modified":"2024-12-16T08:10:34","modified_gmt":"2024-12-16T07:10:34","slug":"biblioteca","status":"publish","type":"page","link":"https:\/\/agora.xtec.cat\/escolaventuragassol\/projectes\/biblioteca\/","title":{"rendered":"Biblioteca"},"content":{"rendered":"<p><img loading=\"lazy\" decoding=\"async\" class=\"wp-image-5225 alignright\" src=\"https:\/\/agora.xtec.cat\/escolaventuragassol\/wp-content\/uploads\/usu2008\/2023\/11\/biblioteca.png\" alt=\"\" width=\"290\" height=\"410\" srcset=\"https:\/\/agora.xtec.cat\/escolaventuragassol\/wp-content\/uploads\/usu2008\/2023\/11\/biblioteca.png 707w, https:\/\/agora.xtec.cat\/escolaventuragassol\/wp-content\/uploads\/usu2008\/2023\/11\/biblioteca-212x300.png 212w\" sizes=\"auto, (max-width: 290px) 100vw, 290px\" \/><\/p>\n<p style=\"text-align: center;\">Des del mes de novembre del curs 23-24 l&#8217;escola torna a tenir un servei de pr\u00e9stec de llibres i revistes per l&#8217;alumnat d&#8217;Ed. Prim\u00e0ria (de 1r a 6\u00e8).<\/p>\n<p style=\"text-align: center;\">Els alumne<span style=\"font-family: inherit; font-size: 1em;\">s podeu venir <\/span><strong style=\"font-family: inherit; font-size: 1em;\">cada<\/strong> <strong style=\"font-family: inherit; font-size: 1em;\">dijous, a l&#8217;hora del pati, a la biblioteca<\/strong><span style=\"font-family: inherit; font-size: 1em;\"> de l&#8217;escola.<\/span><\/p>\n<p style=\"text-align: center;\">\u00c9s un \u00e8xit! Moltes gr\u00e0cies per la vostra participaci\u00f3.<\/p>\n<p>&nbsp;<\/p>\n<p style=\"text-align: center;\">Cal recordar que els llibres de pr\u00e9stec s&#8217;han de retornar el dia establert i fer-ne un bon \u00fas.<\/p>\n<p>&nbsp;<\/p>\n<p style=\"text-align: center;\"><strong><span style=\"color: #008000;\">APLICACI\u00d3 PER CONSULTAR ELS LLIBRES I REVISTES QUE TENIM A LA BIBLIOTECA ESCOLAR:<\/span> <\/strong>\u00a0 <a href=\"https:\/\/aplicacions.gestioeducativa.gencat.cat\/epergam\/web\/biblioteca.jsp\" target=\"_blank\" rel=\"noopener\"><img loading=\"lazy\" decoding=\"async\" class=\"alignnone wp-image-2642\" src=\"https:\/\/agora.xtec.cat\/escolaventuragassol\/wp-content\/uploads\/usu2008\/2020\/05\/t_epergam.gif\" alt=\"\" width=\"138\" height=\"46\" \/><\/a><\/p>\n<p>&nbsp;<\/p>\n<p>&nbsp;<\/p>\n<p>&nbsp;<\/p>\n<p>Les evid\u00e8ncies demostren que el desenvolupament i foment de la lectura a casa t\u00e9 una incid\u00e8ncia directa i significativa en la millora de la compet\u00e8ncia lectora de l\u2019alumnat.<\/p>\n<p><iframe loading=\"lazy\" title=\"Llegir en fam\u00edlia\" width=\"500\" height=\"281\" src=\"https:\/\/www.youtube.com\/embed\/tUQyXg0wMts?feature=oembed\" frameborder=\"0\" allow=\"accelerometer; autoplay; clipboard-write; encrypted-media; gyroscope; picture-in-picture; web-share\" referrerpolicy=\"strict-origin-when-cross-origin\" allowfullscreen><\/iframe><\/p>\n<p>El Departament d&#8217;Educaci\u00f3 i Formaci\u00f3 Professional llan\u00e7a una campanya informativa sobre 10 consells per llegir en fam\u00edlia.<\/p>\n<p><span class=\"yt-core-attributed-string--link-inherit-color\" dir=\"auto\">Consulta els consells aqu\u00ed: <\/span><span class=\"yt-core-attributed-string--link-inherit-color\" dir=\"auto\"><a class=\"yt-core-attributed-string__link yt-core-attributed-string__link--call-to-action-color\" tabindex=\"0\" href=\"https:\/\/educacio.gencat.cat\/ca\/arees-actuacio\/families\/temps-familia\/lectura\" target=\"_blank\" rel=\"nofollow noopener\">https:\/\/educacio.gencat.cat\/ca\/arees-&#8230;<\/a><\/span><\/p>\n","protected":false},"excerpt":{"rendered":"<p>Des del mes de novembre del curs 23-24 l&#8217;escola torna a tenir un servei de pr\u00e9stec de llibres i revistes per l&#8217;alumnat d&#8217;Ed. Prim\u00e0ria (de 1r a 6\u00e8).<br \/>\nEls alumnes podeu venir cada dijous, a l&#8217;hora del pati, a la biblioteca de l&#8217;escola.<br \/>\n\u00c9s un \u00e8xit! Moltes&hellip;  <a href=\"https:\/\/agora.xtec.cat\/escolaventuragassol\/projectes\/biblioteca\/\" title=\"Read Biblioteca\">Llegeix m\u00e9s\u00bb<\/a><\/p>\n","protected":false},"author":1,"featured_media":0,"parent":4559,"menu_order":3,"comment_status":"closed","ping_status":"closed","template":"page-templates\/side-menu.php","meta":{"_bbp_topic_count":0,"_bbp_reply_count":0,"_bbp_total_topic_count":0,"_bbp_total_reply_count":0,"_bbp_voice_count":0,"_bbp_anonymous_reply_count":0,"_bbp_topic_count_hidden":0,"_bbp_reply_count_hidden":0,"_bbp_forum_subforum_count":0,"footnotes":""},"class_list":["post-495","page","type-page","status-publish","hentry"],"post_mailing_queue_ids":[],"_links":{"self":[{"href":"https:\/\/agora.xtec.cat\/escolaventuragassol\/wp-json\/wp\/v2\/pages\/495","targetHints":{"allow":["GET"]}}],"collection":[{"href":"https:\/\/agora.xtec.cat\/escolaventuragassol\/wp-json\/wp\/v2\/pages"}],"about":[{"href":"https:\/\/agora.xtec.cat\/escolaventuragassol\/wp-json\/wp\/v2\/types\/page"}],"author":[{"embeddable":true,"href":"https:\/\/agora.xtec.cat\/escolaventuragassol\/wp-json\/wp\/v2\/users\/1"}],"replies":[{"embeddable":true,"href":"https:\/\/agora.xtec.cat\/escolaventuragassol\/wp-json\/wp\/v2\/comments?post=495"}],"version-history":[{"count":6,"href":"https:\/\/agora.xtec.cat\/escolaventuragassol\/wp-json\/wp\/v2\/pages\/495\/revisions"}],"predecessor-version":[{"id":5441,"href":"https:\/\/agora.xtec.cat\/escolaventuragassol\/wp-json\/wp\/v2\/pages\/495\/revisions\/5441"}],"up":[{"embeddable":true,"href":"https:\/\/agora.xtec.cat\/escolaventuragassol\/wp-json\/wp\/v2\/pages\/4559"}],"wp:attachment":[{"href":"https:\/\/agora.xtec.cat\/escolaventuragassol\/wp-json\/wp\/v2\/media?parent=495"}],"curies":[{"name":"wp","href":"https:\/\/api.w.org\/{rel}","templated":true}]}}