{"id":4293,"date":"2022-05-29T17:57:48","date_gmt":"2022-05-29T15:57:48","guid":{"rendered":"https:\/\/agora.xtec.cat\/escolaventuragassol\/?page_id=4293"},"modified":"2026-04-19T12:21:40","modified_gmt":"2026-04-19T10:21:40","slug":"professorat","status":"publish","type":"page","link":"https:\/\/agora.xtec.cat\/escolaventuragassol\/professorat\/","title":{"rendered":"Professorat"},"content":{"rendered":"<p>&#8212;&#8212;&#8212;&#8212;&#8212;&#8212;&#8212;&#8212;&#8212;&#8212;&#8212;&#8212;&#8212;&#8212;&#8212;&#8212;&#8212;&#8212;&#8212;&#8212;&#8212;&#8212;&#8212;&#8212;&#8212;&#8212;&#8212;&#8212;&#8212;&#8212;&#8212;&#8212;&#8212;&#8212;&#8212;&#8212;&#8212;&#8212;&#8212;&#8212;&#8212;&#8212;&#8212;&#8212;&#8212;&#8212;&#8212;&#8212;&#8212;&#8212;&#8212;&#8212;&#8212;&#8212;&#8212;&#8212;&#8212;&#8212;&#8212;&#8212;&#8212;&#8212;&#8212;&#8212;&#8212;&#8212;&#8212;&#8212;&#8212;&#8212;&#8212;&#8212;&#8212;&#8212;&#8212;-_______________________________________________________________________________________________________________________________________<\/p>\n<h3 style=\"text-align: center;\"><strong><span style=\"color: #ff0000;\">Tota la informaci\u00f3 que cont\u00e9 aquesta p\u00e0gina \u00e9s d&#8217;\u00fas restringit pel professorat de l&#8217;escola.<\/span><\/strong><\/h3>\n<p>_______________________________________________________________________________________________________________________________________<\/p>\n<p>&#8212;&#8212;&#8212;&#8212;&#8212;&#8212;&#8212;&#8212;&#8212;&#8212;&#8212;&#8212;&#8212;&#8212;&#8212;&#8212;&#8212;&#8212;&#8212;&#8212;&#8212;&#8212;&#8212;&#8212;&#8212;&#8212;&#8212;&#8212;&#8212;&#8212;&#8212;&#8212;&#8212;&#8212;&#8212;&#8212;&#8212;&#8212;&#8212;&#8212;&#8212;&#8212;&#8212;&#8212;&#8212;&#8212;&#8212;&#8212;&#8212;&#8212;&#8212;&#8212;&#8212;&#8212;&#8212;&#8212;&#8212;&#8212;&#8212;&#8212;&#8212;&#8212;&#8212;&#8212;&#8212;&#8212;&#8212;&#8212;&#8212;&#8212;&#8212;&#8212;&#8212;&#8212;&#8212;-<\/p>\n<h3><\/h3>\n<h3><span style=\"text-decoration: underline; color: #008000;\"><strong>DOCUMENTS INFORMATIUS:<\/strong><\/span><\/h3>\n<p>&nbsp;<\/p>\n<table class=\" aligncenter\" style=\"height: 99px; width: 48.6512%; border-collapse: collapse;\">\n<tbody>\n<tr style=\"height: 33px;\">\n<td style=\"width: 27.8432%; height: 13px; vertical-align: top;\"><a href=\"https:\/\/docs.google.com\/document\/d\/13J3UjnOpz6O2AnpeSJR9HyfBa5VdqgF7\/edit?usp=share_link&amp;ouid=102719817856012502583&amp;rtpof=true&amp;sd=true\" target=\"_blank\" rel=\"noopener\"><img loading=\"lazy\" decoding=\"async\" class=\"wp-image-4619 alignnone\" src=\"https:\/\/agora.xtec.cat\/escolaventuragassol\/wp-content\/uploads\/usu2008\/2023\/02\/Screenshot_2.png\" alt=\"\" width=\"148\" height=\"78\" srcset=\"https:\/\/agora.xtec.cat\/escolaventuragassol\/wp-content\/uploads\/usu2008\/2023\/02\/Screenshot_2.png 359w, https:\/\/agora.xtec.cat\/escolaventuragassol\/wp-content\/uploads\/usu2008\/2023\/02\/Screenshot_2-300x158.png 300w\" sizes=\"auto, (max-width: 148px) 100vw, 148px\" \/><\/a><\/td>\n<td style=\"width: 72.1567%; height: 13px;\">\n<h3 style=\"text-align: left;\"><a href=\"https:\/\/drive.google.com\/file\/d\/1KikUxUGjNfKBeQ-rULcKNQDBA3tuht1J\/view?usp=drive_link\" target=\"_blank\" rel=\"noopener\">ACOLLIDA DIGITAL DOCENT<\/a><\/h3>\n<p>(cal obrir-lo amb el compte\u00a0 &#8230;@venturagassol.cat)<\/td>\n<\/tr>\n<\/tbody>\n<\/table>\n<p>&nbsp;<\/p>\n<table class=\" aligncenter\" style=\"height: 98px; width: 46.8968%; border-collapse: collapse;\">\n<tbody>\n<tr style=\"height: 33px;\">\n<td style=\"width: 28.5343%; height: 10px; vertical-align: top;\"><a href=\"https:\/\/sites.google.com\/venturagassol.cat\/recursos-digitals-ei\/inici\" target=\"_blank\" rel=\"noopener\"><img loading=\"lazy\" decoding=\"async\" class=\"aligncenter wp-image-4633\" src=\"https:\/\/agora.xtec.cat\/escolaventuragassol\/wp-content\/uploads\/usu2008\/2023\/02\/rec.-digitals-Ed.Inf_..png\" alt=\"\" width=\"83\" height=\"80\" srcset=\"https:\/\/agora.xtec.cat\/escolaventuragassol\/wp-content\/uploads\/usu2008\/2023\/02\/rec.-digitals-Ed.Inf_..png 490w, https:\/\/agora.xtec.cat\/escolaventuragassol\/wp-content\/uploads\/usu2008\/2023\/02\/rec.-digitals-Ed.Inf_.-300x288.png 300w\" sizes=\"auto, (max-width: 83px) 100vw, 83px\" \/><\/a><\/td>\n<td style=\"width: 82.537%; height: 10px;\">\n<h3 style=\"text-align: left;\"><a href=\"https:\/\/sites.google.com\/venturagassol.cat\/recursos-digitals-ei\/inici\" target=\"_blank\" rel=\"noopener\">RECURSOS DIGITALS d&#8217;Ed. Infantil<\/a><\/h3>\n<p>(cal obrir-lo amb el compte\u00a0 &#8230;@venturagassol.cat)<\/td>\n<\/tr>\n<\/tbody>\n<\/table>\n<h3><\/h3>\n<p>&nbsp;<\/p>\n<h3><span style=\"text-decoration: underline; color: #008000;\"><strong>ENLLA\u00c7OS D&#8217;INTER\u00c8S:<\/strong><\/span><\/h3>\n<p>&nbsp;<\/p>\n<table class=\" aligncenter\" style=\"height: 259px; width: 28.0614%; border-collapse: collapse;\">\n<tbody>\n<tr style=\"height: 33px;\">\n<td style=\"width: 38.2831%; height: 31px; vertical-align: top;\"><a href=\"https:\/\/erasmus-plus.ec.europa.eu\/es\" target=\"_blank\" rel=\"noopener\"><br \/>\n<img loading=\"lazy\" decoding=\"async\" class=\"aligncenter wp-image-4806\" src=\"https:\/\/agora.xtec.cat\/escolaventuragassol\/wp-content\/uploads\/usu2008\/2023\/03\/EU-flag-Erasmus_vect_POS.jpg\" alt=\"\" width=\"128\" height=\"28\" srcset=\"https:\/\/agora.xtec.cat\/escolaventuragassol\/wp-content\/uploads\/usu2008\/2023\/03\/EU-flag-Erasmus_vect_POS.jpg 675w, https:\/\/agora.xtec.cat\/escolaventuragassol\/wp-content\/uploads\/usu2008\/2023\/03\/EU-flag-Erasmus_vect_POS-300x66.jpg 300w\" sizes=\"auto, (max-width: 128px) 100vw, 128px\" \/><\/a><\/td>\n<td style=\"width: 61.7168%; height: 31px;\">\n<h3 style=\"text-align: left;\"><a href=\"https:\/\/erasmus-plus.ec.europa.eu\/es\" target=\"_blank\" rel=\"noopener\">Erasmus+<\/a><\/h3>\n<\/td>\n<\/tr>\n<tr style=\"height: 33px;\">\n<td style=\"width: 38.2831%; height: 10px; vertical-align: top;\">\u00a0 \u00a0<a href=\"https:\/\/etwinning.es\/ca\/\" target=\"_blank\" rel=\"noopener\"><img loading=\"lazy\" decoding=\"async\" class=\"alignnone wp-image-4632\" src=\"https:\/\/agora.xtec.cat\/escolaventuragassol\/wp-content\/uploads\/usu2008\/2023\/02\/eTwinning.png\" alt=\"\" width=\"90\" height=\"62\" srcset=\"https:\/\/agora.xtec.cat\/escolaventuragassol\/wp-content\/uploads\/usu2008\/2023\/02\/eTwinning.png 414w, https:\/\/agora.xtec.cat\/escolaventuragassol\/wp-content\/uploads\/usu2008\/2023\/02\/eTwinning-300x208.png 300w\" sizes=\"auto, (max-width: 90px) 100vw, 90px\" \/><\/a><\/td>\n<td style=\"width: 61.7168%; height: 10px;\">\n<h3 style=\"text-align: left;\"><a href=\"https:\/\/etwinning.es\/ca\/\" target=\"_blank\" rel=\"noopener\">eTwinning<\/a><\/h3>\n<\/td>\n<\/tr>\n<tr>\n<td style=\"width: 38.2831%; vertical-align: top;\"><a href=\"https:\/\/sites.google.com\/xtec.cat\/stemus\/idiomeslanguages?authuser=0\" target=\"_blank\" rel=\"noopener\"><img loading=\"lazy\" decoding=\"async\" class=\"aligncenter wp-image-5287\" src=\"https:\/\/agora.xtec.cat\/escolaventuragassol\/wp-content\/uploads\/usu2008\/2024\/02\/LOGO-STEM-US-EVG-RETALL.png\" alt=\"\" width=\"79\" height=\"89\" srcset=\"https:\/\/agora.xtec.cat\/escolaventuragassol\/wp-content\/uploads\/usu2008\/2024\/02\/LOGO-STEM-US-EVG-RETALL.png 448w, https:\/\/agora.xtec.cat\/escolaventuragassol\/wp-content\/uploads\/usu2008\/2024\/02\/LOGO-STEM-US-EVG-RETALL-266x300.png 266w\" sizes=\"auto, (max-width: 79px) 100vw, 79px\" \/><\/a><\/td>\n<td style=\"width: 61.7168%;\">\n<h3 style=\"text-align: left;\"><a href=\"https:\/\/sites.google.com\/xtec.cat\/stemus\/idiomeslanguages?authuser=0\" target=\"_blank\" rel=\"noopener\">Stem Us!<\/a><\/h3>\n<\/td>\n<\/tr>\n<\/tbody>\n<\/table>\n<p>&nbsp;<\/p>\n<table class=\" aligncenter\" style=\"height: 192px; width: 54.9993%; border-collapse: collapse;\">\n<tbody>\n<tr style=\"height: 33px;\">\n<td style=\"width: 24.7412%; height: 13px; vertical-align: top;\">\u00a0 \u00a0 \u00a0 <a href=\"https:\/\/mediambient.gencat.cat\/ca\/05_ambits_dactuacio\/educacio_i_sostenibilitat\/educacio_per_a_la_sostenibilitat\/escoles_verdes\/index.html\" target=\"_blank\" rel=\"noopener\"><img loading=\"lazy\" decoding=\"async\" class=\"alignnone wp-image-4648\" src=\"https:\/\/agora.xtec.cat\/escolaventuragassol\/wp-content\/uploads\/usu2008\/2023\/02\/Escoles-Verdes.png\" alt=\"\" width=\"89\" height=\"77\" \/><\/a><\/td>\n<td style=\"width: 79.5444%; height: 13px;\">\n<h3 style=\"text-align: left;\"><a href=\"https:\/\/mediambient.gencat.cat\/ca\/05_ambits_dactuacio\/educacio_i_sostenibilitat\/educacio_per_a_la_sostenibilitat\/escoles_verdes\/index.html\" target=\"_blank\" rel=\"noopener\">ESCOLES VERDES<\/a><\/h3>\n<\/td>\n<\/tr>\n<tr style=\"height: 98px;\">\n<td style=\"width: 24.7412%; vertical-align: top; height: 98px;\">\u00a0 \u00a0 \u00a0 <a href=\"http:\/\/escolesxesc.cat\/\" target=\"_blank\" rel=\"noopener\"><img loading=\"lazy\" decoding=\"async\" class=\"alignnone wp-image-4649\" src=\"https:\/\/agora.xtec.cat\/escolaventuragassol\/wp-content\/uploads\/usu2008\/2023\/02\/xesc.jpg\" alt=\"\" width=\"97\" height=\"77\" \/><\/a><\/td>\n<td style=\"width: 79.5444%; height: 98px;\">\n<h5 style=\"text-align: left;\"><a href=\"http:\/\/escolesxesc.cat\/\" target=\"_blank\" rel=\"noopener\">XESC (Xarxa d&#8217;Escoles per la Sostenibilitat de Catalunya)<\/a><\/h5>\n<\/td>\n<\/tr>\n<\/tbody>\n<\/table>\n<p>&nbsp;<\/p>\n<p>&nbsp;<\/p>\n<table class=\" aligncenter\" style=\"height: 100px; width: 49.1183%; border-collapse: collapse;\">\n<tbody>\n<tr style=\"height: 33px;\">\n<td style=\"width: 27.8432%; height: 13px; vertical-align: top;\"><a href=\"https:\/\/aplicacions.gestioeducativa.gencat.cat\/epergam\/\" target=\"_blank\" rel=\"noopener\"><img loading=\"lazy\" decoding=\"async\" class=\"alignnone size-full wp-image-2642\" src=\"https:\/\/agora.xtec.cat\/escolaventuragassol\/wp-content\/uploads\/usu2008\/2020\/05\/t_epergam.gif\" alt=\"\" width=\"390\" height=\"130\" \/><\/a><\/td>\n<td style=\"width: 72.1567%; height: 13px;\">\n<h3 style=\"text-align: left;\"><a href=\"https:\/\/aplicacions.gestioeducativa.gencat.cat\/epergam\/\" target=\"_blank\" rel=\"noopener\">eP\u00e8rgam<\/a><\/h3>\n<\/td>\n<\/tr>\n<tr>\n<td style=\"width: 27.8432%; vertical-align: top;\"><a href=\"https:\/\/aplicacions.gestioeducativa.gencat.cat\/epergam\/web\/biblioteca.jsp\" target=\"_blank\" rel=\"noopener\"><img loading=\"lazy\" decoding=\"async\" class=\"alignnone size-full wp-image-2642\" src=\"https:\/\/agora.xtec.cat\/escolaventuragassol\/wp-content\/uploads\/usu2008\/2020\/05\/t_epergam.gif\" alt=\"\" width=\"390\" height=\"130\" \/><\/a><\/td>\n<td style=\"width: 72.1567%;\">\n<h3 style=\"text-align: left;\"><a href=\"https:\/\/aplicacions.gestioeducativa.gencat.cat\/epergam\/web\/biblioteca.jsp\" target=\"_blank\" rel=\"noopener\">eP\u00e8rgam Esc Ventura Gassol<\/a><\/h3>\n<\/td>\n<\/tr>\n<\/tbody>\n<\/table>\n<p>&nbsp;<\/p>\n","protected":false},"excerpt":{"rendered":"<p>&#8212;&#8212;&#8212;&#8212;&#8212;&#8212;&#8212;&#8212;&#8212;&#8212;&#8212;&#8212;&#8212;&#8212;&#8212;&#8212;&#8212;&#8212;&#8212;&#8212;&#8212;&#8212;&#8212;&#8212;&#8212;&#8212;&#8212;&#8212;&#8212;&#8212;&#8212;&#8212;&#8212;&#8212;&#8212;&#8212;&#8212;&#8212;&#8212;&#8212;&#8212;&#8212;&#8212;&#8212;&#8212;&#8212;&#8212;&#8212;&#8212;&#8212;&#8212;&#8212;&#8212;&#8212;&#8212;&#8212;&#8212;&#8212;&#8212;&#8212;&#8212;&#8212;&#8212;&#8212;&#8212;&#8212;&#8212;&#8212;&#8212;&#8212;&#8212;&#8212;&#8212;&#8212;&#8212;-_______________________________________________________________________________________________________________________________________<br \/>\nTota la informaci\u00f3 que cont\u00e9 aquesta p\u00e0gina \u00e9s d&#8217;\u00fas restringit pel professorat de l&#8217;escola.<br \/>\n_______________________________________________________________________________________________________________________________________<br \/>\n&#8212;&#8212;&#8212;&#8212;&#8212;&#8212;&#8212;&#8212;&#8212;&#8212;&#8212;&#8212;&#8212;&#8212;&#8212;&#8212;&#8212;&#8212;&#8212;&#8212;&#8212;&#8212;&#8212;&#8212;&#8212;&#8212;&#8212;&#8212;&#8212;&#8212;&#8212;&#8212;&#8212;&#8212;&#8212;&#8212;&#8212;&#8212;&#8212;&#8212;&#8212;&#8212;&#8212;&#8212;&#8212;&#8212;&#8212;&#8212;&#8212;&#8212;&#8212;&#8212;&#8212;&#8212;&#8212;&#8212;&#8212;&#8212;&#8212;&#8212;&#8212;&#8212;&#8212;&#8212;&#8212;&#8212;&#8212;&#8212;&#8212;&#8212;&#8212;&#8212;&#8212;&#8212;&#8212;-<\/p>\n<p>DOCUMENTS INFORMATIUS:<br \/>\n&nbsp;<\/p>\n<p><a href=\"https:\/\/docs.google.com\/document\/d\/13J3UjnOpz6O2AnpeSJR9HyfBa5VdqgF7\/edit?usp=share_link&amp;ouid=102719817856012502583&amp;rtpof=true&amp;sd=true\" target=\"_blank\" rel=\"noopener\"><\/a><\/p>\n<p><a href=\"https:\/\/drive.google.com\/file\/d\/1KikUxUGjNfKBeQ-rULcKNQDBA3tuht1J\/view?usp=drive_link\" target=\"_blank\" rel=\"noopener\">ACOLLIDA DIGITAL DOCENT<\/a><br \/>\n(cal obrir-lo amb el compte\u00a0 &#8230;@venturagassol.cat)<\/p>\n<p>&nbsp;<\/p>\n<p><a href=\"https:\/\/sites.google.com\/venturagassol.cat\/recursos-digitals-ei\/inici\" target=\"_blank\" rel=\"noopener\"><\/a><\/p>\n<p><a href=\"https:\/\/sites.google.com\/venturagassol.cat\/recursos-digitals-ei\/inici\" target=\"_blank\" rel=\"noopener\">RECURSOS DIGITALS d&#8217;Ed. Infantil<\/a><br \/>\n(cal obrir-lo amb el compte\u00a0 &#8230;@venturagassol.cat)<\/p>\n<p>&nbsp;<br \/>\nENLLA\u00c7OS D&#8217;INTER\u00c8S:<br \/>\n&nbsp;<\/p>\n<p><a href=\"https:\/\/erasmus-plus.ec.europa.eu\/es\" target=\"_blank\"&hellip;  <a href=\"https:\/\/agora.xtec.cat\/escolaventuragassol\/professorat\/\" title=\"Read Professorat\">Llegeix m\u00e9s\u00bb<\/a><\/p>\n","protected":false},"author":1,"featured_media":0,"parent":0,"menu_order":0,"comment_status":"closed","ping_status":"closed","template":"","meta":{"_bbp_topic_count":0,"_bbp_reply_count":0,"_bbp_total_topic_count":0,"_bbp_total_reply_count":0,"_bbp_voice_count":0,"_bbp_anonymous_reply_count":0,"_bbp_topic_count_hidden":0,"_bbp_reply_count_hidden":0,"_bbp_forum_subforum_count":0,"footnotes":""},"class_list":["post-4293","page","type-page","status-publish","hentry"],"post_mailing_queue_ids":[],"_links":{"self":[{"href":"https:\/\/agora.xtec.cat\/escolaventuragassol\/wp-json\/wp\/v2\/pages\/4293","targetHints":{"allow":["GET"]}}],"collection":[{"href":"https:\/\/agora.xtec.cat\/escolaventuragassol\/wp-json\/wp\/v2\/pages"}],"about":[{"href":"https:\/\/agora.xtec.cat\/escolaventuragassol\/wp-json\/wp\/v2\/types\/page"}],"author":[{"embeddable":true,"href":"https:\/\/agora.xtec.cat\/escolaventuragassol\/wp-json\/wp\/v2\/users\/1"}],"replies":[{"embeddable":true,"href":"https:\/\/agora.xtec.cat\/escolaventuragassol\/wp-json\/wp\/v2\/comments?post=4293"}],"version-history":[{"count":7,"href":"https:\/\/agora.xtec.cat\/escolaventuragassol\/wp-json\/wp\/v2\/pages\/4293\/revisions"}],"predecessor-version":[{"id":5642,"href":"https:\/\/agora.xtec.cat\/escolaventuragassol\/wp-json\/wp\/v2\/pages\/4293\/revisions\/5642"}],"wp:attachment":[{"href":"https:\/\/agora.xtec.cat\/escolaventuragassol\/wp-json\/wp\/v2\/media?parent=4293"}],"curies":[{"name":"wp","href":"https:\/\/api.w.org\/{rel}","templated":true}]}}