{"id":1100,"date":"2019-11-07T16:09:11","date_gmt":"2019-11-07T15:09:11","guid":{"rendered":"https:\/\/agora.xtec.cat\/escolaventuragassol\/?page_id=1100"},"modified":"2023-01-26T19:19:36","modified_gmt":"2023-01-26T18:19:36","slug":"bibliopati","status":"publish","type":"page","link":"https:\/\/agora.xtec.cat\/escolaventuragassol\/projectes\/biblioteca\/bibliopati\/","title":{"rendered":"Bibliopati"},"content":{"rendered":"<p>El curs 2019-2020 vam comen\u00e7ar la <strong><em>bibliopati<\/em><\/strong> per l&#8217;alumnat d&#8217;Educaci\u00f3 Prim\u00e0ria.<\/p>\n<p>Actualment es duu a terme aquesta activitat cada dilluns i dimecres durant l&#8217;estona del pati.<\/p>\n<p>All\u00ed el nostre alumnat gaudeix dels llibres, contes i la seva lectura en companyia i en un ambient agradable.<\/p>\n<p><img loading=\"lazy\" decoding=\"async\" class=\"alignnone wp-image-4480\" src=\"https:\/\/agora.xtec.cat\/escolaventuragassol\/wp-content\/uploads\/usu2008\/2022\/11\/IMG_20221027_110353-1024x768.jpg\" alt=\"\" width=\"501\" height=\"376\" srcset=\"https:\/\/agora.xtec.cat\/escolaventuragassol\/wp-content\/uploads\/usu2008\/2022\/11\/IMG_20221027_110353-1024x768.jpg 1024w, https:\/\/agora.xtec.cat\/escolaventuragassol\/wp-content\/uploads\/usu2008\/2022\/11\/IMG_20221027_110353-300x225.jpg 300w, https:\/\/agora.xtec.cat\/escolaventuragassol\/wp-content\/uploads\/usu2008\/2022\/11\/IMG_20221027_110353-768x576.jpg 768w, https:\/\/agora.xtec.cat\/escolaventuragassol\/wp-content\/uploads\/usu2008\/2022\/11\/IMG_20221027_110353-1536x1152.jpg 1536w, https:\/\/agora.xtec.cat\/escolaventuragassol\/wp-content\/uploads\/usu2008\/2022\/11\/IMG_20221027_110353-2048x1536.jpg 2048w, https:\/\/agora.xtec.cat\/escolaventuragassol\/wp-content\/uploads\/usu2008\/2022\/11\/IMG_20221027_110353-200x150.jpg 200w\" sizes=\"auto, (max-width: 501px) 100vw, 501px\" \/>\u00a0 \u00a0<img loading=\"lazy\" decoding=\"async\" class=\"alignnone wp-image-4487\" src=\"https:\/\/agora.xtec.cat\/escolaventuragassol\/wp-content\/uploads\/usu2008\/2022\/11\/IMG_20221116_111542-768x1024.jpg\" alt=\"\" width=\"282\" height=\"376\" srcset=\"https:\/\/agora.xtec.cat\/escolaventuragassol\/wp-content\/uploads\/usu2008\/2022\/11\/IMG_20221116_111542-768x1024.jpg 768w, https:\/\/agora.xtec.cat\/escolaventuragassol\/wp-content\/uploads\/usu2008\/2022\/11\/IMG_20221116_111542-225x300.jpg 225w, https:\/\/agora.xtec.cat\/escolaventuragassol\/wp-content\/uploads\/usu2008\/2022\/11\/IMG_20221116_111542-1152x1536.jpg 1152w, https:\/\/agora.xtec.cat\/escolaventuragassol\/wp-content\/uploads\/usu2008\/2022\/11\/IMG_20221116_111542-1536x2048.jpg 1536w, https:\/\/agora.xtec.cat\/escolaventuragassol\/wp-content\/uploads\/usu2008\/2022\/11\/IMG_20221116_111542-scaled.jpg 1920w\" sizes=\"auto, (max-width: 282px) 100vw, 282px\" \/><\/p>\n<p><img loading=\"lazy\" decoding=\"async\" class=\"alignnone wp-image-4481\" src=\"https:\/\/agora.xtec.cat\/escolaventuragassol\/wp-content\/uploads\/usu2008\/2022\/11\/IMG_20221116_111110-768x1024.jpg\" alt=\"\" width=\"250\" height=\"333\" srcset=\"https:\/\/agora.xtec.cat\/escolaventuragassol\/wp-content\/uploads\/usu2008\/2022\/11\/IMG_20221116_111110-768x1024.jpg 768w, https:\/\/agora.xtec.cat\/escolaventuragassol\/wp-content\/uploads\/usu2008\/2022\/11\/IMG_20221116_111110-225x300.jpg 225w, https:\/\/agora.xtec.cat\/escolaventuragassol\/wp-content\/uploads\/usu2008\/2022\/11\/IMG_20221116_111110-1152x1536.jpg 1152w, https:\/\/agora.xtec.cat\/escolaventuragassol\/wp-content\/uploads\/usu2008\/2022\/11\/IMG_20221116_111110-1536x2048.jpg 1536w, https:\/\/agora.xtec.cat\/escolaventuragassol\/wp-content\/uploads\/usu2008\/2022\/11\/IMG_20221116_111110-scaled.jpg 1920w\" sizes=\"auto, (max-width: 250px) 100vw, 250px\" \/>\u00a0 \u00a0 \u00a0<img loading=\"lazy\" decoding=\"async\" class=\"alignnone wp-image-4482\" src=\"https:\/\/agora.xtec.cat\/escolaventuragassol\/wp-content\/uploads\/usu2008\/2022\/11\/IMG_20221116_111128-768x1024.jpg\" alt=\"\" width=\"250\" height=\"333\" srcset=\"https:\/\/agora.xtec.cat\/escolaventuragassol\/wp-content\/uploads\/usu2008\/2022\/11\/IMG_20221116_111128-768x1024.jpg 768w, https:\/\/agora.xtec.cat\/escolaventuragassol\/wp-content\/uploads\/usu2008\/2022\/11\/IMG_20221116_111128-225x300.jpg 225w, https:\/\/agora.xtec.cat\/escolaventuragassol\/wp-content\/uploads\/usu2008\/2022\/11\/IMG_20221116_111128-1152x1536.jpg 1152w, https:\/\/agora.xtec.cat\/escolaventuragassol\/wp-content\/uploads\/usu2008\/2022\/11\/IMG_20221116_111128-1536x2048.jpg 1536w, https:\/\/agora.xtec.cat\/escolaventuragassol\/wp-content\/uploads\/usu2008\/2022\/11\/IMG_20221116_111128-scaled.jpg 1920w\" sizes=\"auto, (max-width: 250px) 100vw, 250px\" \/>\u00a0 \u00a0 \u00a0 <img loading=\"lazy\" decoding=\"async\" class=\"alignnone wp-image-4486\" src=\"https:\/\/agora.xtec.cat\/escolaventuragassol\/wp-content\/uploads\/usu2008\/2022\/11\/IMG_20221116_111619-768x1024.jpg\" alt=\"\" width=\"250\" height=\"334\" srcset=\"https:\/\/agora.xtec.cat\/escolaventuragassol\/wp-content\/uploads\/usu2008\/2022\/11\/IMG_20221116_111619-768x1024.jpg 768w, https:\/\/agora.xtec.cat\/escolaventuragassol\/wp-content\/uploads\/usu2008\/2022\/11\/IMG_20221116_111619-225x300.jpg 225w, https:\/\/agora.xtec.cat\/escolaventuragassol\/wp-content\/uploads\/usu2008\/2022\/11\/IMG_20221116_111619-1152x1536.jpg 1152w, https:\/\/agora.xtec.cat\/escolaventuragassol\/wp-content\/uploads\/usu2008\/2022\/11\/IMG_20221116_111619-1536x2048.jpg 1536w, https:\/\/agora.xtec.cat\/escolaventuragassol\/wp-content\/uploads\/usu2008\/2022\/11\/IMG_20221116_111619-scaled.jpg 1920w\" sizes=\"auto, (max-width: 250px) 100vw, 250px\" \/><\/p>\n<p><img loading=\"lazy\" decoding=\"async\" class=\"alignnone wp-image-4483\" src=\"https:\/\/agora.xtec.cat\/escolaventuragassol\/wp-content\/uploads\/usu2008\/2022\/11\/IMG_20221116_111139-1024x768.jpg\" alt=\"\" width=\"250\" height=\"188\" srcset=\"https:\/\/agora.xtec.cat\/escolaventuragassol\/wp-content\/uploads\/usu2008\/2022\/11\/IMG_20221116_111139-1024x768.jpg 1024w, https:\/\/agora.xtec.cat\/escolaventuragassol\/wp-content\/uploads\/usu2008\/2022\/11\/IMG_20221116_111139-300x225.jpg 300w, https:\/\/agora.xtec.cat\/escolaventuragassol\/wp-content\/uploads\/usu2008\/2022\/11\/IMG_20221116_111139-768x576.jpg 768w, https:\/\/agora.xtec.cat\/escolaventuragassol\/wp-content\/uploads\/usu2008\/2022\/11\/IMG_20221116_111139-1536x1152.jpg 1536w, https:\/\/agora.xtec.cat\/escolaventuragassol\/wp-content\/uploads\/usu2008\/2022\/11\/IMG_20221116_111139-2048x1536.jpg 2048w, https:\/\/agora.xtec.cat\/escolaventuragassol\/wp-content\/uploads\/usu2008\/2022\/11\/IMG_20221116_111139-200x150.jpg 200w\" sizes=\"auto, (max-width: 250px) 100vw, 250px\" \/>\u00a0 \u00a0\u00a0 <img loading=\"lazy\" decoding=\"async\" class=\"alignnone wp-image-4484\" src=\"https:\/\/agora.xtec.cat\/escolaventuragassol\/wp-content\/uploads\/usu2008\/2022\/11\/IMG_20221116_111454-1024x768.jpg\" alt=\"\" width=\"250\" height=\"187\" srcset=\"https:\/\/agora.xtec.cat\/escolaventuragassol\/wp-content\/uploads\/usu2008\/2022\/11\/IMG_20221116_111454-1024x768.jpg 1024w, https:\/\/agora.xtec.cat\/escolaventuragassol\/wp-content\/uploads\/usu2008\/2022\/11\/IMG_20221116_111454-300x225.jpg 300w, https:\/\/agora.xtec.cat\/escolaventuragassol\/wp-content\/uploads\/usu2008\/2022\/11\/IMG_20221116_111454-768x576.jpg 768w, https:\/\/agora.xtec.cat\/escolaventuragassol\/wp-content\/uploads\/usu2008\/2022\/11\/IMG_20221116_111454-1536x1152.jpg 1536w, https:\/\/agora.xtec.cat\/escolaventuragassol\/wp-content\/uploads\/usu2008\/2022\/11\/IMG_20221116_111454-2048x1536.jpg 2048w, https:\/\/agora.xtec.cat\/escolaventuragassol\/wp-content\/uploads\/usu2008\/2022\/11\/IMG_20221116_111454-200x150.jpg 200w\" sizes=\"auto, (max-width: 250px) 100vw, 250px\" \/>\u00a0 \u00a0\u00a0 <img loading=\"lazy\" decoding=\"async\" class=\"alignnone wp-image-4485\" src=\"https:\/\/agora.xtec.cat\/escolaventuragassol\/wp-content\/uploads\/usu2008\/2022\/11\/IMG_20221116_111047-1024x768.jpg\" alt=\"\" width=\"251\" height=\"188\" srcset=\"https:\/\/agora.xtec.cat\/escolaventuragassol\/wp-content\/uploads\/usu2008\/2022\/11\/IMG_20221116_111047-1024x768.jpg 1024w, https:\/\/agora.xtec.cat\/escolaventuragassol\/wp-content\/uploads\/usu2008\/2022\/11\/IMG_20221116_111047-300x225.jpg 300w, https:\/\/agora.xtec.cat\/escolaventuragassol\/wp-content\/uploads\/usu2008\/2022\/11\/IMG_20221116_111047-768x576.jpg 768w, https:\/\/agora.xtec.cat\/escolaventuragassol\/wp-content\/uploads\/usu2008\/2022\/11\/IMG_20221116_111047-1536x1152.jpg 1536w, https:\/\/agora.xtec.cat\/escolaventuragassol\/wp-content\/uploads\/usu2008\/2022\/11\/IMG_20221116_111047-2048x1536.jpg 2048w, https:\/\/agora.xtec.cat\/escolaventuragassol\/wp-content\/uploads\/usu2008\/2022\/11\/IMG_20221116_111047-200x150.jpg 200w\" sizes=\"auto, (max-width: 251px) 100vw, 251px\" \/><\/p>\n","protected":false},"excerpt":{"rendered":"<p>El curs 2019-2020 vam comen\u00e7ar la bibliopati per l&#8217;alumnat d&#8217;Educaci\u00f3 Prim\u00e0ria.<br \/>\nActualment es duu a terme aquesta activitat cada dilluns i dimecres durant l&#8217;estona del pati.<br \/>\nAll\u00ed el nostre alumnat gaudeix dels llibres, contes i la seva lectura en companyia i en un ambient agradable.<br \/>\n\u00a0 \u00a0<br \/>\n\u00a0 \u00a0&hellip;  <a href=\"https:\/\/agora.xtec.cat\/escolaventuragassol\/projectes\/biblioteca\/bibliopati\/\" title=\"Read Bibliopati\">Llegeix m\u00e9s\u00bb<\/a><\/p>\n","protected":false},"author":1,"featured_media":0,"parent":495,"menu_order":0,"comment_status":"closed","ping_status":"closed","template":"page-templates\/side-menu.php","meta":{"_bbp_topic_count":0,"_bbp_reply_count":0,"_bbp_total_topic_count":0,"_bbp_total_reply_count":0,"_bbp_voice_count":0,"_bbp_anonymous_reply_count":0,"_bbp_topic_count_hidden":0,"_bbp_reply_count_hidden":0,"_bbp_forum_subforum_count":0,"footnotes":""},"class_list":["post-1100","page","type-page","status-publish","hentry"],"post_mailing_queue_ids":[],"_links":{"self":[{"href":"https:\/\/agora.xtec.cat\/escolaventuragassol\/wp-json\/wp\/v2\/pages\/1100","targetHints":{"allow":["GET"]}}],"collection":[{"href":"https:\/\/agora.xtec.cat\/escolaventuragassol\/wp-json\/wp\/v2\/pages"}],"about":[{"href":"https:\/\/agora.xtec.cat\/escolaventuragassol\/wp-json\/wp\/v2\/types\/page"}],"author":[{"embeddable":true,"href":"https:\/\/agora.xtec.cat\/escolaventuragassol\/wp-json\/wp\/v2\/users\/1"}],"replies":[{"embeddable":true,"href":"https:\/\/agora.xtec.cat\/escolaventuragassol\/wp-json\/wp\/v2\/comments?post=1100"}],"version-history":[{"count":3,"href":"https:\/\/agora.xtec.cat\/escolaventuragassol\/wp-json\/wp\/v2\/pages\/1100\/revisions"}],"predecessor-version":[{"id":4491,"href":"https:\/\/agora.xtec.cat\/escolaventuragassol\/wp-json\/wp\/v2\/pages\/1100\/revisions\/4491"}],"up":[{"embeddable":true,"href":"https:\/\/agora.xtec.cat\/escolaventuragassol\/wp-json\/wp\/v2\/pages\/495"}],"wp:attachment":[{"href":"https:\/\/agora.xtec.cat\/escolaventuragassol\/wp-json\/wp\/v2\/media?parent=1100"}],"curies":[{"name":"wp","href":"https:\/\/api.w.org\/{rel}","templated":true}]}}