{"id":732,"date":"2016-02-08T09:55:36","date_gmt":"2016-02-08T08:55:36","guid":{"rendered":"http:\/\/agora.xtec.cat\/escolavalldelges\/?page_id=732"},"modified":"2026-02-18T16:30:26","modified_gmt":"2026-02-18T15:30:26","slug":"musica","status":"publish","type":"page","link":"https:\/\/agora.xtec.cat\/escolavalldelges\/projecte-del-centre\/musica\/","title":{"rendered":"M\u00fasica"},"content":{"rendered":"<ul>\n<li>La m\u00fasica, element d&#8217;inclusi\u00f3 social.<\/li>\n<li>Expressi\u00f3 dels sentiments i\u00a0emocions.<\/li>\n<li>Moment art\u00edstic per explorar, percebre, interpretar i crear.<\/li>\n<li>Con\u00e8ixer i experimentar el so amb les seves propietats.<\/li>\n<li>Can\u00e7\u00f3, dansa, instrumentaci\u00f3 i audici\u00f3 a l&#8217;abast de tothom.<\/li>\n<\/ul>\n<p>Projectes musicals on participem:<\/p>\n<ul>\n<li>Cantata &#8220;la Clicka&#8221; a 2n.<\/li>\n<li>Cantata &#8220;la Nina de Fusta&#8221; a 3r.<\/li>\n<li>Estudi de la Sardana i la Cobla: SardaGes, a 4t.<\/li>\n<li>Jornades musical de les escoles de la Vall del Ges, a 5\u00e8.<\/li>\n<li>Cantada de Nadales, obert al barri.<\/li>\n<li>SETMANA DE LA M\u00daSICA. Concert al teatre Cirvi\u00e0num.<\/li>\n<\/ul>\n","protected":false},"excerpt":{"rendered":"<p>La m\u00fasica, element d&#8217;inclusi\u00f3 social. Expressi\u00f3 dels sentiments i\u00a0emocions. Moment art\u00edstic per explorar, percebre, interpretar i crear. Con\u00e8ixer i experimentar el so amb les seves propietats. Can\u00e7\u00f3, dansa, instrumentaci\u00f3 i audici\u00f3 a l&#8217;abast de tothom. Projectes musicals on participem: Cantata &#8220;la Clicka&#8221; a 2n. Cantata &#8220;la Nina de Fusta&#8221; a 3r. Estudi de la Sardana [&hellip;]<\/p>\n","protected":false},"author":1,"featured_media":0,"parent":250,"menu_order":6,"comment_status":"closed","ping_status":"closed","template":"","meta":{"_bbp_topic_count":0,"_bbp_reply_count":0,"_bbp_total_topic_count":0,"_bbp_total_reply_count":0,"_bbp_voice_count":0,"_bbp_anonymous_reply_count":0,"_bbp_topic_count_hidden":0,"_bbp_reply_count_hidden":0,"_bbp_forum_subforum_count":0,"site-sidebar-layout":"default","site-content-layout":"","ast-site-content-layout":"default","site-content-style":"default","site-sidebar-style":"default","ast-global-header-display":"","ast-banner-title-visibility":"","ast-main-header-display":"","ast-hfb-above-header-display":"","ast-hfb-below-header-display":"","ast-hfb-mobile-header-display":"","site-post-title":"","ast-breadcrumbs-content":"","ast-featured-img":"","footer-sml-layout":"","theme-transparent-header-meta":"","adv-header-id-meta":"","stick-header-meta":"","header-above-stick-meta":"","header-main-stick-meta":"","header-below-stick-meta":"","astra-migrate-meta-layouts":"set","ast-page-background-enabled":"default","ast-page-background-meta":{"desktop":{"background-color":"var(--ast-global-color-4)","background-image":"","background-repeat":"repeat","background-position":"center center","background-size":"auto","background-attachment":"scroll","background-type":"","background-media":"","overlay-type":"","overlay-color":"","overlay-opacity":"","overlay-gradient":""},"tablet":{"background-color":"","background-image":"","background-repeat":"repeat","background-position":"center center","background-size":"auto","background-attachment":"scroll","background-type":"","background-media":"","overlay-type":"","overlay-color":"","overlay-opacity":"","overlay-gradient":""},"mobile":{"background-color":"","background-image":"","background-repeat":"repeat","background-position":"center center","background-size":"auto","background-attachment":"scroll","background-type":"","background-media":"","overlay-type":"","overlay-color":"","overlay-opacity":"","overlay-gradient":""}},"ast-content-background-meta":{"desktop":{"background-color":"var(--ast-global-color-5)","background-image":"","background-repeat":"repeat","background-position":"center center","background-size":"auto","background-attachment":"scroll","background-type":"","background-media":"","overlay-type":"","overlay-color":"","overlay-opacity":"","overlay-gradient":""},"tablet":{"background-color":"var(--ast-global-color-5)","background-image":"","background-repeat":"repeat","background-position":"center center","background-size":"auto","background-attachment":"scroll","background-type":"","background-media":"","overlay-type":"","overlay-color":"","overlay-opacity":"","overlay-gradient":""},"mobile":{"background-color":"var(--ast-global-color-5)","background-image":"","background-repeat":"repeat","background-position":"center center","background-size":"auto","background-attachment":"scroll","background-type":"","background-media":"","overlay-type":"","overlay-color":"","overlay-opacity":"","overlay-gradient":""}},"footnotes":""},"class_list":["post-732","page","type-page","status-publish","hentry"],"post_mailing_queue_ids":[],"_links":{"self":[{"href":"https:\/\/agora.xtec.cat\/escolavalldelges\/wp-json\/wp\/v2\/pages\/732","targetHints":{"allow":["GET"]}}],"collection":[{"href":"https:\/\/agora.xtec.cat\/escolavalldelges\/wp-json\/wp\/v2\/pages"}],"about":[{"href":"https:\/\/agora.xtec.cat\/escolavalldelges\/wp-json\/wp\/v2\/types\/page"}],"author":[{"embeddable":true,"href":"https:\/\/agora.xtec.cat\/escolavalldelges\/wp-json\/wp\/v2\/users\/1"}],"replies":[{"embeddable":true,"href":"https:\/\/agora.xtec.cat\/escolavalldelges\/wp-json\/wp\/v2\/comments?post=732"}],"version-history":[{"count":5,"href":"https:\/\/agora.xtec.cat\/escolavalldelges\/wp-json\/wp\/v2\/pages\/732\/revisions"}],"predecessor-version":[{"id":10140,"href":"https:\/\/agora.xtec.cat\/escolavalldelges\/wp-json\/wp\/v2\/pages\/732\/revisions\/10140"}],"up":[{"embeddable":true,"href":"https:\/\/agora.xtec.cat\/escolavalldelges\/wp-json\/wp\/v2\/pages\/250"}],"wp:attachment":[{"href":"https:\/\/agora.xtec.cat\/escolavalldelges\/wp-json\/wp\/v2\/media?parent=732"}],"curies":[{"name":"wp","href":"https:\/\/api.w.org\/{rel}","templated":true}]}}