{"id":5371,"date":"2019-11-06T12:51:28","date_gmt":"2019-11-06T11:51:28","guid":{"rendered":"http:\/\/agora.xtec.cat\/escolavalldelges\/?page_id=5371"},"modified":"2026-02-18T18:01:03","modified_gmt":"2026-02-18T17:01:03","slug":"circulars","status":"publish","type":"page","link":"https:\/\/agora.xtec.cat\/escolavalldelges\/circulars\/","title":{"rendered":"Circulars"},"content":{"rendered":"<p>Aqu\u00ed trobareu trobareu tots els documents i circulars que va generant el centre, necessaris per a l\u2019organitzaci\u00f3 i funcionament de l\u2019escola.<\/p>\n<ul>\n<li style=\"list-style-type: none;\">\n<ul>\n<li style=\"list-style-type: none;\">\n<ul>\n<li>\n<h3><a href=\"https:\/\/agora.xtec.cat\/escolavalldelges\/lescola\/calendari-del-curs\/\">CALENDARI 25-26<\/a><\/h3>\n<\/li>\n<li>\n<h3><a href=\"https:\/\/agora.xtec.cat\/escolavalldelges\/wp-content\/uploads\/usu812\/2025\/10\/2526-Circular-FAMILIES-INICI-de-curs.pdf\">INFORMACIONS CURS 25-26<\/a><\/h3>\n<\/li>\n<li>\n<h3><span style=\"color: #003366;\">ADMINISTRAR MEDICAMENTS:<\/span><\/h3>\n<p>Sempre que sigui imprescindible administrar medicaments a l&#8217;alumnat en l&#8217;horari lectiu, caldr\u00e0 pr\u00e8viament que els pares, mares o tutors legals aportin la documentaci\u00f3 seg\u00fcent:<\/p>\n<ul>\n<li>Un<strong>\u00a0informe m\u00e8dic<\/strong>\u00a0on consti el nom de l&#8217;alumne o alumna, el nom del medicament que ha de prendre i la pauta d&#8217;administraci\u00f3.<\/li>\n<li>Una\u00a0<a href=\"https:\/\/drive.google.com\/file\/d\/1jUSH7lxYc-1aYdQzG3Op9v-wHWyQOW1h\/view?usp=sharing\"><strong>autoritzaci\u00f3<\/strong><\/a>\u00a0on se sol\u00b7liciti a la direcci\u00f3 del centre educatiu l&#8217;administraci\u00f3 a l&#8217;alumne o alumna del medicament prescrit, d&#8217;acord amb les pautes que constin en l&#8217;informe es\u200bmentat anteriorment, i se n&#8217;autoritzi l&#8217;administraci\u00f3 al personal del centre.<\/li>\n<\/ul>\n<\/li>\n<li>\n<h3><a href=\"https:\/\/scientiasalut.gencat.cat\/bitstream\/handle\/11351\/3061.4\/criteris-no-assistencia-alumnat-escola-llar-infants-malalties-transmisibles-2025.pdf?sequence=4&amp;isAllowed=y\" target=\"_blank\" rel=\"noopener noreferrer\">CRITERIS DE NO ASSIST\u00c8NCIA DE L&#8217;ALUMNAT A L&#8217;ESCOLA DURANT UN PER\u00cdODE DE TEMPS DETERMINAT A CAUSA DE MALALTIES TRANSMISSIBLES.<\/a><\/h3>\n<\/li>\n<\/ul>\n<\/li>\n<\/ul>\n<\/li>\n<\/ul>\n<h2><\/h2>\n","protected":false},"excerpt":{"rendered":"<p>Aqu\u00ed trobareu trobareu tots els documents i circulars que va generant el centre, necessaris per a l\u2019organitzaci\u00f3 i funcionament de l\u2019escola. CALENDARI 25-26 INFORMACIONS CURS 25-26 ADMINISTRAR MEDICAMENTS: Sempre que sigui imprescindible administrar medicaments a l&#8217;alumnat en l&#8217;horari lectiu, caldr\u00e0 pr\u00e8viament que els pares, mares o tutors legals aportin la documentaci\u00f3 seg\u00fcent: Un\u00a0informe m\u00e8dic\u00a0on consti [&hellip;]<\/p>\n","protected":false},"author":1,"featured_media":0,"parent":0,"menu_order":7,"comment_status":"closed","ping_status":"closed","template":"","meta":{"_bbp_topic_count":0,"_bbp_reply_count":0,"_bbp_total_topic_count":0,"_bbp_total_reply_count":0,"_bbp_voice_count":0,"_bbp_anonymous_reply_count":0,"_bbp_topic_count_hidden":0,"_bbp_reply_count_hidden":0,"_bbp_forum_subforum_count":0,"site-sidebar-layout":"default","site-content-layout":"","ast-site-content-layout":"default","site-content-style":"default","site-sidebar-style":"default","ast-global-header-display":"","ast-banner-title-visibility":"","ast-main-header-display":"","ast-hfb-above-header-display":"","ast-hfb-below-header-display":"","ast-hfb-mobile-header-display":"","site-post-title":"","ast-breadcrumbs-content":"","ast-featured-img":"","footer-sml-layout":"","theme-transparent-header-meta":"","adv-header-id-meta":"","stick-header-meta":"","header-above-stick-meta":"","header-main-stick-meta":"","header-below-stick-meta":"","astra-migrate-meta-layouts":"set","ast-page-background-enabled":"default","ast-page-background-meta":{"desktop":{"background-color":"var(--ast-global-color-4)","background-image":"","background-repeat":"repeat","background-position":"center center","background-size":"auto","background-attachment":"scroll","background-type":"","background-media":"","overlay-type":"","overlay-color":"","overlay-opacity":"","overlay-gradient":""},"tablet":{"background-color":"","background-image":"","background-repeat":"repeat","background-position":"center center","background-size":"auto","background-attachment":"scroll","background-type":"","background-media":"","overlay-type":"","overlay-color":"","overlay-opacity":"","overlay-gradient":""},"mobile":{"background-color":"","background-image":"","background-repeat":"repeat","background-position":"center center","background-size":"auto","background-attachment":"scroll","background-type":"","background-media":"","overlay-type":"","overlay-color":"","overlay-opacity":"","overlay-gradient":""}},"ast-content-background-meta":{"desktop":{"background-color":"var(--ast-global-color-5)","background-image":"","background-repeat":"repeat","background-position":"center center","background-size":"auto","background-attachment":"scroll","background-type":"","background-media":"","overlay-type":"","overlay-color":"","overlay-opacity":"","overlay-gradient":""},"tablet":{"background-color":"var(--ast-global-color-5)","background-image":"","background-repeat":"repeat","background-position":"center center","background-size":"auto","background-attachment":"scroll","background-type":"","background-media":"","overlay-type":"","overlay-color":"","overlay-opacity":"","overlay-gradient":""},"mobile":{"background-color":"var(--ast-global-color-5)","background-image":"","background-repeat":"repeat","background-position":"center center","background-size":"auto","background-attachment":"scroll","background-type":"","background-media":"","overlay-type":"","overlay-color":"","overlay-opacity":"","overlay-gradient":""}},"footnotes":""},"class_list":["post-5371","page","type-page","status-publish","hentry"],"post_mailing_queue_ids":[],"_links":{"self":[{"href":"https:\/\/agora.xtec.cat\/escolavalldelges\/wp-json\/wp\/v2\/pages\/5371","targetHints":{"allow":["GET"]}}],"collection":[{"href":"https:\/\/agora.xtec.cat\/escolavalldelges\/wp-json\/wp\/v2\/pages"}],"about":[{"href":"https:\/\/agora.xtec.cat\/escolavalldelges\/wp-json\/wp\/v2\/types\/page"}],"author":[{"embeddable":true,"href":"https:\/\/agora.xtec.cat\/escolavalldelges\/wp-json\/wp\/v2\/users\/1"}],"replies":[{"embeddable":true,"href":"https:\/\/agora.xtec.cat\/escolavalldelges\/wp-json\/wp\/v2\/comments?post=5371"}],"version-history":[{"count":6,"href":"https:\/\/agora.xtec.cat\/escolavalldelges\/wp-json\/wp\/v2\/pages\/5371\/revisions"}],"predecessor-version":[{"id":10059,"href":"https:\/\/agora.xtec.cat\/escolavalldelges\/wp-json\/wp\/v2\/pages\/5371\/revisions\/10059"}],"wp:attachment":[{"href":"https:\/\/agora.xtec.cat\/escolavalldelges\/wp-json\/wp\/v2\/media?parent=5371"}],"curies":[{"name":"wp","href":"https:\/\/api.w.org\/{rel}","templated":true}]}}