{"id":3231,"date":"2024-09-02T23:56:27","date_gmt":"2024-09-02T21:56:27","guid":{"rendered":"https:\/\/agora.xtec.cat\/escolatorrelameu\/?page_id=3231"},"modified":"2025-09-18T16:32:59","modified_gmt":"2025-09-18T14:32:59","slug":"autoritzacions","status":"publish","type":"page","link":"https:\/\/agora.xtec.cat\/escolatorrelameu\/lescola\/projecte-educatiu\/autoritzacions\/","title":{"rendered":"Material i autoritzacions del curs"},"content":{"rendered":"<p>En aquest apartat podeu descarregar-vos els llistats de material i les autoritzacions per al curs 2025-2026:<\/p>\n<table style=\"border-collapse: collapse; width: 99.3243%; height: 131px;\">\n<tbody>\n<tr style=\"height: 32px;\">\n<td style=\"width: 99.9999%; text-align: center; height: 10px;\" colspan=\"3\">LLISTATS DE MATERIAL<\/td>\n<\/tr>\n<tr style=\"height: 25px;\">\n<td style=\"width: 33.3333%; text-align: center; height: 25px;\"><a href=\"https:\/\/agora.xtec.cat\/escolatorrelameu\/wp-content\/uploads\/usu2232\/2025\/09\/Material-INF-25-26.pdf\">Primer i segon cicle d&#8217;Ed. infantil<\/a><\/td>\n<td style=\"width: 33.3333%; text-align: center; height: 25px;\"><a href=\"https:\/\/agora.xtec.cat\/escolatorrelameu\/wp-content\/uploads\/usu2232\/2025\/09\/Material-PRI-25-26.pdf\">Prim\u00e0ria (1r s 4t)<\/a><\/td>\n<td style=\"width: 33.3333%; text-align: center; height: 25px;\"><a href=\"https:\/\/agora.xtec.cat\/escolatorrelameu\/wp-content\/uploads\/usu2232\/2025\/09\/Material-PRI-Grans-25-26.docx.pdf\">Prim\u00e0ria (5\u00e8 i 6\u00e8)<\/a><\/td>\n<\/tr>\n<tr style=\"height: 32px;\">\n<td style=\"width: 33.3333%; text-align: center; height: 32px;\" colspan=\"3\">AUTORITZACIONS<\/td>\n<\/tr>\n<tr style=\"height: 32px;\">\n<td style=\"width: 33.3333%; text-align: center; height: 32px;\"><a href=\"https:\/\/agora.xtec.cat\/escolatorrelameu\/wp-content\/uploads\/usu2232\/2025\/09\/AUTORITZACIO-DRETS-dIMATGE-.pdf\">Drets d&#8217;imatge<\/a><\/td>\n<td style=\"width: 33.3333%; text-align: center; height: 32px;\"><a href=\"https:\/\/agora.xtec.cat\/escolatorrelameu\/wp-content\/uploads\/usu2232\/2025\/09\/Marxar-sol.pdf\">Per sortir sol\/a del centre o acompanyat\/da d&#8217;un menor<\/a><\/td>\n<td style=\"width: 33.3333%; text-align: center; height: 32px;\"><a href=\"https:\/\/agora.xtec.cat\/escolatorrelameu\/wp-content\/uploads\/usu2232\/2025\/09\/AUTORITZACIO-PER-ANAR-ACOMPANYAT-DUN-DOCENT.pdf\">Per anar acompanyat\/da d&#8217;una docent<\/a><\/td>\n<\/tr>\n<tr style=\"height: 32px;\">\n<td style=\"width: 33.3333%; text-align: center; height: 32px;\"><a href=\"https:\/\/agora.xtec.cat\/escolatorrelameu\/wp-content\/uploads\/usu2232\/2024\/10\/Autorit_medicaments.pdf\">Administraci\u00f3 de medicament<\/a><\/td>\n<td style=\"width: 33.3333%; text-align: center; height: 32px;\"><a href=\"https:\/\/agora.xtec.cat\/escolatorrelameu\/wp-content\/uploads\/usu2232\/2025\/09\/Sortides-locals.pdf\">Sortides locals<\/a><\/td>\n<td style=\"width: 33.3333%; text-align: center; height: 32px;\"><a href=\"https:\/\/agora.xtec.cat\/escolatorrelameu\/wp-content\/uploads\/usu2232\/2025\/09\/Sortides-fora.pdf\">Sortides fora del poble o de ZER<\/a><\/td>\n<\/tr>\n<\/tbody>\n<\/table>\n<p>Tamb\u00e9 afegim la infografia sobre quan es pot incorporar un infant a l&#8217;escola despr\u00e9s d&#8217;haver estat malalt i l&#8217;enlla\u00e7 al document oficial del Departament de Salut de la Generalitat de Catalunya, per si necessiteu una informaci\u00f3 m\u00e9s detallada:<\/p>\n<p><img loading=\"lazy\" decoding=\"async\" class=\"aligncenter size-large wp-image-3911\" src=\"https:\/\/agora.xtec.cat\/escolatorrelameu\/wp-content\/uploads\/usu2232\/2025\/09\/Criteris-sanitaris-483x1024.jpg\" alt=\"\" width=\"483\" height=\"1024\" srcset=\"https:\/\/agora.xtec.cat\/escolatorrelameu\/wp-content\/uploads\/usu2232\/2025\/09\/Criteris-sanitaris-483x1024.jpg 483w, https:\/\/agora.xtec.cat\/escolatorrelameu\/wp-content\/uploads\/usu2232\/2025\/09\/Criteris-sanitaris-141x300.jpg 141w, https:\/\/agora.xtec.cat\/escolatorrelameu\/wp-content\/uploads\/usu2232\/2025\/09\/Criteris-sanitaris-768x1629.jpg 768w, https:\/\/agora.xtec.cat\/escolatorrelameu\/wp-content\/uploads\/usu2232\/2025\/09\/Criteris-sanitaris-724x1536.jpg 724w, https:\/\/agora.xtec.cat\/escolatorrelameu\/wp-content\/uploads\/usu2232\/2025\/09\/Criteris-sanitaris.jpg 943w\" sizes=\"auto, (max-width: 483px) 100vw, 483px\" \/><\/p>\n<p style=\"text-align: center;\"><a href=\"https:\/\/scientiasalut.gencat.cat\/handle\/11351\/3061.4\"><em>Criteris de no assist\u00e8ncia de l&#8217;alumnat a l&#8217;escola o la llar d&#8217;infants durant un per\u00edode de temps determinat a causa de malalties transmissibles. Actualitzaci\u00f3 mar\u00e7 2025.<\/em><\/a><\/p>\n","protected":false},"excerpt":{"rendered":"<p>En aquest apartat podeu descarregar-vos els llistats de material i les autoritzacions per al curs 2025-2026:<\/p>\n<p>LLISTATS DE MATERIAL<\/p>\n<p><a href=\"https:\/\/agora.xtec.cat\/escolatorrelameu\/wp-content\/uploads\/usu2232\/2025\/09\/Material-INF-25-26.pdf\">Primer i segon cicle d&#8217;Ed. infantil<\/a><br \/>\n<a href=\"https:\/\/agora.xtec.cat\/escolatorrelameu\/wp-content\/uploads\/usu2232\/2025\/09\/Material-PRI-25-26.pdf\">Prim\u00e0ria (1r s 4t)<\/a><br \/>\n<a href=\"https:\/\/agora.xtec.cat\/escolatorrelameu\/wp-content\/uploads\/usu2232\/2025\/09\/Material-PRI-Grans-25-26.docx.pdf\">Prim\u00e0ria (5\u00e8 i 6\u00e8)<\/a><\/p>\n<p>AUTORITZACIONS<\/p>\n<p><a href=\"https:\/\/agora.xtec.cat\/escolatorrelameu\/wp-content\/uploads\/usu2232\/2025\/09\/AUTORITZACIO-DRETS-dIMATGE-.pdf\">Drets d&#8217;imatge<\/a><br \/>\n<a href=\"https:\/\/agora.xtec.cat\/escolatorrelameu\/wp-content\/uploads\/usu2232\/2025\/09\/Marxar-sol.pdf\">Per sortir sol\/a del centre o acompanyat\/da d&#8217;un menor<\/a><br \/>\n<a href=\"https:\/\/agora.xtec.cat\/escolatorrelameu\/wp-content\/uploads\/usu2232\/2025\/09\/AUTORITZACIO-PER-ANAR-ACOMPANYAT-DUN-DOCENT.pdf\">Per anar&hellip;  <a href=\"https:\/\/agora.xtec.cat\/escolatorrelameu\/lescola\/projecte-educatiu\/autoritzacions\/\" title=\"Read Material i autoritzacions del curs\">Llegeix m\u00e9s\u00bb<\/a><\/p>\n","protected":false},"author":1,"featured_media":0,"parent":64,"menu_order":0,"comment_status":"closed","ping_status":"closed","template":"page-templates\/side-menu.php","meta":{"_bbp_topic_count":0,"_bbp_reply_count":0,"_bbp_total_topic_count":0,"_bbp_total_reply_count":0,"_bbp_voice_count":0,"_bbp_anonymous_reply_count":0,"_bbp_topic_count_hidden":0,"_bbp_reply_count_hidden":0,"_bbp_forum_subforum_count":0,"footnotes":""},"class_list":["post-3231","page","type-page","status-publish","hentry"],"post_mailing_queue_ids":[],"_links":{"self":[{"href":"https:\/\/agora.xtec.cat\/escolatorrelameu\/wp-json\/wp\/v2\/pages\/3231","targetHints":{"allow":["GET"]}}],"collection":[{"href":"https:\/\/agora.xtec.cat\/escolatorrelameu\/wp-json\/wp\/v2\/pages"}],"about":[{"href":"https:\/\/agora.xtec.cat\/escolatorrelameu\/wp-json\/wp\/v2\/types\/page"}],"author":[{"embeddable":true,"href":"https:\/\/agora.xtec.cat\/escolatorrelameu\/wp-json\/wp\/v2\/users\/1"}],"replies":[{"embeddable":true,"href":"https:\/\/agora.xtec.cat\/escolatorrelameu\/wp-json\/wp\/v2\/comments?post=3231"}],"version-history":[{"count":6,"href":"https:\/\/agora.xtec.cat\/escolatorrelameu\/wp-json\/wp\/v2\/pages\/3231\/revisions"}],"predecessor-version":[{"id":3923,"href":"https:\/\/agora.xtec.cat\/escolatorrelameu\/wp-json\/wp\/v2\/pages\/3231\/revisions\/3923"}],"up":[{"embeddable":true,"href":"https:\/\/agora.xtec.cat\/escolatorrelameu\/wp-json\/wp\/v2\/pages\/64"}],"wp:attachment":[{"href":"https:\/\/agora.xtec.cat\/escolatorrelameu\/wp-json\/wp\/v2\/media?parent=3231"}],"curies":[{"name":"wp","href":"https:\/\/api.w.org\/{rel}","templated":true}]}}

<p>En aquest apartat podeu descarregar-vos els llistats de material i les autoritzacions per al curs 2025-2026:</p>
<table style="border-collapse: collapse; width: 99.3243%; height: 131px;">
<tbody>
<tr style="height: 32px;">
<td style="width: 99.9999%; text-align: center; height: 10px;" colspan="3">LLISTATS DE MATERIAL</td>
</tr>
<tr style="height: 25px;">
<td style="width: 33.3333%; text-align: center; height: 25px;"><a href="https://agora.xtec.cat/escolatorrelameu/wp-content/uploads/usu2232/2025/09/Material-INF-25-26.pdf">Primer i segon cicle d&#8217;Ed. infantil</a></td>
<td style="width: 33.3333%; text-align: center; height: 25px;"><a href="https://agora.xtec.cat/escolatorrelameu/wp-content/uploads/usu2232/2025/09/Material-PRI-25-26.pdf">Primària (1r s 4t)</a></td>
<td style="width: 33.3333%; text-align: center; height: 25px;"><a href="https://agora.xtec.cat/escolatorrelameu/wp-content/uploads/usu2232/2025/09/Material-PRI-Grans-25-26.docx.pdf">Primària (5è i 6è)</a></td>
</tr>
<tr style="height: 32px;">
<td style="width: 33.3333%; text-align: center; height: 32px;" colspan="3">AUTORITZACIONS</td>
</tr>
<tr style="height: 32px;">
<td style="width: 33.3333%; text-align: center; height: 32px;"><a href="https://agora.xtec.cat/escolatorrelameu/wp-content/uploads/usu2232/2025/09/AUTORITZACIO-DRETS-dIMATGE-.pdf">Drets d&#8217;imatge</a></td>
<td style="width: 33.3333%; text-align: center; height: 32px;"><a href="https://agora.xtec.cat/escolatorrelameu/wp-content/uploads/usu2232/2025/09/Marxar-sol.pdf">Per sortir sol/a del centre o acompanyat/da d&#8217;un menor</a></td>
<td style="width: 33.3333%; text-align: center; height: 32px;"><a href="https://agora.xtec.cat/escolatorrelameu/wp-content/uploads/usu2232/2025/09/AUTORITZACIO-PER-ANAR-ACOMPANYAT-DUN-DOCENT.pdf">Per anar acompanyat/da d&#8217;una docent</a></td>
</tr>
<tr style="height: 32px;">
<td style="width: 33.3333%; text-align: center; height: 32px;"><a href="https://agora.xtec.cat/escolatorrelameu/wp-content/uploads/usu2232/2024/10/Autorit_medicaments.pdf">Administració de medicament</a></td>
<td style="width: 33.3333%; text-align: center; height: 32px;"><a href="https://agora.xtec.cat/escolatorrelameu/wp-content/uploads/usu2232/2025/09/Sortides-locals.pdf">Sortides locals</a></td>
<td style="width: 33.3333%; text-align: center; height: 32px;"><a href="https://agora.xtec.cat/escolatorrelameu/wp-content/uploads/usu2232/2025/09/Sortides-fora.pdf">Sortides fora del poble o de ZER</a></td>
</tr>
</tbody>
</table>
<p>També afegim la infografia sobre quan es pot incorporar un infant a l&#8217;escola després d&#8217;haver estat malalt i l&#8217;enllaç al document oficial del Departament de Salut de la Generalitat de Catalunya, per si necessiteu una informació més detallada:</p>
<p><img loading="lazy" decoding="async" class="aligncenter size-large wp-image-3911" src="https://agora.xtec.cat/escolatorrelameu/wp-content/uploads/usu2232/2025/09/Criteris-sanitaris-483x1024.jpg" alt="" width="483" height="1024" srcset="https://agora.xtec.cat/escolatorrelameu/wp-content/uploads/usu2232/2025/09/Criteris-sanitaris-483x1024.jpg 483w, https://agora.xtec.cat/escolatorrelameu/wp-content/uploads/usu2232/2025/09/Criteris-sanitaris-141x300.jpg 141w, https://agora.xtec.cat/escolatorrelameu/wp-content/uploads/usu2232/2025/09/Criteris-sanitaris-768x1629.jpg 768w, https://agora.xtec.cat/escolatorrelameu/wp-content/uploads/usu2232/2025/09/Criteris-sanitaris-724x1536.jpg 724w, https://agora.xtec.cat/escolatorrelameu/wp-content/uploads/usu2232/2025/09/Criteris-sanitaris.jpg 943w" sizes="auto, (max-width: 483px) 100vw, 483px" /></p>
<p style="text-align: center;"><a href="https://scientiasalut.gencat.cat/handle/11351/3061.4"><em>Criteris de no assistència de l&#8217;alumnat a l&#8217;escola o la llar d&#8217;infants durant un període de temps determinat a causa de malalties transmissibles. Actualització març 2025.</em></a></p>

<p>En aquest apartat podeu descarregar-vos els llistats de material i les autoritzacions per al curs 2025-2026:</p>
<p>LLISTATS DE MATERIAL</p>
<p><a href="https://agora.xtec.cat/escolatorrelameu/wp-content/uploads/usu2232/2025/09/Material-INF-25-26.pdf">Primer i segon cicle d&#8217;Ed. infantil</a><br />
<a href="https://agora.xtec.cat/escolatorrelameu/wp-content/uploads/usu2232/2025/09/Material-PRI-25-26.pdf">Primària (1r s 4t)</a><br />
<a href="https://agora.xtec.cat/escolatorrelameu/wp-content/uploads/usu2232/2025/09/Material-PRI-Grans-25-26.docx.pdf">Primària (5è i 6è)</a></p>
<p>AUTORITZACIONS</p>
<p><a href="https://agora.xtec.cat/escolatorrelameu/wp-content/uploads/usu2232/2025/09/AUTORITZACIO-DRETS-dIMATGE-.pdf">Drets d&#8217;imatge</a><br />
<a href="https://agora.xtec.cat/escolatorrelameu/wp-content/uploads/usu2232/2025/09/Marxar-sol.pdf">Per sortir sol/a del centre o acompanyat/da d&#8217;un menor</a><br />
<a href="https://agora.xtec.cat/escolatorrelameu/wp-content/uploads/usu2232/2025/09/AUTORITZACIO-PER-ANAR-ACOMPANYAT-DUN-DOCENT.pdf">Per anar&hellip;  <a href="https://agora.xtec.cat/escolatorrelameu/lescola/projecte-educatiu/autoritzacions/" title="Read Material i autoritzacions del curs">Llegeix més»</a></p>
