{"id":24,"date":"2014-09-18T12:23:15","date_gmt":"2014-09-18T10:23:15","guid":{"rendered":"http:\/\/agora.xtec.cat\/escolatorrelameu\/?page_id=24"},"modified":"2025-02-10T21:23:37","modified_gmt":"2025-02-10T20:23:37","slug":"on-som","status":"publish","type":"page","link":"https:\/\/agora.xtec.cat\/escolatorrelameu\/lescola\/on-som\/","title":{"rendered":"L&#8217;espai que compartim"},"content":{"rendered":"<p><span style=\"font-weight: 400;\">L<\/span><span style=\"font-weight: 400;\">\u2019escola rural, \u00e9s l\u2019escola de les tres \u201cP\u201d: Petita, de Poble i P\u00fablica, \u00e9s una escola arrelada al territori, que d\u00f3na vida al municipi, que a vegades n\u2019\u00e9s el pal de paller i\u00a0 dinamitzadora d\u2019una part de la vida que el poble genera, que aglutina activitats, persones, i que \u00e9s motiu de trobada i aprenentatge.\u00a0\u00a0<\/span><\/p>\n<p><span style=\"font-weight: 400;\">L\u2019escola rural no sempre ha estat ben entesa. Ha viscut moments de menyspreu i tamb\u00e9 de mitificaci\u00f3. Tampoc no s\u2019ha tingut ben clar si es tracta d\u2019una escola amb identitat pr\u00f2pia, o b\u00e9 d\u2019una escola amb un entorn rural.<\/span><\/p>\n<p><span style=\"font-weight: 400;\">Dins de les nostres possibilitats, procurem aules est\u00e8ticament harm\u00f2niques, perqu\u00e8 els espais parlen de com som, de qu\u00e8 ens interessa (s\u00f3n el tercer agent educador) i perqu\u00e8 faciliten sentir-se acollits en un ambient ser\u00e8 i familiar, que propicien l\u2019ambient relaxat necessari per a l\u2019aprenentatge. Aix\u00ed, als nostres espais predominen elements de fusta, colors suaus, espais de treball flexibles i vers\u00e0tils (catifes, taules, tamborets\u2026), zones d\u2019esbarjo amb elements naturals i objectes seleccionats, plantes, hort i cura d\u2019animals\u2026<\/span><\/p>\n","protected":false},"excerpt":{"rendered":"<p>L\u2019escola rural, \u00e9s l\u2019escola de les tres \u201cP\u201d: Petita, de Poble i P\u00fablica, \u00e9s una escola arrelada al territori, que d\u00f3na vida al municipi, que a vegades n\u2019\u00e9s el pal de paller i\u00a0 dinamitzadora d\u2019una part de la vida que el poble genera, que aglutina&hellip;  <a href=\"https:\/\/agora.xtec.cat\/escolatorrelameu\/lescola\/on-som\/\" title=\"Read L&#8217;espai que compartim\">Llegeix m\u00e9s\u00bb<\/a><\/p>\n","protected":false},"author":1,"featured_media":0,"parent":22,"menu_order":10,"comment_status":"closed","ping_status":"closed","template":"page-templates\/side-menu.php","meta":{"_bbp_topic_count":0,"_bbp_reply_count":0,"_bbp_total_topic_count":0,"_bbp_total_reply_count":0,"_bbp_voice_count":0,"_bbp_anonymous_reply_count":0,"_bbp_topic_count_hidden":0,"_bbp_reply_count_hidden":0,"_bbp_forum_subforum_count":0,"footnotes":""},"class_list":["post-24","page","type-page","status-publish","hentry"],"post_mailing_queue_ids":[],"_links":{"self":[{"href":"https:\/\/agora.xtec.cat\/escolatorrelameu\/wp-json\/wp\/v2\/pages\/24","targetHints":{"allow":["GET"]}}],"collection":[{"href":"https:\/\/agora.xtec.cat\/escolatorrelameu\/wp-json\/wp\/v2\/pages"}],"about":[{"href":"https:\/\/agora.xtec.cat\/escolatorrelameu\/wp-json\/wp\/v2\/types\/page"}],"author":[{"embeddable":true,"href":"https:\/\/agora.xtec.cat\/escolatorrelameu\/wp-json\/wp\/v2\/users\/1"}],"replies":[{"embeddable":true,"href":"https:\/\/agora.xtec.cat\/escolatorrelameu\/wp-json\/wp\/v2\/comments?post=24"}],"version-history":[{"count":5,"href":"https:\/\/agora.xtec.cat\/escolatorrelameu\/wp-json\/wp\/v2\/pages\/24\/revisions"}],"predecessor-version":[{"id":3553,"href":"https:\/\/agora.xtec.cat\/escolatorrelameu\/wp-json\/wp\/v2\/pages\/24\/revisions\/3553"}],"up":[{"embeddable":true,"href":"https:\/\/agora.xtec.cat\/escolatorrelameu\/wp-json\/wp\/v2\/pages\/22"}],"wp:attachment":[{"href":"https:\/\/agora.xtec.cat\/escolatorrelameu\/wp-json\/wp\/v2\/media?parent=24"}],"curies":[{"name":"wp","href":"https:\/\/api.w.org\/{rel}","templated":true}]}}

<p><span style="font-weight: 400;">L</span><span style="font-weight: 400;">’escola rural, és l’escola de les tres “P”: Petita, de Poble i Pública, és una escola arrelada al territori, que dóna vida al municipi, que a vegades n’és el pal de paller i  dinamitzadora d’una part de la vida que el poble genera, que aglutina activitats, persones, i que és motiu de trobada i aprenentatge.  </span></p>
<p><span style="font-weight: 400;">L’escola rural no sempre ha estat ben entesa. Ha viscut moments de menyspreu i també de mitificació. Tampoc no s’ha tingut ben clar si es tracta d’una escola amb identitat pròpia, o bé d’una escola amb un entorn rural.</span></p>
<p><span style="font-weight: 400;">Dins de les nostres possibilitats, procurem aules estèticament harmòniques, perquè els espais parlen de com som, de què ens interessa (són el tercer agent educador) i perquè faciliten sentir-se acollits en un ambient serè i familiar, que propicien l’ambient relaxat necessari per a l’aprenentatge. Així, als nostres espais predominen elements de fusta, colors suaus, espais de treball flexibles i versàtils (catifes, taules, tamborets…), zones d’esbarjo amb elements naturals i objectes seleccionats, plantes, hort i cura d’animals…</span></p>

<p>L’escola rural, és l’escola de les tres “P”: Petita, de Poble i Pública, és una escola arrelada al territori, que dóna vida al municipi, que a vegades n’és el pal de paller i  dinamitzadora d’una part de la vida que el poble genera, que aglutina&hellip;  <a href="https://agora.xtec.cat/escolatorrelameu/lescola/on-som/" title="Read L&#8217;espai que compartim">Llegeix més»</a></p>
