{"id":7,"date":"2014-09-17T15:07:41","date_gmt":"2014-09-17T14:07:41","guid":{"rendered":"http:\/\/agora.xtec.cat\/escolataularodona\/?page_id=7"},"modified":"2026-04-29T11:28:52","modified_gmt":"2026-04-29T09:28:52","slug":"pagines-dinici","status":"publish","type":"page","link":"https:\/\/agora.xtec.cat\/escolataularodona\/","title":{"rendered":"BENVINGUDES I BENVINGUTS"},"content":{"rendered":"<p><a href=\"https:\/\/drive.google.com\/file\/d\/1AIqeGQ7_Bcdvop36xcztYHS0sOonfJxu\/view?usp=sharing\" target=\"_blank\" rel=\"noopener\"><img loading=\"lazy\" decoding=\"async\" class=\"wp-image-9763 aligncenter\" style=\"color: #222222;\" src=\"https:\/\/agora.xtec.cat\/escolataularodona\/wp-content\/uploads\/usu722\/2026\/01\/portes-obertes-Encabezado-de-Google-Classroom.jpg\" alt=\"\" width=\"781\" height=\"195\" srcset=\"https:\/\/agora.xtec.cat\/escolataularodona\/wp-content\/uploads\/usu722\/2026\/01\/portes-obertes-Encabezado-de-Google-Classroom.jpg 1920w, https:\/\/agora.xtec.cat\/escolataularodona\/wp-content\/uploads\/usu722\/2026\/01\/portes-obertes-Encabezado-de-Google-Classroom-300x75.jpg 300w, https:\/\/agora.xtec.cat\/escolataularodona\/wp-content\/uploads\/usu722\/2026\/01\/portes-obertes-Encabezado-de-Google-Classroom-1024x256.jpg 1024w, https:\/\/agora.xtec.cat\/escolataularodona\/wp-content\/uploads\/usu722\/2026\/01\/portes-obertes-Encabezado-de-Google-Classroom-768x192.jpg 768w, https:\/\/agora.xtec.cat\/escolataularodona\/wp-content\/uploads\/usu722\/2026\/01\/portes-obertes-Encabezado-de-Google-Classroom-1536x384.jpg 1536w\" sizes=\"auto, (max-width: 781px) 100vw, 781px\" \/><\/a><\/p>\n<div class=\"entry-content\">\n<p><strong>DATES DEL PROC\u00c9S DE LA PREINSCRIPCI\u00d3 <\/strong><a href=\"https:\/\/drive.google.com\/file\/d\/1p2n36xh9O-dcVNFK1orp0oM51JDrorS6\/view?usp=drive_link\">(cliqueu aqu\u00ed per a m\u00e9s informaci\u00f3)<\/a><\/p>\n<p><a href=\"https:\/\/drive.google.com\/file\/d\/1LQanlpXiYNsSk57-LjvefwPBkA99O4jm\/view?usp=drive_link\"><strong>Publicaci\u00f3 de l&#8217;oferta inicial:<\/strong><\/a> 3 de mar\u00e7 de 2026<\/p>\n<p><strong>Presentaci\u00f3 de sol\u00b7licituds:<\/strong> del 4 al 18 de mar\u00e7 de 2026<\/p>\n<p><strong><a href=\"https:\/\/drive.google.com\/file\/d\/1kn0XAJD69o3otvlU_KeZxpP_aKBzIzAp\/view?usp=sharing\">Publicaci\u00f3 de la llista\u00a0 amb la puntuaci\u00f3 provisional<\/a>:<\/strong> 15 d&#8217;abril de 2026<\/p>\n<p><strong>Presentaci\u00f3 de reclamacions:<\/strong> del 15 al 20 d&#8217;abril de 2026<\/p>\n<p><strong><a href=\"https:\/\/drive.google.com\/file\/d\/1nBhs5QSxTOi2n8AVDoWI4bSbaiTIX7jk\/view?usp=sharing\">Publicaci\u00f3 de la llista, resoltes les reclamacions<\/a>:<\/strong> 23 d&#8217;abril de 2026<\/p>\n<p><strong>Sorteig:<\/strong> 28 d&#8217;abril de 2026<\/p>\n<p><strong><a href=\"https:\/\/drive.google.com\/file\/d\/1tIS1bqD50srFCeEzYdYTeKIDEbFxieyF\/view?usp=drive_link\">Publicaci\u00f3 de la llista ordenada<\/a>:<\/strong> 29 d&#8217;abril de 2026<\/p>\n<p><strong>Publicaci\u00f3 de l&#8217;oferta final:<\/strong> 10 de juny de 2026<\/p>\n<p><strong>Publicaci\u00f3 de la llista d&#8217;admesos i la llista d&#8217;espera:<\/strong> 10 de juny de 2026<\/p>\n<p><strong>Per\u00edode de matr\u00edcula:<\/strong> del 22 al 30 de juny de 2026<\/p>\n<p><span style=\"color: #800000;\"><a style=\"color: #800000;\" href=\"https:\/\/drive.google.com\/file\/d\/1hH59O8LFwU8WctSIv4wbo0hYC7HbOIsc\/view?usp=sharing\"><strong>LLISTAT LLIBRES DE TEXT (PRIM\u00c0RIA)<\/strong><\/a><\/span><\/p>\n<p><span style=\"color: #800000;\"><a style=\"color: #800000;\" href=\"https:\/\/drive.google.com\/file\/d\/18Lgcje8Ghi07J1Q3ruTdhL2K8ceEeQ6p\/view?usp=sharing\"><strong>QUOTES DE MATERIAL I SORTIDES<\/strong><\/a><\/span><\/p>\n<p><a href=\"https:\/\/drive.google.com\/file\/d\/1tTzGmp8jzmDverK_0Umau5OTUulJuzMo\/view?usp=sharing\"><span style=\"color: #800000;\"><strong>ADAPTACI\u00d3 EI3\u00a0<\/strong><\/span><\/a><\/p>\n<p><a href=\"https:\/\/drive.google.com\/file\/d\/15QIs8wPphKri7adGcpBm-dWgWhPGQJon\/view?usp=sharing\"><strong><span style=\"color: #993300;\"><span style=\"color: #800000;\">PROGRAMACI\u00d3 GENERAL ANUAL<\/span><\/span><\/strong><\/a><\/p>\n<\/div>\n","protected":false},"excerpt":{"rendered":"<p><a href=\"https:\/\/drive.google.com\/file\/d\/1AIqeGQ7_Bcdvop36xcztYHS0sOonfJxu\/view?usp=sharing\" target=\"_blank\" rel=\"noopener\"><\/a><\/p>\n<p>DATES DEL PROC\u00c9S DE LA PREINSCRIPCI\u00d3 <a href=\"https:\/\/drive.google.com\/file\/d\/1p2n36xh9O-dcVNFK1orp0oM51JDrorS6\/view?usp=drive_link\">(cliqueu aqu\u00ed per a m\u00e9s informaci\u00f3)<\/a><br \/>\n<a href=\"https:\/\/drive.google.com\/file\/d\/1LQanlpXiYNsSk57-LjvefwPBkA99O4jm\/view?usp=drive_link\">Publicaci\u00f3 de l&#8217;oferta inicial:<\/a> 3 de mar\u00e7 de 2026<br \/>\nPresentaci\u00f3 de sol\u00b7licituds: del 4 al 18 de mar\u00e7 de 2026<br \/>\n<a href=\"https:\/\/drive.google.com\/file\/d\/1kn0XAJD69o3otvlU_KeZxpP_aKBzIzAp\/view?usp=sharing\">Publicaci\u00f3 de la llista\u00a0 amb la puntuaci\u00f3 provisional<\/a>: 15 d&#8217;abril&hellip;  <a href=\"https:\/\/agora.xtec.cat\/escolataularodona\/\" title=\"Read BENVINGUDES I BENVINGUTS\">Llegeix m\u00e9s\u00bb<\/a><\/p>\n","protected":false},"author":1,"featured_media":0,"parent":0,"menu_order":0,"comment_status":"closed","ping_status":"closed","template":"","meta":{"_bbp_topic_count":0,"_bbp_reply_count":0,"_bbp_total_topic_count":0,"_bbp_total_reply_count":0,"_bbp_voice_count":0,"_bbp_anonymous_reply_count":0,"_bbp_topic_count_hidden":0,"_bbp_reply_count_hidden":0,"_bbp_forum_subforum_count":0,"footnotes":""},"class_list":["post-7","page","type-page","status-publish","hentry"],"post_mailing_queue_ids":[],"_links":{"self":[{"href":"https:\/\/agora.xtec.cat\/escolataularodona\/wp-json\/wp\/v2\/pages\/7","targetHints":{"allow":["GET"]}}],"collection":[{"href":"https:\/\/agora.xtec.cat\/escolataularodona\/wp-json\/wp\/v2\/pages"}],"about":[{"href":"https:\/\/agora.xtec.cat\/escolataularodona\/wp-json\/wp\/v2\/types\/page"}],"author":[{"embeddable":true,"href":"https:\/\/agora.xtec.cat\/escolataularodona\/wp-json\/wp\/v2\/users\/1"}],"replies":[{"embeddable":true,"href":"https:\/\/agora.xtec.cat\/escolataularodona\/wp-json\/wp\/v2\/comments?post=7"}],"version-history":[{"count":7,"href":"https:\/\/agora.xtec.cat\/escolataularodona\/wp-json\/wp\/v2\/pages\/7\/revisions"}],"predecessor-version":[{"id":9778,"href":"https:\/\/agora.xtec.cat\/escolataularodona\/wp-json\/wp\/v2\/pages\/7\/revisions\/9778"}],"wp:attachment":[{"href":"https:\/\/agora.xtec.cat\/escolataularodona\/wp-json\/wp\/v2\/media?parent=7"}],"curies":[{"name":"wp","href":"https:\/\/api.w.org\/{rel}","templated":true}]}}

<p><a href="https://drive.google.com/file/d/1AIqeGQ7_Bcdvop36xcztYHS0sOonfJxu/view?usp=sharing" target="_blank" rel="noopener"><img loading="lazy" decoding="async" class="wp-image-9763 aligncenter" style="color: #222222;" src="https://agora.xtec.cat/escolataularodona/wp-content/uploads/usu722/2026/01/portes-obertes-Encabezado-de-Google-Classroom.jpg" alt="" width="781" height="195" srcset="https://agora.xtec.cat/escolataularodona/wp-content/uploads/usu722/2026/01/portes-obertes-Encabezado-de-Google-Classroom.jpg 1920w, https://agora.xtec.cat/escolataularodona/wp-content/uploads/usu722/2026/01/portes-obertes-Encabezado-de-Google-Classroom-300x75.jpg 300w, https://agora.xtec.cat/escolataularodona/wp-content/uploads/usu722/2026/01/portes-obertes-Encabezado-de-Google-Classroom-1024x256.jpg 1024w, https://agora.xtec.cat/escolataularodona/wp-content/uploads/usu722/2026/01/portes-obertes-Encabezado-de-Google-Classroom-768x192.jpg 768w, https://agora.xtec.cat/escolataularodona/wp-content/uploads/usu722/2026/01/portes-obertes-Encabezado-de-Google-Classroom-1536x384.jpg 1536w" sizes="auto, (max-width: 781px) 100vw, 781px" /></a></p>
<div class="entry-content">
<p><strong>DATES DEL PROCÉS DE LA PREINSCRIPCIÓ </strong><a href="https://drive.google.com/file/d/1p2n36xh9O-dcVNFK1orp0oM51JDrorS6/view?usp=drive_link">(cliqueu aquí per a més informació)</a></p>
<p><a href="https://drive.google.com/file/d/1LQanlpXiYNsSk57-LjvefwPBkA99O4jm/view?usp=drive_link"><strong>Publicació de l&#8217;oferta inicial:</strong></a> 3 de març de 2026</p>
<p><strong>Presentació de sol·licituds:</strong> del 4 al 18 de març de 2026</p>
<p><strong><a href="https://drive.google.com/file/d/1kn0XAJD69o3otvlU_KeZxpP_aKBzIzAp/view?usp=sharing">Publicació de la llista  amb la puntuació provisional</a>:</strong> 15 d&#8217;abril de 2026</p>
<p><strong>Presentació de reclamacions:</strong> del 15 al 20 d&#8217;abril de 2026</p>
<p><strong><a href="https://drive.google.com/file/d/1nBhs5QSxTOi2n8AVDoWI4bSbaiTIX7jk/view?usp=sharing">Publicació de la llista, resoltes les reclamacions</a>:</strong> 23 d&#8217;abril de 2026</p>
<p><strong>Sorteig:</strong> 28 d&#8217;abril de 2026</p>
<p><strong><a href="https://drive.google.com/file/d/1tIS1bqD50srFCeEzYdYTeKIDEbFxieyF/view?usp=drive_link">Publicació de la llista ordenada</a>:</strong> 29 d&#8217;abril de 2026</p>
<p><strong>Publicació de l&#8217;oferta final:</strong> 10 de juny de 2026</p>
<p><strong>Publicació de la llista d&#8217;admesos i la llista d&#8217;espera:</strong> 10 de juny de 2026</p>
<p><strong>Període de matrícula:</strong> del 22 al 30 de juny de 2026</p>
<p><span style="color: #800000;"><a style="color: #800000;" href="https://drive.google.com/file/d/1hH59O8LFwU8WctSIv4wbo0hYC7HbOIsc/view?usp=sharing"><strong>LLISTAT LLIBRES DE TEXT (PRIMÀRIA)</strong></a></span></p>
<p><span style="color: #800000;"><a style="color: #800000;" href="https://drive.google.com/file/d/18Lgcje8Ghi07J1Q3ruTdhL2K8ceEeQ6p/view?usp=sharing"><strong>QUOTES DE MATERIAL I SORTIDES</strong></a></span></p>
<p><a href="https://drive.google.com/file/d/1tTzGmp8jzmDverK_0Umau5OTUulJuzMo/view?usp=sharing"><span style="color: #800000;"><strong>ADAPTACIÓ EI3 </strong></span></a></p>
<p><a href="https://drive.google.com/file/d/15QIs8wPphKri7adGcpBm-dWgWhPGQJon/view?usp=sharing"><strong><span style="color: #993300;"><span style="color: #800000;">PROGRAMACIÓ GENERAL ANUAL</span></span></strong></a></p>
</div>

<p><a href="https://drive.google.com/file/d/1AIqeGQ7_Bcdvop36xcztYHS0sOonfJxu/view?usp=sharing" target="_blank" rel="noopener"></a></p>
<p>DATES DEL PROCÉS DE LA PREINSCRIPCIÓ <a href="https://drive.google.com/file/d/1p2n36xh9O-dcVNFK1orp0oM51JDrorS6/view?usp=drive_link">(cliqueu aquí per a més informació)</a><br />
<a href="https://drive.google.com/file/d/1LQanlpXiYNsSk57-LjvefwPBkA99O4jm/view?usp=drive_link">Publicació de l&#8217;oferta inicial:</a> 3 de març de 2026<br />
Presentació de sol·licituds: del 4 al 18 de març de 2026<br />
<a href="https://drive.google.com/file/d/1kn0XAJD69o3otvlU_KeZxpP_aKBzIzAp/view?usp=sharing">Publicació de la llista  amb la puntuació provisional</a>: 15 d&#8217;abril&hellip;  <a href="https://agora.xtec.cat/escolataularodona/" title="Read BENVINGUDES I BENVINGUTS">Llegeix més»</a></p>
