{"id":1618,"date":"2020-03-27T13:49:35","date_gmt":"2020-03-27T12:49:35","guid":{"rendered":"http:\/\/agora.xtec.cat\/escolataularodona\/?page_id=1618"},"modified":"2023-09-21T10:54:07","modified_gmt":"2023-09-21T08:54:07","slug":"nivells","status":"publish","type":"page","link":"https:\/\/agora.xtec.cat\/escolataularodona\/pagina-dinici-buida\/nivells\/","title":{"rendered":"Nivells"},"content":{"rendered":"<p>L&#8217;escola t\u00e9 dues l\u00ednies des d&#8217;EI3 fins a 6\u00e8. Podeu accedir als blogs, on s&#8217;exposen les not\u00edcies de cada nivell.<\/p>\n<p>Podeu accedir fent clic a sobre del nom de cada nivell.<\/p>\n<p>Infantil<\/p>\n<p><img loading=\"lazy\" decoding=\"async\" class=\"alignright wp-image-6165 size-medium\" title=\"Exemple de blog\" src=\"https:\/\/agora.xtec.cat\/escolataularodona\/wp-content\/uploads\/usu722\/2020\/10\/IMG_20201012_161030-189x300.jpg\" alt=\"\" width=\"189\" height=\"300\" \/><\/p>\n<p><a href=\"https:\/\/agora.xtec.cat\/escolataularodona\/categoria\/p3\/\">I3<\/a><\/p>\n<p><a href=\"https:\/\/agora.xtec.cat\/escolataularodona\/categoria\/p4\/\">I4<\/a><\/p>\n<p><a href=\"https:\/\/agora.xtec.cat\/escolataularodona\/categoria\/p5\/\">I5<\/a><\/p>\n<p>Prim\u00e0ria<\/p>\n<p><a href=\"https:\/\/agora.xtec.cat\/escolataularodona\/categoria\/1r\/\">1r<\/a><\/p>\n<p><a href=\"https:\/\/agora.xtec.cat\/escolataularodona\/categoria\/1rscience\/\">1r science<\/a><\/p>\n<p><a href=\"https:\/\/agora.xtec.cat\/escolataularodona\/categoria\/2n\/\">2n<\/a><\/p>\n<p><a href=\"https:\/\/agora.xtec.cat\/escolataularodona\/categoria\/3r\/\">3r<\/a><\/p>\n<p><a href=\"https:\/\/agora.xtec.cat\/escolataularodona\/categoria\/4t\/\">4t<\/a><\/p>\n<p><a href=\"https:\/\/agora.xtec.cat\/escolataularodona\/categoria\/5e\/\">5\u00e8<\/a><\/p>\n<p><a href=\"https:\/\/agora.xtec.cat\/escolataularodona\/categoria\/6e\/\">6\u00e8<\/a><\/p>\n","protected":false},"excerpt":{"rendered":"<p>L&#8217;escola t\u00e9 dues l\u00ednies des d&#8217;EI3 fins a 6\u00e8. Podeu accedir als blogs, on s&#8217;exposen les not\u00edcies de cada nivell.<br \/>\nPodeu accedir fent clic a sobre del nom de cada nivell.<br \/>\nInfantil<\/p>\n<p><a href=\"https:\/\/agora.xtec.cat\/escolataularodona\/categoria\/p3\/\">I3<\/a><br \/>\n<a href=\"https:\/\/agora.xtec.cat\/escolataularodona\/categoria\/p4\/\">I4<\/a><br \/>\n<a href=\"https:\/\/agora.xtec.cat\/escolataularodona\/categoria\/p5\/\">I5<\/a><br \/>\nPrim\u00e0ria<br \/>\n<a href=\"https:\/\/agora.xtec.cat\/escolataularodona\/categoria\/1r\/\">1r<\/a><br \/>\n<a href=\"https:\/\/agora.xtec.cat\/escolataularodona\/categoria\/1rscience\/\">1r science<\/a><br \/>\n<a href=\"https:\/\/agora.xtec.cat\/escolataularodona\/categoria\/2n\/\">2n<\/a><br \/>\n<a href=\"https:\/\/agora.xtec.cat\/escolataularodona\/categoria\/3r\/\">3r<\/a><br \/>\n<a href=\"https:\/\/agora.xtec.cat\/escolataularodona\/categoria\/4t\/\">4t<\/a><br \/>\n<a href=\"https:\/\/agora.xtec.cat\/escolataularodona\/categoria\/5e\/\">5\u00e8<\/a><br \/>\n<a href=\"https:\/\/agora.xtec.cat\/escolataularodona\/categoria\/6e\/\">6\u00e8<\/a><\/p>\n","protected":false},"author":1,"featured_media":0,"parent":9,"menu_order":0,"comment_status":"closed","ping_status":"closed","template":"page-templates\/side-menu.php","meta":{"_bbp_topic_count":0,"_bbp_reply_count":0,"_bbp_total_topic_count":0,"_bbp_total_reply_count":0,"_bbp_voice_count":0,"_bbp_anonymous_reply_count":0,"_bbp_topic_count_hidden":0,"_bbp_reply_count_hidden":0,"_bbp_forum_subforum_count":0,"footnotes":""},"class_list":["post-1618","page","type-page","status-publish","hentry"],"post_mailing_queue_ids":[],"_links":{"self":[{"href":"https:\/\/agora.xtec.cat\/escolataularodona\/wp-json\/wp\/v2\/pages\/1618","targetHints":{"allow":["GET"]}}],"collection":[{"href":"https:\/\/agora.xtec.cat\/escolataularodona\/wp-json\/wp\/v2\/pages"}],"about":[{"href":"https:\/\/agora.xtec.cat\/escolataularodona\/wp-json\/wp\/v2\/types\/page"}],"author":[{"embeddable":true,"href":"https:\/\/agora.xtec.cat\/escolataularodona\/wp-json\/wp\/v2\/users\/1"}],"replies":[{"embeddable":true,"href":"https:\/\/agora.xtec.cat\/escolataularodona\/wp-json\/wp\/v2\/comments?post=1618"}],"version-history":[{"count":4,"href":"https:\/\/agora.xtec.cat\/escolataularodona\/wp-json\/wp\/v2\/pages\/1618\/revisions"}],"predecessor-version":[{"id":9094,"href":"https:\/\/agora.xtec.cat\/escolataularodona\/wp-json\/wp\/v2\/pages\/1618\/revisions\/9094"}],"up":[{"embeddable":true,"href":"https:\/\/agora.xtec.cat\/escolataularodona\/wp-json\/wp\/v2\/pages\/9"}],"wp:attachment":[{"href":"https:\/\/agora.xtec.cat\/escolataularodona\/wp-json\/wp\/v2\/media?parent=1618"}],"curies":[{"name":"wp","href":"https:\/\/api.w.org\/{rel}","templated":true}]}}