{"id":2248,"date":"2022-01-25T21:56:27","date_gmt":"2022-01-25T20:56:27","guid":{"rendered":"https:\/\/agora.xtec.cat\/escolatarlatana\/?page_id=2248"},"modified":"2023-02-01T15:37:21","modified_gmt":"2023-02-01T14:37:21","slug":"afa","status":"publish","type":"page","link":"https:\/\/agora.xtec.cat\/escolatarlatana\/afa\/","title":{"rendered":"AFI"},"content":{"rendered":"<p>A la nostra escola donem molta import\u00e0ncia a la participaci\u00f3 de les fam\u00edlies per tal de crear vincles amb la comunitat educativa i els infants. \u00c9s per aix\u00f2 us convidem a participar de l&#8217;AFI per tal de viure el dia a dia de l&#8217;escola.<\/p>\n<h4><a href=\"https:\/\/afitarlatana.wordpress.com\" target=\"_blank\" rel=\"noopener\">AFI Escola Tarlatana<\/a><\/h4>\n<p><a href=\"https:\/\/afitarlatana.wordpress.com\/\" target=\"_blank\" rel=\"noopener\"><img loading=\"lazy\" decoding=\"async\" class=\"wp-image-3059 alignleft\" src=\"https:\/\/agora.xtec.cat\/escolatarlatana\/wp-content\/uploads\/usu954\/2023\/02\/afi-e1675262142144.jpg\" alt=\"\" width=\"310\" height=\"264\" srcset=\"https:\/\/agora.xtec.cat\/escolatarlatana\/wp-content\/uploads\/usu954\/2023\/02\/afi-e1675262142144.jpg 756w, https:\/\/agora.xtec.cat\/escolatarlatana\/wp-content\/uploads\/usu954\/2023\/02\/afi-e1675262142144-300x255.jpg 300w\" sizes=\"auto, (max-width: 310px) 100vw, 310px\" \/><\/a><\/p>\n","protected":false},"excerpt":{"rendered":"<p>A la nostra escola donem molta import\u00e0ncia a la participaci\u00f3 de les fam\u00edlies per tal de crear vincles amb la comunitat educativa i els infants. \u00c9s per aix\u00f2 us convidem a participar de l&#8217;AFI per tal de viure el dia a dia de l&#8217;escola.<br \/>\n<a href=\"https:\/\/afitarlatana.wordpress.com\"&hellip;  <a href=\"https:\/\/agora.xtec.cat\/escolatarlatana\/afa\/\" title=\"Read AFI\">Llegeix m\u00e9s\u00bb<\/a><\/p>\n","protected":false},"author":1,"featured_media":0,"parent":0,"menu_order":0,"comment_status":"closed","ping_status":"closed","template":"","meta":{"_bbp_topic_count":0,"_bbp_reply_count":0,"_bbp_total_topic_count":0,"_bbp_total_reply_count":0,"_bbp_voice_count":0,"_bbp_anonymous_reply_count":0,"_bbp_topic_count_hidden":0,"_bbp_reply_count_hidden":0,"_bbp_forum_subforum_count":0,"footnotes":""},"class_list":["post-2248","page","type-page","status-publish","hentry"],"post_mailing_queue_ids":[],"_links":{"self":[{"href":"https:\/\/agora.xtec.cat\/escolatarlatana\/wp-json\/wp\/v2\/pages\/2248","targetHints":{"allow":["GET"]}}],"collection":[{"href":"https:\/\/agora.xtec.cat\/escolatarlatana\/wp-json\/wp\/v2\/pages"}],"about":[{"href":"https:\/\/agora.xtec.cat\/escolatarlatana\/wp-json\/wp\/v2\/types\/page"}],"author":[{"embeddable":true,"href":"https:\/\/agora.xtec.cat\/escolatarlatana\/wp-json\/wp\/v2\/users\/1"}],"replies":[{"embeddable":true,"href":"https:\/\/agora.xtec.cat\/escolatarlatana\/wp-json\/wp\/v2\/comments?post=2248"}],"version-history":[{"count":3,"href":"https:\/\/agora.xtec.cat\/escolatarlatana\/wp-json\/wp\/v2\/pages\/2248\/revisions"}],"predecessor-version":[{"id":3061,"href":"https:\/\/agora.xtec.cat\/escolatarlatana\/wp-json\/wp\/v2\/pages\/2248\/revisions\/3061"}],"wp:attachment":[{"href":"https:\/\/agora.xtec.cat\/escolatarlatana\/wp-json\/wp\/v2\/media?parent=2248"}],"curies":[{"name":"wp","href":"https:\/\/api.w.org\/{rel}","templated":true}]}}