{"id":932,"date":"2021-02-10T18:49:49","date_gmt":"2021-02-10T17:49:49","guid":{"rendered":"https:\/\/agora.xtec.cat\/escolataiala\/?page_id=932"},"modified":"2025-02-21T12:13:00","modified_gmt":"2025-02-21T11:13:00","slug":"afa","status":"publish","type":"page","link":"https:\/\/agora.xtec.cat\/escolataiala\/afa\/","title":{"rendered":"AFA"},"content":{"rendered":"<p><a href=\"https:\/\/agora.xtec.cat\/escolataiala\/wp-content\/uploads\/usu2111\/2023\/09\/logo_escola_AFA_50.jpg\"><img loading=\"lazy\" decoding=\"async\" class=\"wp-image-2268 aligncenter\" src=\"https:\/\/agora.xtec.cat\/escolataiala\/wp-content\/uploads\/usu2111\/2023\/09\/logo_escola_AFA_50-759x1024.jpg\" alt=\"\" width=\"111\" height=\"151\" srcset=\"https:\/\/agora.xtec.cat\/escolataiala\/wp-content\/uploads\/usu2111\/2023\/09\/logo_escola_AFA_50-759x1024.jpg 759w, https:\/\/agora.xtec.cat\/escolataiala\/wp-content\/uploads\/usu2111\/2023\/09\/logo_escola_AFA_50-222x300.jpg 222w, https:\/\/agora.xtec.cat\/escolataiala\/wp-content\/uploads\/usu2111\/2023\/09\/logo_escola_AFA_50-768x1036.jpg 768w, https:\/\/agora.xtec.cat\/escolataiala\/wp-content\/uploads\/usu2111\/2023\/09\/logo_escola_AFA_50-1138x1536.jpg 1138w, https:\/\/agora.xtec.cat\/escolataiala\/wp-content\/uploads\/usu2111\/2023\/09\/logo_escola_AFA_50.jpg 1182w\" sizes=\"auto, (max-width: 111px) 100vw, 111px\" \/><\/a><\/p>\n<p>L\u2019Associaci\u00f3 de Fam\u00edlies d\u2019Alumnes de l\u2019Escola Taial\u00e0 \u00e9s una <strong>associaci\u00f3 sense \u00e0nim de lucre que treballa pel bon funcionament del centre i perqu\u00e8 volem implicar-nos en l&#8217;educaci\u00f3 dels nostres fills.<\/strong><\/p>\n<p>L\u2019AFA gestiona el servei de menjador, organitza les activitats extraescolars i els casals.<\/p>\n<p>Col\u00b7laborem econ\u00f2micament en l\u2019adquisici\u00f3 d\u2019equipaments pel centre.<\/p>\n<p><a href=\"https:\/\/drive.google.com\/file\/d\/1DePTu8XEuPqHvyaGKmPVcsct0dJCRqPf\/view?usp=sharing\" target=\"_blank\" rel=\"noopener\">Comissions de treball<\/a><\/p>\n<p><a href=\"https:\/\/drive.google.com\/file\/d\/109TLHMgvy-KoUrbRz-SgskH3AiKu5bpb\/view?usp=sharing\" target=\"_blank\" rel=\"noopener\">Consell Escolar<\/a><\/p>\n<p><a href=\"https:\/\/drive.google.com\/file\/d\/15SCqdNOMi2kNmG0o72NHm2GmXyCLLL2E\/view?usp=sharing\" target=\"_blank\" rel=\"noopener\">Junta<\/a><\/p>\n","protected":false},"excerpt":{"rendered":"<p>L\u2019Associaci\u00f3 de Fam\u00edlies d\u2019Alumnes de l\u2019Escola Taial\u00e0 \u00e9s una associaci\u00f3 sense \u00e0nim de lucre que treballa pel bon funcionament del centre i perqu\u00e8 volem implicar-nos en l&#8217;educaci\u00f3 dels nostres fills. L\u2019AFA gestiona el servei de menjador, organitza les activitats extraescolars i els casals. Col\u00b7laborem econ\u00f2micament en l\u2019adquisici\u00f3 d\u2019equipaments pel centre. Comissions de treball Consell Escolar [&hellip;]<\/p>\n","protected":false},"author":1,"featured_media":0,"parent":0,"menu_order":0,"comment_status":"closed","ping_status":"closed","template":"page-templates\/side-menu.php","meta":{"_bbp_topic_count":0,"_bbp_reply_count":0,"_bbp_total_topic_count":0,"_bbp_total_reply_count":0,"_bbp_voice_count":0,"_bbp_anonymous_reply_count":0,"_bbp_topic_count_hidden":0,"_bbp_reply_count_hidden":0,"_bbp_forum_subforum_count":0,"site-sidebar-layout":"default","site-content-layout":"","ast-site-content-layout":"","site-content-style":"default","site-sidebar-style":"default","ast-global-header-display":"","ast-banner-title-visibility":"","ast-main-header-display":"","ast-hfb-above-header-display":"","ast-hfb-below-header-display":"","ast-hfb-mobile-header-display":"","site-post-title":"","ast-breadcrumbs-content":"","ast-featured-img":"","footer-sml-layout":"","theme-transparent-header-meta":"","adv-header-id-meta":"","stick-header-meta":"","header-above-stick-meta":"","header-main-stick-meta":"","header-below-stick-meta":"","astra-migrate-meta-layouts":"default","ast-page-background-enabled":"default","ast-page-background-meta":{"desktop":{"background-color":"var(--ast-global-color-4)","background-image":"","background-repeat":"repeat","background-position":"center center","background-size":"auto","background-attachment":"scroll","background-type":"","background-media":"","overlay-type":"","overlay-color":"","overlay-opacity":"","overlay-gradient":""},"tablet":{"background-color":"","background-image":"","background-repeat":"repeat","background-position":"center center","background-size":"auto","background-attachment":"scroll","background-type":"","background-media":"","overlay-type":"","overlay-color":"","overlay-opacity":"","overlay-gradient":""},"mobile":{"background-color":"","background-image":"","background-repeat":"repeat","background-position":"center center","background-size":"auto","background-attachment":"scroll","background-type":"","background-media":"","overlay-type":"","overlay-color":"","overlay-opacity":"","overlay-gradient":""}},"ast-content-background-meta":{"desktop":{"background-color":"var(--ast-global-color-5)","background-image":"","background-repeat":"repeat","background-position":"center center","background-size":"auto","background-attachment":"scroll","background-type":"","background-media":"","overlay-type":"","overlay-color":"","overlay-opacity":"","overlay-gradient":""},"tablet":{"background-color":"var(--ast-global-color-5)","background-image":"","background-repeat":"repeat","background-position":"center center","background-size":"auto","background-attachment":"scroll","background-type":"","background-media":"","overlay-type":"","overlay-color":"","overlay-opacity":"","overlay-gradient":""},"mobile":{"background-color":"var(--ast-global-color-5)","background-image":"","background-repeat":"repeat","background-position":"center center","background-size":"auto","background-attachment":"scroll","background-type":"","background-media":"","overlay-type":"","overlay-color":"","overlay-opacity":"","overlay-gradient":""}},"footnotes":""},"class_list":["post-932","page","type-page","status-publish","hentry"],"post_mailing_queue_ids":[],"_links":{"self":[{"href":"https:\/\/agora.xtec.cat\/escolataiala\/wp-json\/wp\/v2\/pages\/932","targetHints":{"allow":["GET"]}}],"collection":[{"href":"https:\/\/agora.xtec.cat\/escolataiala\/wp-json\/wp\/v2\/pages"}],"about":[{"href":"https:\/\/agora.xtec.cat\/escolataiala\/wp-json\/wp\/v2\/types\/page"}],"author":[{"embeddable":true,"href":"https:\/\/agora.xtec.cat\/escolataiala\/wp-json\/wp\/v2\/users\/1"}],"replies":[{"embeddable":true,"href":"https:\/\/agora.xtec.cat\/escolataiala\/wp-json\/wp\/v2\/comments?post=932"}],"version-history":[{"count":6,"href":"https:\/\/agora.xtec.cat\/escolataiala\/wp-json\/wp\/v2\/pages\/932\/revisions"}],"predecessor-version":[{"id":17645,"href":"https:\/\/agora.xtec.cat\/escolataiala\/wp-json\/wp\/v2\/pages\/932\/revisions\/17645"}],"wp:attachment":[{"href":"https:\/\/agora.xtec.cat\/escolataiala\/wp-json\/wp\/v2\/media?parent=932"}],"curies":[{"name":"wp","href":"https:\/\/api.w.org\/{rel}","templated":true}]}}