{"id":923,"date":"2021-02-10T17:53:05","date_gmt":"2021-02-10T16:53:05","guid":{"rendered":"https:\/\/agora.xtec.cat\/escolataiala\/?page_id=923"},"modified":"2021-02-10T17:53:05","modified_gmt":"2021-02-10T16:53:05","slug":"leducacio-emocional","status":"publish","type":"page","link":"https:\/\/agora.xtec.cat\/escolataiala\/diversitat-educacio-emocional-i-llengues\/leducacio-emocional\/","title":{"rendered":"L&#8217;educaci\u00f3 emocional"},"content":{"rendered":"<p style=\"text-align: justify;\"><span style=\"font-weight: 400;\">L&#8217;escola \u00e9s un pilar b\u00e0sic per al desenvolupament emocional dels infants. La intel\u00b7lig\u00e8ncia emocional \u00e9s una eina fonamental a l\u2019\u00e0mbit de l&#8217;ensenyament. No nom\u00e9s ajuda a que els nens es coneguin millor a s\u00ed mateixos, sin\u00f3 tamb\u00e9 a comprendre m\u00e9s i millor els altres companys. Durant l&#8217;etapa escolar, l&#8217;aula \u00e9s un lloc on l&#8217;alumnat viuen moltes experi\u00e8ncies.<\/span><\/p>\n<p style=\"text-align: justify;\"><span style=\"font-weight: 400;\">La intel\u00b7lig\u00e8ncia emocional \u00e9s una manera d\u2019interactuar en el m\u00f3n amb habilitats i capacitats que ens porten a aconseguir els nostres objectius.\u00a0<\/span><\/p>\n<p style=\"text-align: justify;\"><span style=\"font-weight: 400;\">A l&#8217;etapa escolar, l&#8217;alumnat ha d&#8217;aprendre a recon\u00e8ixer les pr\u00f2pies emocions i\u00a0 aprendre habilitats i estrat\u00e8gies per a regular-les. L&#8217;acompanyament de l&#8217;equip docent i familiar esdev\u00e9 clau per avan\u00e7ar en aquest aprenentatge.<\/span><\/p>\n","protected":false},"excerpt":{"rendered":"<p>L&#8217;escola \u00e9s un pilar b\u00e0sic per al desenvolupament emocional dels infants. La intel\u00b7lig\u00e8ncia emocional \u00e9s una eina fonamental a l\u2019\u00e0mbit de l&#8217;ensenyament. No nom\u00e9s ajuda a que els nens es coneguin millor a s\u00ed mateixos, sin\u00f3 tamb\u00e9 a comprendre m\u00e9s i millor els altres companys. Durant l&#8217;etapa escolar, l&#8217;aula \u00e9s un lloc on l&#8217;alumnat viuen [&hellip;]<\/p>\n","protected":false},"author":1,"featured_media":0,"parent":916,"menu_order":20,"comment_status":"closed","ping_status":"closed","template":"page-templates\/side-menu.php","meta":{"_bbp_topic_count":0,"_bbp_reply_count":0,"_bbp_total_topic_count":0,"_bbp_total_reply_count":0,"_bbp_voice_count":0,"_bbp_anonymous_reply_count":0,"_bbp_topic_count_hidden":0,"_bbp_reply_count_hidden":0,"_bbp_forum_subforum_count":0,"site-sidebar-layout":"default","site-content-layout":"","ast-site-content-layout":"","site-content-style":"default","site-sidebar-style":"default","ast-global-header-display":"","ast-banner-title-visibility":"","ast-main-header-display":"","ast-hfb-above-header-display":"","ast-hfb-below-header-display":"","ast-hfb-mobile-header-display":"","site-post-title":"","ast-breadcrumbs-content":"","ast-featured-img":"","footer-sml-layout":"","theme-transparent-header-meta":"","adv-header-id-meta":"","stick-header-meta":"","header-above-stick-meta":"","header-main-stick-meta":"","header-below-stick-meta":"","astra-migrate-meta-layouts":"default","ast-page-background-enabled":"default","ast-page-background-meta":{"desktop":{"background-color":"var(--ast-global-color-4)","background-image":"","background-repeat":"repeat","background-position":"center center","background-size":"auto","background-attachment":"scroll","background-type":"","background-media":"","overlay-type":"","overlay-color":"","overlay-opacity":"","overlay-gradient":""},"tablet":{"background-color":"","background-image":"","background-repeat":"repeat","background-position":"center center","background-size":"auto","background-attachment":"scroll","background-type":"","background-media":"","overlay-type":"","overlay-color":"","overlay-opacity":"","overlay-gradient":""},"mobile":{"background-color":"","background-image":"","background-repeat":"repeat","background-position":"center center","background-size":"auto","background-attachment":"scroll","background-type":"","background-media":"","overlay-type":"","overlay-color":"","overlay-opacity":"","overlay-gradient":""}},"ast-content-background-meta":{"desktop":{"background-color":"var(--ast-global-color-5)","background-image":"","background-repeat":"repeat","background-position":"center center","background-size":"auto","background-attachment":"scroll","background-type":"","background-media":"","overlay-type":"","overlay-color":"","overlay-opacity":"","overlay-gradient":""},"tablet":{"background-color":"var(--ast-global-color-5)","background-image":"","background-repeat":"repeat","background-position":"center center","background-size":"auto","background-attachment":"scroll","background-type":"","background-media":"","overlay-type":"","overlay-color":"","overlay-opacity":"","overlay-gradient":""},"mobile":{"background-color":"var(--ast-global-color-5)","background-image":"","background-repeat":"repeat","background-position":"center center","background-size":"auto","background-attachment":"scroll","background-type":"","background-media":"","overlay-type":"","overlay-color":"","overlay-opacity":"","overlay-gradient":""}},"footnotes":""},"class_list":["post-923","page","type-page","status-publish","hentry"],"post_mailing_queue_ids":[],"_links":{"self":[{"href":"https:\/\/agora.xtec.cat\/escolataiala\/wp-json\/wp\/v2\/pages\/923","targetHints":{"allow":["GET"]}}],"collection":[{"href":"https:\/\/agora.xtec.cat\/escolataiala\/wp-json\/wp\/v2\/pages"}],"about":[{"href":"https:\/\/agora.xtec.cat\/escolataiala\/wp-json\/wp\/v2\/types\/page"}],"author":[{"embeddable":true,"href":"https:\/\/agora.xtec.cat\/escolataiala\/wp-json\/wp\/v2\/users\/1"}],"replies":[{"embeddable":true,"href":"https:\/\/agora.xtec.cat\/escolataiala\/wp-json\/wp\/v2\/comments?post=923"}],"version-history":[{"count":1,"href":"https:\/\/agora.xtec.cat\/escolataiala\/wp-json\/wp\/v2\/pages\/923\/revisions"}],"predecessor-version":[{"id":924,"href":"https:\/\/agora.xtec.cat\/escolataiala\/wp-json\/wp\/v2\/pages\/923\/revisions\/924"}],"up":[{"embeddable":true,"href":"https:\/\/agora.xtec.cat\/escolataiala\/wp-json\/wp\/v2\/pages\/916"}],"wp:attachment":[{"href":"https:\/\/agora.xtec.cat\/escolataiala\/wp-json\/wp\/v2\/media?parent=923"}],"curies":[{"name":"wp","href":"https:\/\/api.w.org\/{rel}","templated":true}]}}