{"id":904,"date":"2021-02-10T17:36:39","date_gmt":"2021-02-10T16:36:39","guid":{"rendered":"https:\/\/agora.xtec.cat\/escolataiala\/?page_id=904"},"modified":"2024-09-09T13:27:32","modified_gmt":"2024-09-09T11:27:32","slug":"projectes","status":"publish","type":"page","link":"https:\/\/agora.xtec.cat\/escolataiala\/projecte-educatiu\/projectes\/","title":{"rendered":"Projectes"},"content":{"rendered":"<p style=\"text-align: justify;\">A part dels projectes que podeu veure en l&#8217;apartat anterior (<a href=\"https:\/\/agora.xtec.cat\/escolataiala\/projecte-educatiu\/oferta-educativa\/\" target=\"_blank\" rel=\"noopener noreferrer\">Documents de centre<\/a>), portem a terme els seg\u00fcents:<\/p>\n<ul style=\"text-align: justify;\">\n<li style=\"font-weight: 400;\" aria-level=\"1\"><b>Biblioteca Escolar<\/b><span style=\"font-weight: 400;\"><em><strong> El Follet del Ter<\/strong><\/em>: amb propostes del Pla lector setmanal organitzades per la comissi\u00f3 de biblioteca de l\u2019escola. Fem 30 minuts diaris de lectura i una sessi\u00f3 setmanal de biblioteca amb grup redu\u00eft.<\/span><\/li>\n<li style=\"font-weight: 400;\" aria-level=\"1\"><b>Rob\u00f2tica i programaci\u00f3: <\/b><span style=\"font-weight: 400;\">de P3 fins a 6\u00e8 es treballen activitats de <a href=\"https:\/\/agora.xtec.cat\/escolataiala\/la-teconologia-com-a-eina-educativa\/robotica-i-programacio\/\" target=\"_blank\" rel=\"noopener noreferrer\">rob\u00f2tica i programaci\u00f3<\/a>, s\u2019utilitzen tablets, ordinadors i <a href=\"https:\/\/agora.xtec.cat\/escolataiala\/la-teconologia-com-a-eina-educativa\/chromebooks\/\" target=\"_blank\" rel=\"noopener noreferrer\">Chromebooks<\/a> en una sessi\u00f3 setmanal amb grup redu\u00eft.<\/span><\/li>\n<li style=\"font-weight: 400;\" aria-level=\"1\"><b>Projecte de Reutilitzaci\u00f3 de Llibres<\/b><span style=\"font-weight: 400;\"> que permet disposar de llibres de lloguer. A prim\u00e0ria treballem amb el suport del llibre de text en les \u00e0rees de llengua catalana, castellana i angl\u00e8s aix\u00ed com tamb\u00e9 en matem\u00e0tiques. L&#8217;\u00e0rea de medi natural, social i cultural es treballa per projectes i amb centres d\u2019inter\u00e8s.<\/span><\/li>\n<li style=\"font-weight: 400;\" aria-level=\"1\"><b style=\"font-family: inherit; font-size: 1em;\">Pla Catal\u00e0 de l\u2019Esport<\/b><span style=\"font-weight: 400;\"> on es desenvolupen els h\u00e0bits saludables i foment de l\u2019esport amb els alumnes de tot el centre. Fem educaci\u00f3 f\u00edsica i psicomotricitat dues sessions setmanals en espai interior i exterior. Disposem de pistes exteriors, porxo i gimn\u00e0s.<\/span><\/li>\n<\/ul>\n","protected":false},"excerpt":{"rendered":"<p>A part dels projectes que podeu veure en l&#8217;apartat anterior (Documents de centre), portem a terme els seg\u00fcents: Biblioteca Escolar El Follet del Ter: amb propostes del Pla lector setmanal organitzades per la comissi\u00f3 de biblioteca de l\u2019escola. Fem 30 minuts diaris de lectura i una sessi\u00f3 setmanal de biblioteca amb grup redu\u00eft. Rob\u00f2tica i [&hellip;]<\/p>\n","protected":false},"author":1,"featured_media":0,"parent":64,"menu_order":10,"comment_status":"closed","ping_status":"closed","template":"page-templates\/side-menu.php","meta":{"_bbp_topic_count":0,"_bbp_reply_count":0,"_bbp_total_topic_count":0,"_bbp_total_reply_count":0,"_bbp_voice_count":0,"_bbp_anonymous_reply_count":0,"_bbp_topic_count_hidden":0,"_bbp_reply_count_hidden":0,"_bbp_forum_subforum_count":0,"site-sidebar-layout":"default","site-content-layout":"","ast-site-content-layout":"","site-content-style":"default","site-sidebar-style":"default","ast-global-header-display":"","ast-banner-title-visibility":"","ast-main-header-display":"","ast-hfb-above-header-display":"","ast-hfb-below-header-display":"","ast-hfb-mobile-header-display":"","site-post-title":"","ast-breadcrumbs-content":"","ast-featured-img":"","footer-sml-layout":"","theme-transparent-header-meta":"","adv-header-id-meta":"","stick-header-meta":"","header-above-stick-meta":"","header-main-stick-meta":"","header-below-stick-meta":"","astra-migrate-meta-layouts":"default","ast-page-background-enabled":"default","ast-page-background-meta":{"desktop":{"background-color":"var(--ast-global-color-4)","background-image":"","background-repeat":"repeat","background-position":"center center","background-size":"auto","background-attachment":"scroll","background-type":"","background-media":"","overlay-type":"","overlay-color":"","overlay-opacity":"","overlay-gradient":""},"tablet":{"background-color":"","background-image":"","background-repeat":"repeat","background-position":"center center","background-size":"auto","background-attachment":"scroll","background-type":"","background-media":"","overlay-type":"","overlay-color":"","overlay-opacity":"","overlay-gradient":""},"mobile":{"background-color":"","background-image":"","background-repeat":"repeat","background-position":"center center","background-size":"auto","background-attachment":"scroll","background-type":"","background-media":"","overlay-type":"","overlay-color":"","overlay-opacity":"","overlay-gradient":""}},"ast-content-background-meta":{"desktop":{"background-color":"var(--ast-global-color-5)","background-image":"","background-repeat":"repeat","background-position":"center center","background-size":"auto","background-attachment":"scroll","background-type":"","background-media":"","overlay-type":"","overlay-color":"","overlay-opacity":"","overlay-gradient":""},"tablet":{"background-color":"var(--ast-global-color-5)","background-image":"","background-repeat":"repeat","background-position":"center center","background-size":"auto","background-attachment":"scroll","background-type":"","background-media":"","overlay-type":"","overlay-color":"","overlay-opacity":"","overlay-gradient":""},"mobile":{"background-color":"var(--ast-global-color-5)","background-image":"","background-repeat":"repeat","background-position":"center center","background-size":"auto","background-attachment":"scroll","background-type":"","background-media":"","overlay-type":"","overlay-color":"","overlay-opacity":"","overlay-gradient":""}},"footnotes":""},"class_list":["post-904","page","type-page","status-publish","hentry"],"post_mailing_queue_ids":[],"_links":{"self":[{"href":"https:\/\/agora.xtec.cat\/escolataiala\/wp-json\/wp\/v2\/pages\/904","targetHints":{"allow":["GET"]}}],"collection":[{"href":"https:\/\/agora.xtec.cat\/escolataiala\/wp-json\/wp\/v2\/pages"}],"about":[{"href":"https:\/\/agora.xtec.cat\/escolataiala\/wp-json\/wp\/v2\/types\/page"}],"author":[{"embeddable":true,"href":"https:\/\/agora.xtec.cat\/escolataiala\/wp-json\/wp\/v2\/users\/1"}],"replies":[{"embeddable":true,"href":"https:\/\/agora.xtec.cat\/escolataiala\/wp-json\/wp\/v2\/comments?post=904"}],"version-history":[{"count":3,"href":"https:\/\/agora.xtec.cat\/escolataiala\/wp-json\/wp\/v2\/pages\/904\/revisions"}],"predecessor-version":[{"id":2746,"href":"https:\/\/agora.xtec.cat\/escolataiala\/wp-json\/wp\/v2\/pages\/904\/revisions\/2746"}],"up":[{"embeddable":true,"href":"https:\/\/agora.xtec.cat\/escolataiala\/wp-json\/wp\/v2\/pages\/64"}],"wp:attachment":[{"href":"https:\/\/agora.xtec.cat\/escolataiala\/wp-json\/wp\/v2\/media?parent=904"}],"curies":[{"name":"wp","href":"https:\/\/api.w.org\/{rel}","templated":true}]}}