{"id":881,"date":"2021-02-10T17:12:00","date_gmt":"2021-02-10T16:12:00","guid":{"rendered":"https:\/\/agora.xtec.cat\/escolataiala\/?page_id=881"},"modified":"2023-04-13T16:29:24","modified_gmt":"2023-04-13T14:29:24","slug":"com-som","status":"publish","type":"page","link":"https:\/\/agora.xtec.cat\/escolataiala\/lescola\/com-som\/","title":{"rendered":"Com som"},"content":{"rendered":"<p style=\"text-align: justify;\"><span style=\"font-weight: 400;\">Som una <\/span><b>escola p\u00fablica<\/b><span style=\"font-weight: 400;\"> on el<\/span><b> catal\u00e0<\/b><span style=\"font-weight: 400;\"> \u00e9s la llengua vehicular de l\u2019escola i el <strong>castell\u00e0<\/strong> i l\u2019<strong>angl\u00e8s<\/strong> es treballen com a segona llengua i llengua estrangera, respectivament.<\/span><\/p>\n<p style=\"text-align: justify;\"><b>Som una escola activa<\/b> <span style=\"font-weight: 400;\">oberta als canvis, a les noves tend\u00e8ncies i metodologies. Aplicant projectes que fomentin la iniciativa i <\/span><b>creativitat i l\u2019experimentaci\u00f3 i observaci\u00f3.<\/b><\/p>\n<p style=\"text-align: justify;\"><b>Som una escola inclusiva:<\/b> <span style=\"font-weight: 400;\">des del curs 2004\/05 som escola d\u2019agrupament de deficients auditius. Hi ha, doncs, alumnes sords integrats a les aules ordin\u00e0ries. Tamb\u00e9 donem una resposta individualitzada als alumnes amb necessitats educatives especials, respectant tots els ritmes d\u2019aprenentatge i tenint en compte les diferents habilitats i capacitats dels alumnes.<\/span><\/p>\n<p style=\"text-align: justify;\"><b>Som una escola plural:<\/b><span style=\"font-weight: 400;\"> La forma de pensar no ser\u00e0 mai motiu de cap mena de discriminaci\u00f3. Tampoc ho ser\u00e0 per ra\u00f3 de sexe ni ra\u00e7a. El respecte personal\u00a0 ha de presidir qualsevol situaci\u00f3 entre els diferents membres de l\u2019escola. Fomentem el treball de les <\/span><b>emocions<\/b><span style=\"font-weight: 400;\"> amb els nostres alumnes afavorint el seu benestar personal.<\/span><\/p>\n<p style=\"text-align: justify;\"><b>Escola participativa:<\/b><span style=\"font-weight: 400;\"> Tot el col\u00b7lectiu (alumnes, fam\u00edlies i docents) participen d\u2019una forma responsable en la vida del centre a fi de potenciar la comunicaci\u00f3 i el di\u00e0leg. Ens proposem que els alumnes siguin <\/span><b>tolerants<\/b><span style=\"font-weight: 400;\">, amb <\/span><b>sentit cr\u00edtic<\/b><span style=\"font-weight: 400;\">, capa\u00e7os de formular <\/span><b>opinions pr\u00f2pies<\/b><span style=\"font-weight: 400;\">,<\/span><span style=\"font-weight: 400;\"> valorant la part positiva i la negativa de les situacions.<\/span><\/p>\n<p style=\"text-align: justify;\"><b>Escola de conviv\u00e8ncia:<\/b><span style=\"font-weight: 400;\"> amb un ensenyament responsable, harm\u00f2nic i integral a tots els alumnes. La consecuci\u00f3 d\u2019h\u00e0bits formatius i intel\u00b7lectuals, de treball, de respecte i de dignitat personal han de ser primordials en la nostra feina educativa. Tenim en compte els aspectes <\/span><b>emocionals i personals, els valors <\/b><span style=\"font-weight: 400;\">i la personalitat de cadasc\u00fa.<\/span><\/p>\n<p style=\"text-align: center;\"><iframe loading=\"lazy\" src=\"https:\/\/drive.google.com\/file\/d\/16SwNCKucCoh75EFEcnrtQ4-iuzUvN6oj\/preview\" width=\"840\" height=\"1200\"><span data-mce-type=\"bookmark\" style=\"display: inline-block; width: 0px; overflow: hidden; line-height: 0;\" class=\"mce_SELRES_start\">\ufeff<\/span><span data-mce-type=\"bookmark\" style=\"display: inline-block; width: 0px; overflow: hidden; line-height: 0;\" class=\"mce_SELRES_start\">\ufeff<\/span><span data-mce-type=\"bookmark\" style=\"display: inline-block; width: 0px; overflow: hidden; line-height: 0;\" class=\"mce_SELRES_start\">\ufeff<\/span><span data-mce-type=\"bookmark\" style=\"display: inline-block; width: 0px; overflow: hidden; line-height: 0;\" class=\"mce_SELRES_start\">\ufeff<\/span><\/iframe><\/p>\n","protected":false},"excerpt":{"rendered":"<p>Som una escola p\u00fablica on el catal\u00e0 \u00e9s la llengua vehicular de l\u2019escola i el castell\u00e0 i l\u2019angl\u00e8s es treballen com a segona llengua i llengua estrangera, respectivament. Som una escola activa oberta als canvis, a les noves tend\u00e8ncies i metodologies. Aplicant projectes que fomentin la iniciativa i creativitat i l\u2019experimentaci\u00f3 i observaci\u00f3. Som una [&hellip;]<\/p>\n","protected":false},"author":1,"featured_media":0,"parent":22,"menu_order":40,"comment_status":"closed","ping_status":"closed","template":"page-templates\/side-menu.php","meta":{"_bbp_topic_count":0,"_bbp_reply_count":0,"_bbp_total_topic_count":0,"_bbp_total_reply_count":0,"_bbp_voice_count":0,"_bbp_anonymous_reply_count":0,"_bbp_topic_count_hidden":0,"_bbp_reply_count_hidden":0,"_bbp_forum_subforum_count":0,"site-sidebar-layout":"default","site-content-layout":"","ast-site-content-layout":"","site-content-style":"default","site-sidebar-style":"default","ast-global-header-display":"","ast-banner-title-visibility":"","ast-main-header-display":"","ast-hfb-above-header-display":"","ast-hfb-below-header-display":"","ast-hfb-mobile-header-display":"","site-post-title":"","ast-breadcrumbs-content":"","ast-featured-img":"","footer-sml-layout":"","theme-transparent-header-meta":"","adv-header-id-meta":"","stick-header-meta":"","header-above-stick-meta":"","header-main-stick-meta":"","header-below-stick-meta":"","astra-migrate-meta-layouts":"default","ast-page-background-enabled":"default","ast-page-background-meta":{"desktop":{"background-color":"var(--ast-global-color-4)","background-image":"","background-repeat":"repeat","background-position":"center center","background-size":"auto","background-attachment":"scroll","background-type":"","background-media":"","overlay-type":"","overlay-color":"","overlay-opacity":"","overlay-gradient":""},"tablet":{"background-color":"","background-image":"","background-repeat":"repeat","background-position":"center center","background-size":"auto","background-attachment":"scroll","background-type":"","background-media":"","overlay-type":"","overlay-color":"","overlay-opacity":"","overlay-gradient":""},"mobile":{"background-color":"","background-image":"","background-repeat":"repeat","background-position":"center center","background-size":"auto","background-attachment":"scroll","background-type":"","background-media":"","overlay-type":"","overlay-color":"","overlay-opacity":"","overlay-gradient":""}},"ast-content-background-meta":{"desktop":{"background-color":"var(--ast-global-color-5)","background-image":"","background-repeat":"repeat","background-position":"center center","background-size":"auto","background-attachment":"scroll","background-type":"","background-media":"","overlay-type":"","overlay-color":"","overlay-opacity":"","overlay-gradient":""},"tablet":{"background-color":"var(--ast-global-color-5)","background-image":"","background-repeat":"repeat","background-position":"center center","background-size":"auto","background-attachment":"scroll","background-type":"","background-media":"","overlay-type":"","overlay-color":"","overlay-opacity":"","overlay-gradient":""},"mobile":{"background-color":"var(--ast-global-color-5)","background-image":"","background-repeat":"repeat","background-position":"center center","background-size":"auto","background-attachment":"scroll","background-type":"","background-media":"","overlay-type":"","overlay-color":"","overlay-opacity":"","overlay-gradient":""}},"footnotes":""},"class_list":["post-881","page","type-page","status-publish","hentry"],"post_mailing_queue_ids":[],"_links":{"self":[{"href":"https:\/\/agora.xtec.cat\/escolataiala\/wp-json\/wp\/v2\/pages\/881","targetHints":{"allow":["GET"]}}],"collection":[{"href":"https:\/\/agora.xtec.cat\/escolataiala\/wp-json\/wp\/v2\/pages"}],"about":[{"href":"https:\/\/agora.xtec.cat\/escolataiala\/wp-json\/wp\/v2\/types\/page"}],"author":[{"embeddable":true,"href":"https:\/\/agora.xtec.cat\/escolataiala\/wp-json\/wp\/v2\/users\/1"}],"replies":[{"embeddable":true,"href":"https:\/\/agora.xtec.cat\/escolataiala\/wp-json\/wp\/v2\/comments?post=881"}],"version-history":[{"count":3,"href":"https:\/\/agora.xtec.cat\/escolataiala\/wp-json\/wp\/v2\/pages\/881\/revisions"}],"predecessor-version":[{"id":2015,"href":"https:\/\/agora.xtec.cat\/escolataiala\/wp-json\/wp\/v2\/pages\/881\/revisions\/2015"}],"up":[{"embeddable":true,"href":"https:\/\/agora.xtec.cat\/escolataiala\/wp-json\/wp\/v2\/pages\/22"}],"wp:attachment":[{"href":"https:\/\/agora.xtec.cat\/escolataiala\/wp-json\/wp\/v2\/media?parent=881"}],"curies":[{"name":"wp","href":"https:\/\/api.w.org\/{rel}","templated":true}]}}