{"id":34,"date":"2014-09-18T12:32:18","date_gmt":"2014-09-18T11:32:18","guid":{"rendered":"http:\/\/agora.xtec.cat\/escolataiala\/?page_id=34"},"modified":"2024-11-05T10:39:04","modified_gmt":"2024-11-05T09:39:04","slug":"oferta-educativa","status":"publish","type":"page","link":"https:\/\/agora.xtec.cat\/escolataiala\/projecte-educatiu\/oferta-educativa\/","title":{"rendered":"Documents de centre"},"content":{"rendered":"<p>Feu clic en els seg\u00fcents enlla\u00e7os per poder veure els diferents documents de centre:<\/p>\n<ul>\n<li><a href=\"https:\/\/drive.google.com\/file\/d\/1LztqTauUzQplGJK93LNE5rlgP9Iwb7i4\/view?usp=sharing\" target=\"_blank\" rel=\"noopener noreferrer\">Normativa d&#8217;Organitzaci\u00f3 i Funcionament del Centre (NOFC) Actualitzat 20\/06\/23<\/a><\/li>\n<li><a href=\"https:\/\/drive.google.com\/file\/d\/1Gndl8kQMQAB4-IAZ5S2sKNKFLLDbY0qn\/view?usp=sharing\" target=\"_blank\" rel=\"noopener noreferrer\">Pla de funcionament del Servei de menjador<\/a><\/li>\n<li><a href=\"https:\/\/drive.google.com\/file\/d\/1M8v5ifB8DhBtOFPps7fkJqy8bbIyM2xs\/view?usp=sharing\" target=\"_blank\" rel=\"noopener noreferrer\">Projecte Educatiu de Centre (PEC)<\/a><\/li>\n<li><a href=\"https:\/\/drive.google.com\/file\/d\/16SwNCKucCoh75EFEcnrtQ4-iuzUvN6oj\/view?usp=sharing\" target=\"_blank\" rel=\"noopener noreferrer\">Infografia &#8220;Com som i qu\u00e8 fem&#8221;<\/a><\/li>\n<li><a href=\"https:\/\/en.calameo.com\/read\/00626943665267c27ec23\" target=\"_blank\" rel=\"noopener noreferrer\">Presentaci\u00f3 de la nostra escola<\/a><\/li>\n<li><a href=\"https:\/\/drive.google.com\/file\/d\/1smd6Lf400fn6F6-4O4Z4DXDAFszb4LeC\/view?usp=sharing\" target=\"_blank\" rel=\"noopener noreferrer\">Projecte Ling\u00fc\u00edstic<\/a><\/li>\n<li><a href=\"https:\/\/drive.google.com\/file\/d\/1NhegNDi7m39FgrY2g5LmK3EAXObN33Df\/view?usp=sharing\" target=\"_blank\" rel=\"noopener noreferrer\">Projecte de Conviv\u00e8ncia<\/a><\/li>\n<li><a href=\"https:\/\/drive.google.com\/file\/d\/1-sxcbQQMFdgt-9tfwHIU8v1pF8pbLJ0p\/view?usp=sharing\" target=\"_blank\" rel=\"noopener noreferrer\">Projecte d&#8217;Atenci\u00f3 a la Diversitat<\/a><\/li>\n<li><a href=\"https:\/\/drive.google.com\/file\/d\/1y8hu_tl-kUIAw0pRBkR3LBN0leRAMSbG\/view?usp=sharing\" target=\"_blank\" rel=\"noopener noreferrer\">Projecte de Rob\u00f2tica i programaci\u00f3<\/a><\/li>\n<li><a href=\"https:\/\/drive.google.com\/file\/d\/1f0nckXh2OpoQF8N2LBm8DiZftexrc5dE\/view?usp=sharing\" target=\"_blank\" rel=\"noopener noreferrer\">Projecte Chromebooks a l&#8217;aula<\/a><\/li>\n<li><a href=\"https:\/\/drive.google.com\/file\/d\/1c91vSFIbMM4fzIUjE6ddFvPNDNMB1XtO\/view?usp=sharing\" target=\"_blank\" rel=\"noopener\">Projecte Rac\u00f3 de la calma<\/a><\/li>\n<li><a href=\"https:\/\/drive.google.com\/file\/d\/1U75yaDLvXjJGDrAbL0LF1Mak8OSdMEHN\/view?usp=sharing\" target=\"_blank\" rel=\"noopener\">Projecte Espai sensorial<\/a><\/li>\n<li><a href=\"https:\/\/drive.google.com\/file\/d\/1ZGYf-bCz7Rh9T16BYDEQKnQaFBzycRYC\/view?usp=sharing\" target=\"_blank\" rel=\"noopener\">Projecte A l&#8217;escola toquem l&#8217;ukelele<\/a><\/li>\n<li><a href=\"https:\/\/youtu.be\/VNUe3HoroSc\" target=\"_blank\" rel=\"noopener noreferrer\">Cursa solid\u00e0ria (v\u00eddeo<\/a> i <a href=\"https:\/\/es.slideshare.net\/MarcBellapart\/presentaci-cursa-solidria\" target=\"_blank\" rel=\"noopener noreferrer\">presentaci\u00f3)<\/a><\/li>\n<\/ul>\n","protected":false},"excerpt":{"rendered":"<p>Feu clic en els seg\u00fcents enlla\u00e7os per poder veure els diferents documents de centre: Normativa d&#8217;Organitzaci\u00f3 i Funcionament del Centre (NOFC) Actualitzat 20\/06\/23 Pla de funcionament del Servei de menjador Projecte Educatiu de Centre (PEC) Infografia &#8220;Com som i qu\u00e8 fem&#8221; Presentaci\u00f3 de la nostra escola Projecte Ling\u00fc\u00edstic Projecte de Conviv\u00e8ncia Projecte d&#8217;Atenci\u00f3 a la [&hellip;]<\/p>\n","protected":false},"author":1,"featured_media":0,"parent":64,"menu_order":0,"comment_status":"closed","ping_status":"closed","template":"page-templates\/side-menu.php","meta":{"_bbp_topic_count":0,"_bbp_reply_count":0,"_bbp_total_topic_count":0,"_bbp_total_reply_count":0,"_bbp_voice_count":0,"_bbp_anonymous_reply_count":0,"_bbp_topic_count_hidden":0,"_bbp_reply_count_hidden":0,"_bbp_forum_subforum_count":0,"site-sidebar-layout":"default","site-content-layout":"","ast-site-content-layout":"","site-content-style":"default","site-sidebar-style":"default","ast-global-header-display":"","ast-banner-title-visibility":"","ast-main-header-display":"","ast-hfb-above-header-display":"","ast-hfb-below-header-display":"","ast-hfb-mobile-header-display":"","site-post-title":"","ast-breadcrumbs-content":"","ast-featured-img":"","footer-sml-layout":"","theme-transparent-header-meta":"","adv-header-id-meta":"","stick-header-meta":"","header-above-stick-meta":"","header-main-stick-meta":"","header-below-stick-meta":"","astra-migrate-meta-layouts":"default","ast-page-background-enabled":"default","ast-page-background-meta":{"desktop":{"background-color":"var(--ast-global-color-4)","background-image":"","background-repeat":"repeat","background-position":"center center","background-size":"auto","background-attachment":"scroll","background-type":"","background-media":"","overlay-type":"","overlay-color":"","overlay-opacity":"","overlay-gradient":""},"tablet":{"background-color":"","background-image":"","background-repeat":"repeat","background-position":"center center","background-size":"auto","background-attachment":"scroll","background-type":"","background-media":"","overlay-type":"","overlay-color":"","overlay-opacity":"","overlay-gradient":""},"mobile":{"background-color":"","background-image":"","background-repeat":"repeat","background-position":"center center","background-size":"auto","background-attachment":"scroll","background-type":"","background-media":"","overlay-type":"","overlay-color":"","overlay-opacity":"","overlay-gradient":""}},"ast-content-background-meta":{"desktop":{"background-color":"var(--ast-global-color-5)","background-image":"","background-repeat":"repeat","background-position":"center center","background-size":"auto","background-attachment":"scroll","background-type":"","background-media":"","overlay-type":"","overlay-color":"","overlay-opacity":"","overlay-gradient":""},"tablet":{"background-color":"var(--ast-global-color-5)","background-image":"","background-repeat":"repeat","background-position":"center center","background-size":"auto","background-attachment":"scroll","background-type":"","background-media":"","overlay-type":"","overlay-color":"","overlay-opacity":"","overlay-gradient":""},"mobile":{"background-color":"var(--ast-global-color-5)","background-image":"","background-repeat":"repeat","background-position":"center center","background-size":"auto","background-attachment":"scroll","background-type":"","background-media":"","overlay-type":"","overlay-color":"","overlay-opacity":"","overlay-gradient":""}},"footnotes":""},"class_list":["post-34","page","type-page","status-publish","hentry"],"post_mailing_queue_ids":[],"_links":{"self":[{"href":"https:\/\/agora.xtec.cat\/escolataiala\/wp-json\/wp\/v2\/pages\/34","targetHints":{"allow":["GET"]}}],"collection":[{"href":"https:\/\/agora.xtec.cat\/escolataiala\/wp-json\/wp\/v2\/pages"}],"about":[{"href":"https:\/\/agora.xtec.cat\/escolataiala\/wp-json\/wp\/v2\/types\/page"}],"author":[{"embeddable":true,"href":"https:\/\/agora.xtec.cat\/escolataiala\/wp-json\/wp\/v2\/users\/1"}],"replies":[{"embeddable":true,"href":"https:\/\/agora.xtec.cat\/escolataiala\/wp-json\/wp\/v2\/comments?post=34"}],"version-history":[{"count":7,"href":"https:\/\/agora.xtec.cat\/escolataiala\/wp-json\/wp\/v2\/pages\/34\/revisions"}],"predecessor-version":[{"id":2780,"href":"https:\/\/agora.xtec.cat\/escolataiala\/wp-json\/wp\/v2\/pages\/34\/revisions\/2780"}],"up":[{"embeddable":true,"href":"https:\/\/agora.xtec.cat\/escolataiala\/wp-json\/wp\/v2\/pages\/64"}],"wp:attachment":[{"href":"https:\/\/agora.xtec.cat\/escolataiala\/wp-json\/wp\/v2\/media?parent=34"}],"curies":[{"name":"wp","href":"https:\/\/api.w.org\/{rel}","templated":true}]}}