{"id":1423,"date":"2022-03-21T15:42:01","date_gmt":"2022-03-21T14:42:01","guid":{"rendered":"https:\/\/agora.xtec.cat\/escolataiala\/?page_id=1423"},"modified":"2022-05-16T15:57:24","modified_gmt":"2022-05-16T13:57:24","slug":"descripcio-dels-serveis","status":"publish","type":"page","link":"https:\/\/agora.xtec.cat\/escolataiala\/estrategia-digital-de-centre\/cultura-digital\/descripcio-dels-serveis\/","title":{"rendered":"Descripci\u00f3 dels serveis"},"content":{"rendered":"<p>En aquest apartat s&#8217;hi detallen tots aquells recursos tecnol\u00f2gics i digitals que permeten desenvolupar la compet\u00e8ncia digital docent i de l&#8217;alumnat:<\/p>\n<p><strong>INFRAESTRUCTURA I COMUNICACI\u00d3<\/strong><\/p>\n<ul>\n<li>Xarxa Wifi d&#8217;alta velocitat transformada &#8211; Wifi gencat_ENS_EDU i eduroam.<\/li>\n<li>Intranet Docent amb les eines Google Workspace sota el domini @xtec.cat: Google grups, Unitats compartides del Drive, Gmail, Calendari&#8230;<\/li>\n<li>Intranet per l&#8217;alumnat amb les eines Google Workspace sota el domini <span class=\"\"><span class=\"\">@escola<\/span>taiala.<\/span>cat a partir de 3r de Prim\u00e0ria: Gmail, Classroom, Documents, Presentacions&#8230; (<a href=\"https:\/\/docs.google.com\/document\/d\/1twovS4A6kfpfMP1nc75X_Op-wZFwnKGGhE0MxJboft4\/edit?usp=sharing\" target=\"_blank\" rel=\"noopener\">veure document<\/a>)<\/li>\n<li>Usuari de correu-e per a cada niell sota el domini @escolataiala.cat com a eina de comunicaci\u00f3 Tutoria-Fam\u00edlia.<\/li>\n<li>App Dinantia: missatgeria instant\u00e0nia Escola-Fam\u00edlia.<\/li>\n<\/ul>\n<p><strong>DISPOSITIUS<\/strong><\/p>\n<ul>\n<li>Aules amb pissarres digitals interactives (PDI), ordinador de sobretaula i videoprojector d&#8217;ultracurta dist\u00e0ncia.<\/li>\n<li>Chromebooks (<a href=\"https:\/\/docs.google.com\/document\/d\/1B4o_5P9sEY4l23ouf8ovq8SqLS64eKsljoZADNsW7Fo\/edit?usp=sharing\" target=\"_blank\" rel=\"noopener\">veure document<\/a>):\n<ul>\n<li>2 Carros carregadors m\u00f2bils amb 26 Chromebooks cadascun (un per CM i l&#8217;altre per 5\u00e8).<\/li>\n<li>1 Armari carregador fixe amb 26 Chromebooks (per 5\u00e8).<\/li>\n<li>76 Chromebooks per l&#8217;alumnat de 6\u00e8, guardats en armaris carregadors fixes a cada aula.<\/li>\n<\/ul>\n<\/li>\n<li>1 Armari carregador fixe amb 24 tauletes digitals (per CI).<\/li>\n<li>1 Armari carregador fixe amb 12 taules digitals (per EI).<\/li>\n<li>37 Ordinadors port\u00e0tils pels docents.<\/li>\n<li>2 Aules TAC equipades amb 13 ordinadors de sobretaula cadascuna.<\/li>\n<\/ul>\n<p><strong>ROB\u00d2TICA I PROGRAMACI\u00d3<\/strong><\/p>\n<p>En el seg\u00fcent <a href=\"https:\/\/docs.google.com\/document\/d\/1YUmReEZsgwzYd1y0DK0CYomMaaqBFWKY0RAzjhAguhk\/edit?usp=sharing\" target=\"_blank\" rel=\"noopener\">document<\/a> es reflacteix la import\u00e0ncia de treballar la rob\u00f2tica i la programaci\u00f3 a l&#8217;escola<\/p>\n<ul>\n<li>6 Bee-bot<\/li>\n<li>10 Kits lego WeDo 2.0<\/li>\n<li>Scratch JR<\/li>\n<li>Code.org<\/li>\n<li>Scratch<\/li>\n<\/ul>\n<p><strong>AUDIOVISUALS<\/strong><\/p>\n<ul>\n<li>C\u00e0mera de fotos reflex<\/li>\n<li>Micr\u00f2fon per gravacions<\/li>\n<li>Tr\u00edpode per c\u00e0mera de fotos i per tel\u00e8fons m\u00f2bils<\/li>\n<li>Microscopi digital<\/li>\n<\/ul>\n<p><strong>REPROGRAFIA<\/strong><\/p>\n<ul>\n<li>2 Fotocopiadores en B\/N<\/li>\n<li>1 Fotocopiadora en color<\/li>\n<\/ul>\n","protected":false},"excerpt":{"rendered":"<p>En aquest apartat s&#8217;hi detallen tots aquells recursos tecnol\u00f2gics i digitals que permeten desenvolupar la compet\u00e8ncia digital docent i de l&#8217;alumnat: INFRAESTRUCTURA I COMUNICACI\u00d3 Xarxa Wifi d&#8217;alta velocitat transformada &#8211; Wifi gencat_ENS_EDU i eduroam. Intranet Docent amb les eines Google Workspace sota el domini @xtec.cat: Google grups, Unitats compartides del Drive, Gmail, Calendari&#8230; Intranet per [&hellip;]<\/p>\n","protected":false},"author":1,"featured_media":0,"parent":1405,"menu_order":0,"comment_status":"closed","ping_status":"closed","template":"page-templates\/side-menu.php","meta":{"_bbp_topic_count":0,"_bbp_reply_count":0,"_bbp_total_topic_count":0,"_bbp_total_reply_count":0,"_bbp_voice_count":0,"_bbp_anonymous_reply_count":0,"_bbp_topic_count_hidden":0,"_bbp_reply_count_hidden":0,"_bbp_forum_subforum_count":0,"site-sidebar-layout":"default","site-content-layout":"","ast-site-content-layout":"","site-content-style":"default","site-sidebar-style":"default","ast-global-header-display":"","ast-banner-title-visibility":"","ast-main-header-display":"","ast-hfb-above-header-display":"","ast-hfb-below-header-display":"","ast-hfb-mobile-header-display":"","site-post-title":"","ast-breadcrumbs-content":"","ast-featured-img":"","footer-sml-layout":"","theme-transparent-header-meta":"","adv-header-id-meta":"","stick-header-meta":"","header-above-stick-meta":"","header-main-stick-meta":"","header-below-stick-meta":"","astra-migrate-meta-layouts":"default","ast-page-background-enabled":"default","ast-page-background-meta":{"desktop":{"background-color":"var(--ast-global-color-4)","background-image":"","background-repeat":"repeat","background-position":"center center","background-size":"auto","background-attachment":"scroll","background-type":"","background-media":"","overlay-type":"","overlay-color":"","overlay-opacity":"","overlay-gradient":""},"tablet":{"background-color":"","background-image":"","background-repeat":"repeat","background-position":"center center","background-size":"auto","background-attachment":"scroll","background-type":"","background-media":"","overlay-type":"","overlay-color":"","overlay-opacity":"","overlay-gradient":""},"mobile":{"background-color":"","background-image":"","background-repeat":"repeat","background-position":"center center","background-size":"auto","background-attachment":"scroll","background-type":"","background-media":"","overlay-type":"","overlay-color":"","overlay-opacity":"","overlay-gradient":""}},"ast-content-background-meta":{"desktop":{"background-color":"var(--ast-global-color-5)","background-image":"","background-repeat":"repeat","background-position":"center center","background-size":"auto","background-attachment":"scroll","background-type":"","background-media":"","overlay-type":"","overlay-color":"","overlay-opacity":"","overlay-gradient":""},"tablet":{"background-color":"var(--ast-global-color-5)","background-image":"","background-repeat":"repeat","background-position":"center center","background-size":"auto","background-attachment":"scroll","background-type":"","background-media":"","overlay-type":"","overlay-color":"","overlay-opacity":"","overlay-gradient":""},"mobile":{"background-color":"var(--ast-global-color-5)","background-image":"","background-repeat":"repeat","background-position":"center center","background-size":"auto","background-attachment":"scroll","background-type":"","background-media":"","overlay-type":"","overlay-color":"","overlay-opacity":"","overlay-gradient":""}},"footnotes":""},"class_list":["post-1423","page","type-page","status-publish","hentry"],"post_mailing_queue_ids":[],"_links":{"self":[{"href":"https:\/\/agora.xtec.cat\/escolataiala\/wp-json\/wp\/v2\/pages\/1423","targetHints":{"allow":["GET"]}}],"collection":[{"href":"https:\/\/agora.xtec.cat\/escolataiala\/wp-json\/wp\/v2\/pages"}],"about":[{"href":"https:\/\/agora.xtec.cat\/escolataiala\/wp-json\/wp\/v2\/types\/page"}],"author":[{"embeddable":true,"href":"https:\/\/agora.xtec.cat\/escolataiala\/wp-json\/wp\/v2\/users\/1"}],"replies":[{"embeddable":true,"href":"https:\/\/agora.xtec.cat\/escolataiala\/wp-json\/wp\/v2\/comments?post=1423"}],"version-history":[{"count":4,"href":"https:\/\/agora.xtec.cat\/escolataiala\/wp-json\/wp\/v2\/pages\/1423\/revisions"}],"predecessor-version":[{"id":1562,"href":"https:\/\/agora.xtec.cat\/escolataiala\/wp-json\/wp\/v2\/pages\/1423\/revisions\/1562"}],"up":[{"embeddable":true,"href":"https:\/\/agora.xtec.cat\/escolataiala\/wp-json\/wp\/v2\/pages\/1405"}],"wp:attachment":[{"href":"https:\/\/agora.xtec.cat\/escolataiala\/wp-json\/wp\/v2\/media?parent=1423"}],"curies":[{"name":"wp","href":"https:\/\/api.w.org\/{rel}","templated":true}]}}