{"id":84,"date":"2014-09-18T14:11:31","date_gmt":"2014-09-18T13:11:31","guid":{"rendered":"http:\/\/agora.xtec.cat\/escolataborbcn\/?page_id=84"},"modified":"2025-11-26T10:01:10","modified_gmt":"2025-11-26T09:01:10","slug":"extraescolars","status":"publish","type":"page","link":"https:\/\/agora.xtec.cat\/escolataborbcn\/serveis\/extraescolars\/","title":{"rendered":"Extraescolars"},"content":{"rendered":"<p>Les extraescolars de l\u2019escola les gestiona l\u2019AFA.<\/p>\n<p><strong>Per apuntar-vos<\/strong> us heu de dirigir a l\u2019<strong>AFA o a Servitabor<\/strong> segons l\u2019activitat que vulgueu que faci el\/la vostre\/a fill\/a.<\/p>\n<table class=\" aligncenter\" style=\"width: 50%; border-collapse: collapse;\">\n<tbody>\n<tr>\n<td style=\"width: 50%; text-align: center;\"><a href=\"https:\/\/www.servitabor.com\/\"><img loading=\"lazy\" decoding=\"async\" class=\"aligncenter wp-image-955\" src=\"https:\/\/agora.xtec.cat\/escolataborbcn\/wp-content\/uploads\/usu2183\/2025\/11\/Logo_ServiTabor.jpg\" alt=\"\" width=\"192\" height=\"80\" \/><\/a><\/td>\n<td style=\"width: 50%; text-align: center;\"><a href=\"https:\/\/afatabor.cat\/\"><img loading=\"lazy\" decoding=\"async\" class=\"aligncenter wp-image-961\" src=\"https:\/\/agora.xtec.cat\/escolataborbcn\/wp-content\/uploads\/usu2183\/2025\/11\/Logo-AFA-Tabor.png\" alt=\"\" width=\"80\" height=\"80\" srcset=\"https:\/\/agora.xtec.cat\/escolataborbcn\/wp-content\/uploads\/usu2183\/2025\/11\/Logo-AFA-Tabor.png 512w, https:\/\/agora.xtec.cat\/escolataborbcn\/wp-content\/uploads\/usu2183\/2025\/11\/Logo-AFA-Tabor-300x300.png 300w, https:\/\/agora.xtec.cat\/escolataborbcn\/wp-content\/uploads\/usu2183\/2025\/11\/Logo-AFA-Tabor-150x150.png 150w\" sizes=\"auto, (max-width: 80px) 100vw, 80px\" \/><\/a><\/td>\n<\/tr>\n<\/tbody>\n<\/table>\n<p>Les extraescolars que aquest curs s\u2019ofereixen s\u00f3n:<\/p>\n<h4><span style=\"color: #00ccff;\">AFA<\/span><\/h4>\n<ul>\n<li>Teatre (1r a 6\u00e8)<\/li>\n<\/ul>\n<h4><span style=\"color: #00ccff;\">SERVITABOR<\/span><\/h4>\n<ul>\n<li>Piscina (I3 a 6\u00e8 curs)<\/li>\n<li>Conversa en angl\u00e8s (I5 a 6\u00e8 curs)<\/li>\n<li>Dansa Moderna: Funky (1r a 4t curs)<\/li>\n<li>Inforboti-k (2n a 5\u00e8 curs)<\/li>\n<li>Guitarra (1r a 6\u00e8 curs)<\/li>\n<li>Escacs (1r a 6\u00e8 curs)<\/li>\n<li>Arts Creatives (1r a 6\u00e8 curs)<\/li>\n<li>Espai d\u2019estudi (4t a 6\u00e8 curs)<\/li>\n<li>Explica\u2019m un conte (I3 a I5)<\/li>\n<\/ul>\n<p>&nbsp;<\/p>\n<p style=\"text-align: center;\"><a href=\"https:\/\/drive.google.com\/file\/d\/1IxLuDhmP-hA6r-gqVF1xkeyhbLgBg5QW\/view\" target=\"_blank\" rel=\"noopener\"><img loading=\"lazy\" decoding=\"async\" class=\"alignnone\" src=\"https:\/\/agora.xtec.cat\/ies-espriu\/wp-content\/uploads\/usu508\/2019\/02\/extrAESCOLARS-1-1.png\" alt=\"EXTRAESCOLARS ( PDF )\" width=\"329\" height=\"159\" \/><\/a><\/p>\n<h4 style=\"text-align: center;\"><span style=\"color: #00ccff;\"><a style=\"color: #00ccff;\" href=\"https:\/\/drive.google.com\/file\/d\/1IxLuDhmP-hA6r-gqVF1xkeyhbLgBg5QW\/view\" target=\"_blank\" rel=\"noopener\">PDF EXTRAESCOLARS<\/a><\/span><\/h4>\n<p>&nbsp;<\/p>\n","protected":false},"excerpt":{"rendered":"<p>Les extraescolars de l\u2019escola les gestiona l\u2019AFA. Per apuntar-vos us heu de dirigir a l\u2019AFA o a Servitabor segons l\u2019activitat que vulgueu que faci el\/la vostre\/a fill\/a. Les extraescolars que aquest curs s\u2019ofereixen s\u00f3n: AFA Teatre (1r a 6\u00e8) SERVITABOR Piscina (I3 a 6\u00e8 curs) Conversa en angl\u00e8s (I5 a 6\u00e8 curs) Dansa Moderna: Funky [&hellip;]<\/p>\n","protected":false},"author":1,"featured_media":0,"parent":66,"menu_order":3,"comment_status":"closed","ping_status":"closed","template":"","meta":{"_bbp_topic_count":0,"_bbp_reply_count":0,"_bbp_total_topic_count":0,"_bbp_total_reply_count":0,"_bbp_voice_count":0,"_bbp_anonymous_reply_count":0,"_bbp_topic_count_hidden":0,"_bbp_reply_count_hidden":0,"_bbp_forum_subforum_count":0,"site-sidebar-layout":"default","site-content-layout":"","ast-site-content-layout":"default","site-content-style":"default","site-sidebar-style":"default","ast-global-header-display":"","ast-banner-title-visibility":"","ast-main-header-display":"","ast-hfb-above-header-display":"","ast-hfb-below-header-display":"","ast-hfb-mobile-header-display":"","site-post-title":"","ast-breadcrumbs-content":"","ast-featured-img":"","footer-sml-layout":"","theme-transparent-header-meta":"default","adv-header-id-meta":"","stick-header-meta":"","header-above-stick-meta":"","header-main-stick-meta":"","header-below-stick-meta":"","astra-migrate-meta-layouts":"set","ast-page-background-enabled":"default","ast-page-background-meta":{"desktop":{"background-color":"var(--ast-global-color-4)","background-image":"","background-repeat":"repeat","background-position":"center center","background-size":"auto","background-attachment":"scroll","background-type":"","background-media":"","overlay-type":"","overlay-color":"","overlay-opacity":"","overlay-gradient":""},"tablet":{"background-color":"","background-image":"","background-repeat":"repeat","background-position":"center center","background-size":"auto","background-attachment":"scroll","background-type":"","background-media":"","overlay-type":"","overlay-color":"","overlay-opacity":"","overlay-gradient":""},"mobile":{"background-color":"","background-image":"","background-repeat":"repeat","background-position":"center center","background-size":"auto","background-attachment":"scroll","background-type":"","background-media":"","overlay-type":"","overlay-color":"","overlay-opacity":"","overlay-gradient":""}},"ast-content-background-meta":{"desktop":{"background-color":"var(--ast-global-color-5)","background-image":"","background-repeat":"repeat","background-position":"center center","background-size":"auto","background-attachment":"scroll","background-type":"","background-media":"","overlay-type":"","overlay-color":"","overlay-opacity":"","overlay-gradient":""},"tablet":{"background-color":"var(--ast-global-color-5)","background-image":"","background-repeat":"repeat","background-position":"center center","background-size":"auto","background-attachment":"scroll","background-type":"","background-media":"","overlay-type":"","overlay-color":"","overlay-opacity":"","overlay-gradient":""},"mobile":{"background-color":"var(--ast-global-color-5)","background-image":"","background-repeat":"repeat","background-position":"center center","background-size":"auto","background-attachment":"scroll","background-type":"","background-media":"","overlay-type":"","overlay-color":"","overlay-opacity":"","overlay-gradient":""}},"footnotes":""},"class_list":["post-84","page","type-page","status-publish","hentry"],"post_mailing_queue_ids":[],"_links":{"self":[{"href":"https:\/\/agora.xtec.cat\/escolataborbcn\/wp-json\/wp\/v2\/pages\/84","targetHints":{"allow":["GET"]}}],"collection":[{"href":"https:\/\/agora.xtec.cat\/escolataborbcn\/wp-json\/wp\/v2\/pages"}],"about":[{"href":"https:\/\/agora.xtec.cat\/escolataborbcn\/wp-json\/wp\/v2\/types\/page"}],"author":[{"embeddable":true,"href":"https:\/\/agora.xtec.cat\/escolataborbcn\/wp-json\/wp\/v2\/users\/1"}],"replies":[{"embeddable":true,"href":"https:\/\/agora.xtec.cat\/escolataborbcn\/wp-json\/wp\/v2\/comments?post=84"}],"version-history":[{"count":6,"href":"https:\/\/agora.xtec.cat\/escolataborbcn\/wp-json\/wp\/v2\/pages\/84\/revisions"}],"predecessor-version":[{"id":964,"href":"https:\/\/agora.xtec.cat\/escolataborbcn\/wp-json\/wp\/v2\/pages\/84\/revisions\/964"}],"up":[{"embeddable":true,"href":"https:\/\/agora.xtec.cat\/escolataborbcn\/wp-json\/wp\/v2\/pages\/66"}],"wp:attachment":[{"href":"https:\/\/agora.xtec.cat\/escolataborbcn\/wp-json\/wp\/v2\/media?parent=84"}],"curies":[{"name":"wp","href":"https:\/\/api.w.org\/{rel}","templated":true}]}}