{"id":7470,"date":"2026-01-08T15:43:33","date_gmt":"2026-01-08T14:43:33","guid":{"rendered":"https:\/\/agora.xtec.cat\/escolataborbcn\/?page_id=7470"},"modified":"2026-02-27T16:06:32","modified_gmt":"2026-02-27T15:06:32","slug":"portes-obertes","status":"publish","type":"page","link":"https:\/\/agora.xtec.cat\/escolataborbcn\/portes-obertes\/","title":{"rendered":"Portes obertes 2026"},"content":{"rendered":"<ul>\n<li><span style=\"font-size: 18pt;\">Informaci\u00f3 sobre l&#8217;escola: Coneix la Tabor (<a href=\"https:\/\/drive.google.com\/file\/d\/1yhXUZ4sMjLAKgPPGh2oNnhSPHL5F9vGV\/view\"><span style=\"text-decoration: underline;\">enlla\u00e7<\/span><\/a>)<\/span><\/li>\n<li><span style=\"font-size: 18pt;\">V\u00eddeo: <img loading=\"lazy\" decoding=\"async\" class=\"\" src=\"https:\/\/cdn-icons-png.flaticon.com\/128\/1384\/1384060.png\" alt=\"youtube \" width=\"24\" height=\"24\" \/> Un dia a l&#8217;escola (<span style=\"text-decoration: underline;\"><a href=\"https:\/\/youtu.be\/bj6uYI7AaYI\" target=\"_blank\" rel=\"noopener\">enlla\u00e7<\/a><\/span>)<\/span><\/li>\n<\/ul>\n<p>&nbsp;<\/p>\n<p>Informacions rellevants del <a href=\"https:\/\/www.edubcn.cat\/ca\/alumnat_i_familia\/informacio_general_matriculacio\/material_suport\">Consorci d&#8217;Educaci\u00f3 de Barcelona<\/a>:<\/p>\n<ul>\n<li><span style=\"font-size: 12pt;\"><a style=\"background-color: #ffffff;\" href=\"https:\/\/drive.google.com\/file\/d\/1R_qOxkPkjeo6QR7ZvBKCRJkU2gPzR-vj\/view?usp=drive_open\">Qu\u00e8 heu de saber?<\/a><\/span><\/li>\n<li><span style=\"font-size: 12pt;\"><a href=\"https:\/\/drive.google.com\/file\/d\/1m8_EE3LhGh597DO26Ee_DWTo8-2Anxeo\/view\">L\u2019adscripci\u00f3<\/a><\/span><\/li>\n<li><span style=\"font-size: 12pt;\"><a href=\"https:\/\/drive.google.com\/file\/d\/19K_r5LG-N0pmcytR2Ugz5Afdmm2cWxXc\/view\">El vostre fill o filla necessita ajuda o un suport educatiu personalitzat?<\/a><\/span><\/li>\n<li><span style=\"font-size: 12pt;\"><a href=\"https:\/\/drive.google.com\/file\/d\/1Owsnv_xlOGVwTCzcEXBTo8QJYIcNc8eI\/view\">Informaci\u00f3 per a fam\u00edlies amb dificultats econ\u00f2miques<\/a><\/span><\/li>\n<\/ul>\n<hr \/>\n<p style=\"text-align: center;\"><span style=\"font-size: 18pt;\"><strong>Portes obertes de les escoles p\u00fabliques de l&#8217;Eixample<\/strong><\/span><\/p>\n<p><a href=\"https:\/\/drive.google.com\/file\/d\/12TUutGINuRivLfdEEb5DC0xrTdgwbBQ8\/view?usp=drive_link\"><img loading=\"lazy\" decoding=\"async\" class=\"aligncenter wp-image-7554 size-large\" src=\"https:\/\/agora.xtec.cat\/escolataborbcn\/wp-content\/uploads\/usu2183\/2026\/01\/Cartell-PPOO-Eixample-2026-1024x709.jpg\" alt=\"\" width=\"1024\" height=\"709\" srcset=\"https:\/\/agora.xtec.cat\/escolataborbcn\/wp-content\/uploads\/usu2183\/2026\/01\/Cartell-PPOO-Eixample-2026-1024x709.jpg 1024w, https:\/\/agora.xtec.cat\/escolataborbcn\/wp-content\/uploads\/usu2183\/2026\/01\/Cartell-PPOO-Eixample-2026-300x208.jpg 300w, https:\/\/agora.xtec.cat\/escolataborbcn\/wp-content\/uploads\/usu2183\/2026\/01\/Cartell-PPOO-Eixample-2026-768x532.jpg 768w, https:\/\/agora.xtec.cat\/escolataborbcn\/wp-content\/uploads\/usu2183\/2026\/01\/Cartell-PPOO-Eixample-2026.jpg 1040w\" sizes=\"auto, (max-width: 1024px) 100vw, 1024px\" \/><\/a><\/p>\n<hr \/>\n<p>M\u00e9s informaci\u00f3 a:<\/p>\n<ul>\n<li><a href=\"https:\/\/preinscripcio.gencat.cat\/ca\/inici\/index.html\" target=\"_blank\" rel=\"noopener\">https:\/\/preinscripcio.gencat.cat\/ca\/inici\/index.html<\/a><\/li>\n<li><a href=\"https:\/\/www.edubcn.cat\/ca\/alumnat_i_familia\/informacio_general_matriculacio\/preinscripcio_info\" target=\"_blank\" rel=\"noopener\">https:\/\/www.edubcn.cat\/ca\/alumnat_i_familia\/informacio_general_matriculacio\/preinscripcio_info<\/a><\/li>\n<\/ul>\n<p>Sessions informatives a les seus dels <strong>Districtes<\/strong>:<\/p>\n<ul>\n<li><strong>Eixample:<\/strong> Dilluns, 9 de febrer 16 h (Centre C\u00edvic Urgell &#8211;\u00a0Carrer del Comte d&#8217;Urgell, 145)<\/li>\n<li>Altres districtes (<a href=\"https:\/\/www.edubcn.cat\/ca\/alumnat_i_familia\/informacio_general_matriculacio\/sessions_informatives_per_a_les_families\" target=\"_blank\" rel=\"noopener\">enlla\u00e7<\/a>)<\/li>\n<\/ul>\n","protected":false},"excerpt":{"rendered":"<p>Informaci\u00f3 sobre l&#8217;escola: Coneix la Tabor (enlla\u00e7) V\u00eddeo: Un dia a l&#8217;escola (enlla\u00e7) &nbsp; Informacions rellevants del Consorci d&#8217;Educaci\u00f3 de Barcelona: Qu\u00e8 heu de saber? L\u2019adscripci\u00f3 El vostre fill o filla necessita ajuda o un suport educatiu personalitzat? Informaci\u00f3 per a fam\u00edlies amb dificultats econ\u00f2miques Portes obertes de les escoles p\u00fabliques de l&#8217;Eixample M\u00e9s informaci\u00f3 [&hellip;]<\/p>\n","protected":false},"author":1,"featured_media":0,"parent":0,"menu_order":0,"comment_status":"closed","ping_status":"closed","template":"","meta":{"_bbp_topic_count":0,"_bbp_reply_count":0,"_bbp_total_topic_count":0,"_bbp_total_reply_count":0,"_bbp_voice_count":0,"_bbp_anonymous_reply_count":0,"_bbp_topic_count_hidden":0,"_bbp_reply_count_hidden":0,"_bbp_forum_subforum_count":0,"site-sidebar-layout":"no-sidebar","site-content-layout":"","ast-site-content-layout":"full-width-container","site-content-style":"default","site-sidebar-style":"default","ast-global-header-display":"","ast-banner-title-visibility":"","ast-main-header-display":"","ast-hfb-above-header-display":"","ast-hfb-below-header-display":"","ast-hfb-mobile-header-display":"","site-post-title":"","ast-breadcrumbs-content":"","ast-featured-img":"","footer-sml-layout":"","theme-transparent-header-meta":"default","adv-header-id-meta":"","stick-header-meta":"","header-above-stick-meta":"","header-main-stick-meta":"","header-below-stick-meta":"","astra-migrate-meta-layouts":"set","ast-page-background-enabled":"default","ast-page-background-meta":{"desktop":{"background-color":"var(--ast-global-color-4)","background-image":"","background-repeat":"repeat","background-position":"center center","background-size":"auto","background-attachment":"scroll","background-type":"","background-media":"","overlay-type":"","overlay-color":"","overlay-opacity":"","overlay-gradient":""},"tablet":{"background-color":"","background-image":"","background-repeat":"repeat","background-position":"center center","background-size":"auto","background-attachment":"scroll","background-type":"","background-media":"","overlay-type":"","overlay-color":"","overlay-opacity":"","overlay-gradient":""},"mobile":{"background-color":"","background-image":"","background-repeat":"repeat","background-position":"center center","background-size":"auto","background-attachment":"scroll","background-type":"","background-media":"","overlay-type":"","overlay-color":"","overlay-opacity":"","overlay-gradient":""}},"ast-content-background-meta":{"desktop":{"background-color":"var(--ast-global-color-5)","background-image":"","background-repeat":"repeat","background-position":"center center","background-size":"auto","background-attachment":"scroll","background-type":"","background-media":"","overlay-type":"","overlay-color":"","overlay-opacity":"","overlay-gradient":""},"tablet":{"background-color":"var(--ast-global-color-5)","background-image":"","background-repeat":"repeat","background-position":"center center","background-size":"auto","background-attachment":"scroll","background-type":"","background-media":"","overlay-type":"","overlay-color":"","overlay-opacity":"","overlay-gradient":""},"mobile":{"background-color":"var(--ast-global-color-5)","background-image":"","background-repeat":"repeat","background-position":"center center","background-size":"auto","background-attachment":"scroll","background-type":"","background-media":"","overlay-type":"","overlay-color":"","overlay-opacity":"","overlay-gradient":""}},"footnotes":""},"class_list":["post-7470","page","type-page","status-publish","hentry"],"post_mailing_queue_ids":[],"_links":{"self":[{"href":"https:\/\/agora.xtec.cat\/escolataborbcn\/wp-json\/wp\/v2\/pages\/7470","targetHints":{"allow":["GET"]}}],"collection":[{"href":"https:\/\/agora.xtec.cat\/escolataborbcn\/wp-json\/wp\/v2\/pages"}],"about":[{"href":"https:\/\/agora.xtec.cat\/escolataborbcn\/wp-json\/wp\/v2\/types\/page"}],"author":[{"embeddable":true,"href":"https:\/\/agora.xtec.cat\/escolataborbcn\/wp-json\/wp\/v2\/users\/1"}],"replies":[{"embeddable":true,"href":"https:\/\/agora.xtec.cat\/escolataborbcn\/wp-json\/wp\/v2\/comments?post=7470"}],"version-history":[{"count":7,"href":"https:\/\/agora.xtec.cat\/escolataborbcn\/wp-json\/wp\/v2\/pages\/7470\/revisions"}],"predecessor-version":[{"id":7621,"href":"https:\/\/agora.xtec.cat\/escolataborbcn\/wp-json\/wp\/v2\/pages\/7470\/revisions\/7621"}],"wp:attachment":[{"href":"https:\/\/agora.xtec.cat\/escolataborbcn\/wp-json\/wp\/v2\/media?parent=7470"}],"curies":[{"name":"wp","href":"https:\/\/api.w.org\/{rel}","templated":true}]}}

<ul>
<li><span style="font-size: 18pt;">Informació sobre l&#8217;escola: Coneix la Tabor (<a href="https://drive.google.com/file/d/1yhXUZ4sMjLAKgPPGh2oNnhSPHL5F9vGV/view"><span style="text-decoration: underline;">enllaç</span></a>)</span></li>
<li><span style="font-size: 18pt;">Vídeo: <img loading="lazy" decoding="async" class="" src="https://cdn-icons-png.flaticon.com/128/1384/1384060.png" alt="youtube " width="24" height="24" /> Un dia a l&#8217;escola (<span style="text-decoration: underline;"><a href="https://youtu.be/bj6uYI7AaYI" target="_blank" rel="noopener">enllaç</a></span>)</span></li>
</ul>
<p>&nbsp;</p>
<p>Informacions rellevants del <a href="https://www.edubcn.cat/ca/alumnat_i_familia/informacio_general_matriculacio/material_suport">Consorci d&#8217;Educació de Barcelona</a>:</p>
<ul>
<li><span style="font-size: 12pt;"><a style="background-color: #ffffff;" href="https://drive.google.com/file/d/1R_qOxkPkjeo6QR7ZvBKCRJkU2gPzR-vj/view?usp=drive_open">Què heu de saber?</a></span></li>
<li><span style="font-size: 12pt;"><a href="https://drive.google.com/file/d/1m8_EE3LhGh597DO26Ee_DWTo8-2Anxeo/view">L’adscripció</a></span></li>
<li><span style="font-size: 12pt;"><a href="https://drive.google.com/file/d/19K_r5LG-N0pmcytR2Ugz5Afdmm2cWxXc/view">El vostre fill o filla necessita ajuda o un suport educatiu personalitzat?</a></span></li>
<li><span style="font-size: 12pt;"><a href="https://drive.google.com/file/d/1Owsnv_xlOGVwTCzcEXBTo8QJYIcNc8eI/view">Informació per a famílies amb dificultats econòmiques</a></span></li>
</ul>
<hr />
<p style="text-align: center;"><span style="font-size: 18pt;"><strong>Portes obertes de les escoles públiques de l&#8217;Eixample</strong></span></p>
<p><a href="https://drive.google.com/file/d/12TUutGINuRivLfdEEb5DC0xrTdgwbBQ8/view?usp=drive_link"><img loading="lazy" decoding="async" class="aligncenter wp-image-7554 size-large" src="https://agora.xtec.cat/escolataborbcn/wp-content/uploads/usu2183/2026/01/Cartell-PPOO-Eixample-2026-1024x709.jpg" alt="" width="1024" height="709" srcset="https://agora.xtec.cat/escolataborbcn/wp-content/uploads/usu2183/2026/01/Cartell-PPOO-Eixample-2026-1024x709.jpg 1024w, https://agora.xtec.cat/escolataborbcn/wp-content/uploads/usu2183/2026/01/Cartell-PPOO-Eixample-2026-300x208.jpg 300w, https://agora.xtec.cat/escolataborbcn/wp-content/uploads/usu2183/2026/01/Cartell-PPOO-Eixample-2026-768x532.jpg 768w, https://agora.xtec.cat/escolataborbcn/wp-content/uploads/usu2183/2026/01/Cartell-PPOO-Eixample-2026.jpg 1040w" sizes="auto, (max-width: 1024px) 100vw, 1024px" /></a></p>
<hr />
<p>Més informació a:</p>
<ul>
<li><a href="https://preinscripcio.gencat.cat/ca/inici/index.html" target="_blank" rel="noopener">https://preinscripcio.gencat.cat/ca/inici/index.html</a></li>
<li><a href="https://www.edubcn.cat/ca/alumnat_i_familia/informacio_general_matriculacio/preinscripcio_info" target="_blank" rel="noopener">https://www.edubcn.cat/ca/alumnat_i_familia/informacio_general_matriculacio/preinscripcio_info</a></li>
</ul>
<p>Sessions informatives a les seus dels <strong>Districtes</strong>:</p>
<ul>
<li><strong>Eixample:</strong> Dilluns, 9 de febrer 16 h (Centre Cívic Urgell &#8211; Carrer del Comte d&#8217;Urgell, 145)</li>
<li>Altres districtes (<a href="https://www.edubcn.cat/ca/alumnat_i_familia/informacio_general_matriculacio/sessions_informatives_per_a_les_families" target="_blank" rel="noopener">enllaç</a>)</li>
</ul>

<p>Informació sobre l&#8217;escola: Coneix la Tabor (enllaç) Vídeo: Un dia a l&#8217;escola (enllaç) &nbsp; Informacions rellevants del Consorci d&#8217;Educació de Barcelona: Què heu de saber? L’adscripció El vostre fill o filla necessita ajuda o un suport educatiu personalitzat? Informació per a famílies amb dificultats econòmiques Portes obertes de les escoles públiques de l&#8217;Eixample Més informació [&hellip;]</p>
