{"id":73,"date":"2014-09-18T14:01:51","date_gmt":"2014-09-18T13:01:51","guid":{"rendered":"http:\/\/agora.xtec.cat\/escolataborbcn\/?page_id=73"},"modified":"2025-11-26T09:57:21","modified_gmt":"2025-11-26T08:57:21","slug":"menjador","status":"publish","type":"page","link":"https:\/\/agora.xtec.cat\/escolataborbcn\/serveis\/menjador\/","title":{"rendered":"Menjador"},"content":{"rendered":"<h3 style=\"text-align: justify;\"><strong><span style=\"color: #00ccff;\">ESPAI DEL MIGDIA<\/span><\/strong><\/h3>\n<p style=\"text-align: justify;\">\u00c9s l\u2019espai interlectiu que va des de les <strong>12.30 h a les 15<\/strong> h. Aquest espai inclou el moment del menjar i tamb\u00e9 d\u2019altres propostes pedag\u00f2giques. Amb l\u2019objectiu que els infants visquin coherentment tots els moments que passen a l\u2019escola \u00e9s important que es respectin en aquest espai tamb\u00e9 els principis que caracteritzen l\u2019ess\u00e8ncia del projecte pedag\u00f2gic de l\u2019escola Tabor.<\/p>\n<p style=\"text-align: justify;\">L\u2019espai del migdia \u00e9s gestionat per l\u2019empresa <strong>Servitabor S.L<\/strong>, des de l\u2019any <strong>1999<\/strong>.<\/p>\n<p style=\"text-align: justify;\">L\u2019equip de monitors\/es \u00e9s contractat directament des de <strong>Servitabor<\/strong>, cosa que facilita poder triar perfils adequats a les nostres necessitats.<\/p>\n<p><img loading=\"lazy\" decoding=\"async\" class=\"size-full wp-image-955 aligncenter\" src=\"https:\/\/agora.xtec.cat\/escolataborbcn\/wp-content\/uploads\/usu2183\/2025\/11\/Logo_ServiTabor.jpg\" alt=\"\" width=\"192\" height=\"80\" \/><\/p>\n<p>&nbsp;<\/p>\n<hr \/>\n<h3 style=\"text-align: justify;\"><strong><span style=\"color: #00ccff;\">MEN\u00da DEL MENJADOR<\/span><\/strong><\/h3>\n<p style=\"text-align: justify;\">Disposem de <strong>cuina pr\u00f2pia<\/strong> i el menjar que s\u2019hi elabora \u00e9s revisat per una dietista per tal de garantir que \u00e9s adequat i equilibrat. A m\u00e9s a m\u00e9s, Salut P\u00fablica cada curs fa una valoraci\u00f3 dels men\u00fas que confecciona <strong>Servitabor<\/strong>.<\/p>\n<p style=\"text-align: justify;\">En aquest espai, proposem un <strong>menjador ecol\u00f2gic, sostenible i de proximitat<\/strong>. Entenem l\u2019\u00e0pat com un fet social, on cal potenciar l\u2019autonomia del nen\/a i l\u2019 inter\u00e8s per una alimentaci\u00f3 saludable, que aprenguin a menjar de forma correcta i adquireixin els h\u00e0bits higi\u00e8nics relacionats amb el menjar.<\/p>\n<p style=\"text-align: justify;\">Des del moment en qu\u00e8 s\u2019elabora el menjar fins que es distribueix als alumnes, es tenen presents les variants dels men\u00fas per al\u00b7l\u00e8rgies i intoler\u00e0ncies aliment\u00e0ries, creences religioses o per qualsevol altra situaci\u00f3 que requereixi alguna modificaci\u00f3 de la dieta.<\/p>\n<p style=\"text-align: justify;\">Les fruites i verdures s\u00f3n de proximitat, el llegum, la pasta integral i l\u2019arr\u00f2s integral s\u00f3n de proced\u00e8ncia ecol\u00f2gica.<\/p>\n<p style=\"text-align: justify;\">Per consultar els <a href=\"https:\/\/www.servitabor.com\/que-oferim\/mitja-pensio\/menu-menjador\/\" target=\"_blank\" rel=\"noopener\">men\u00fas mensuals<\/a> i\/o qualsevol altra informaci\u00f3 addicional a <a href=\"http:\/\/www.servitabor.com\/\" target=\"_blank\" rel=\"noopener\">www.servitabor.com<\/a><\/p>\n<figure style=\"width: 256px\" class=\"wp-caption aligncenter\"><a href=\"https:\/\/www.servitabor.com\/que-oferim\/mitja-pensio\/menu-menjador\/\" target=\"_blank\" rel=\"noopener\"><img loading=\"lazy\" decoding=\"async\" src=\"https:\/\/agora.xtec.cat\/ceip-agsantandreu\/wp-content\/uploads\/usu37\/2018\/02\/imatge-men%C3%BA-escolar.png\" alt=\"\" width=\"256\" height=\"146\" \/><\/a><figcaption class=\"wp-caption-text\">Accediu als men\u00fas del menjador<\/figcaption><\/figure>\n","protected":false},"excerpt":{"rendered":"<p>ESPAI DEL MIGDIA \u00c9s l\u2019espai interlectiu que va des de les 12.30 h a les 15 h. Aquest espai inclou el moment del menjar i tamb\u00e9 d\u2019altres propostes pedag\u00f2giques. Amb l\u2019objectiu que els infants visquin coherentment tots els moments que passen a l\u2019escola \u00e9s important que es respectin en aquest espai tamb\u00e9 els principis que [&hellip;]<\/p>\n","protected":false},"author":1,"featured_media":0,"parent":66,"menu_order":2,"comment_status":"closed","ping_status":"closed","template":"","meta":{"_bbp_topic_count":0,"_bbp_reply_count":0,"_bbp_total_topic_count":0,"_bbp_total_reply_count":0,"_bbp_voice_count":0,"_bbp_anonymous_reply_count":0,"_bbp_topic_count_hidden":0,"_bbp_reply_count_hidden":0,"_bbp_forum_subforum_count":0,"site-sidebar-layout":"default","site-content-layout":"","ast-site-content-layout":"default","site-content-style":"default","site-sidebar-style":"default","ast-global-header-display":"","ast-banner-title-visibility":"","ast-main-header-display":"","ast-hfb-above-header-display":"","ast-hfb-below-header-display":"","ast-hfb-mobile-header-display":"","site-post-title":"","ast-breadcrumbs-content":"","ast-featured-img":"","footer-sml-layout":"","theme-transparent-header-meta":"default","adv-header-id-meta":"","stick-header-meta":"","header-above-stick-meta":"","header-main-stick-meta":"","header-below-stick-meta":"","astra-migrate-meta-layouts":"set","ast-page-background-enabled":"default","ast-page-background-meta":{"desktop":{"background-color":"var(--ast-global-color-4)","background-image":"","background-repeat":"repeat","background-position":"center center","background-size":"auto","background-attachment":"scroll","background-type":"","background-media":"","overlay-type":"","overlay-color":"","overlay-opacity":"","overlay-gradient":""},"tablet":{"background-color":"","background-image":"","background-repeat":"repeat","background-position":"center center","background-size":"auto","background-attachment":"scroll","background-type":"","background-media":"","overlay-type":"","overlay-color":"","overlay-opacity":"","overlay-gradient":""},"mobile":{"background-color":"","background-image":"","background-repeat":"repeat","background-position":"center center","background-size":"auto","background-attachment":"scroll","background-type":"","background-media":"","overlay-type":"","overlay-color":"","overlay-opacity":"","overlay-gradient":""}},"ast-content-background-meta":{"desktop":{"background-color":"var(--ast-global-color-5)","background-image":"","background-repeat":"repeat","background-position":"center center","background-size":"auto","background-attachment":"scroll","background-type":"","background-media":"","overlay-type":"","overlay-color":"","overlay-opacity":"","overlay-gradient":""},"tablet":{"background-color":"var(--ast-global-color-5)","background-image":"","background-repeat":"repeat","background-position":"center center","background-size":"auto","background-attachment":"scroll","background-type":"","background-media":"","overlay-type":"","overlay-color":"","overlay-opacity":"","overlay-gradient":""},"mobile":{"background-color":"var(--ast-global-color-5)","background-image":"","background-repeat":"repeat","background-position":"center center","background-size":"auto","background-attachment":"scroll","background-type":"","background-media":"","overlay-type":"","overlay-color":"","overlay-opacity":"","overlay-gradient":""}},"footnotes":""},"class_list":["post-73","page","type-page","status-publish","hentry"],"post_mailing_queue_ids":[],"_links":{"self":[{"href":"https:\/\/agora.xtec.cat\/escolataborbcn\/wp-json\/wp\/v2\/pages\/73","targetHints":{"allow":["GET"]}}],"collection":[{"href":"https:\/\/agora.xtec.cat\/escolataborbcn\/wp-json\/wp\/v2\/pages"}],"about":[{"href":"https:\/\/agora.xtec.cat\/escolataborbcn\/wp-json\/wp\/v2\/types\/page"}],"author":[{"embeddable":true,"href":"https:\/\/agora.xtec.cat\/escolataborbcn\/wp-json\/wp\/v2\/users\/1"}],"replies":[{"embeddable":true,"href":"https:\/\/agora.xtec.cat\/escolataborbcn\/wp-json\/wp\/v2\/comments?post=73"}],"version-history":[{"count":6,"href":"https:\/\/agora.xtec.cat\/escolataborbcn\/wp-json\/wp\/v2\/pages\/73\/revisions"}],"predecessor-version":[{"id":960,"href":"https:\/\/agora.xtec.cat\/escolataborbcn\/wp-json\/wp\/v2\/pages\/73\/revisions\/960"}],"up":[{"embeddable":true,"href":"https:\/\/agora.xtec.cat\/escolataborbcn\/wp-json\/wp\/v2\/pages\/66"}],"wp:attachment":[{"href":"https:\/\/agora.xtec.cat\/escolataborbcn\/wp-json\/wp\/v2\/media?parent=73"}],"curies":[{"name":"wp","href":"https:\/\/api.w.org\/{rel}","templated":true}]}}

<h3 style="text-align: justify;"><strong><span style="color: #00ccff;">ESPAI DEL MIGDIA</span></strong></h3>
<p style="text-align: justify;">És l’espai interlectiu que va des de les <strong>12.30 h a les 15</strong> h. Aquest espai inclou el moment del menjar i també d’altres propostes pedagògiques. Amb l’objectiu que els infants visquin coherentment tots els moments que passen a l’escola és important que es respectin en aquest espai també els principis que caracteritzen l’essència del projecte pedagògic de l’escola Tabor.</p>
<p style="text-align: justify;">L’espai del migdia és gestionat per l’empresa <strong>Servitabor S.L</strong>, des de l’any <strong>1999</strong>.</p>
<p style="text-align: justify;">L’equip de monitors/es és contractat directament des de <strong>Servitabor</strong>, cosa que facilita poder triar perfils adequats a les nostres necessitats.</p>
<p><img loading="lazy" decoding="async" class="size-full wp-image-955 aligncenter" src="https://agora.xtec.cat/escolataborbcn/wp-content/uploads/usu2183/2025/11/Logo_ServiTabor.jpg" alt="" width="192" height="80" /></p>
<p>&nbsp;</p>
<hr />
<h3 style="text-align: justify;"><strong><span style="color: #00ccff;">MENÚ DEL MENJADOR</span></strong></h3>
<p style="text-align: justify;">Disposem de <strong>cuina pròpia</strong> i el menjar que s’hi elabora és revisat per una dietista per tal de garantir que és adequat i equilibrat. A més a més, Salut Pública cada curs fa una valoració dels menús que confecciona <strong>Servitabor</strong>.</p>
<p style="text-align: justify;">En aquest espai, proposem un <strong>menjador ecològic, sostenible i de proximitat</strong>. Entenem l’àpat com un fet social, on cal potenciar l’autonomia del nen/a i l’ interès per una alimentació saludable, que aprenguin a menjar de forma correcta i adquireixin els hàbits higiènics relacionats amb el menjar.</p>
<p style="text-align: justify;">Des del moment en què s’elabora el menjar fins que es distribueix als alumnes, es tenen presents les variants dels menús per al·lèrgies i intoleràncies alimentàries, creences religioses o per qualsevol altra situació que requereixi alguna modificació de la dieta.</p>
<p style="text-align: justify;">Les fruites i verdures són de proximitat, el llegum, la pasta integral i l’arròs integral són de procedència ecològica.</p>
<p style="text-align: justify;">Per consultar els <a href="https://www.servitabor.com/que-oferim/mitja-pensio/menu-menjador/" target="_blank" rel="noopener">menús mensuals</a> i/o qualsevol altra informació addicional a <a href="http://www.servitabor.com/" target="_blank" rel="noopener">www.servitabor.com</a></p>
<figure style="width: 256px" class="wp-caption aligncenter"><a href="https://www.servitabor.com/que-oferim/mitja-pensio/menu-menjador/" target="_blank" rel="noopener"><img loading="lazy" decoding="async" src="https://agora.xtec.cat/ceip-agsantandreu/wp-content/uploads/usu37/2018/02/imatge-men%C3%BA-escolar.png" alt="" width="256" height="146" /></a><figcaption class="wp-caption-text">Accediu als menús del menjador</figcaption></figure>

<p>ESPAI DEL MIGDIA És l’espai interlectiu que va des de les 12.30 h a les 15 h. Aquest espai inclou el moment del menjar i també d’altres propostes pedagògiques. Amb l’objectiu que els infants visquin coherentment tots els moments que passen a l’escola és important que es respectin en aquest espai també els principis que [&hellip;]</p>
