{"id":6808,"date":"2026-02-11T16:38:37","date_gmt":"2026-02-11T15:38:37","guid":{"rendered":"https:\/\/agora.xtec.cat\/escolastjordi\/?page_id=6808"},"modified":"2026-04-14T21:59:53","modified_gmt":"2026-04-14T19:59:53","slug":"sant-jordi","status":"publish","type":"page","link":"https:\/\/agora.xtec.cat\/escolastjordi\/les-festes-al-sant-jordi\/sant-jordi\/","title":{"rendered":"Sant Jordi"},"content":{"rendered":"<p data-start=\"89\" data-end=\"336\">\u00c9s una de les celebracions m\u00e9s significatives del nostre calendari escolar. La diada inclou les sardanes al Passeig Ramon Vall, la tradicional caminada del Sant Jordi amb l&#8217;alumnat de l&#8217;Institut, els Jocs Florals (amb l&#8217;englantina, la viola i la flor natural) i la jornada liter\u00e0ria on fam\u00edlies, mestres (i mestres jubilades!), la biblioteca municipal i l&#8217;Ajuntament llegeixen contes per tota la mainada.<\/p>\n<p data-start=\"338\" data-end=\"526\">Aquesta festa esdev\u00e9 tamb\u00e9 un espai de retrobament i tradici\u00f3 refor\u00e7ant els vincles amb la comunitat educativa i consolidant el sentiment de pertinen\u00e7a al centre.<\/p>\n<p data-start=\"338\" data-end=\"526\"><img loading=\"lazy\" decoding=\"async\" class=\"alignnone size-full wp-image-6997\" src=\"https:\/\/agora.xtec.cat\/escolastjordi\/wp-content\/uploads\/usu3595\/2026\/04\/Sant-Jordi-1.jpg\" alt=\"\" width=\"1414\" height=\"2000\" srcset=\"https:\/\/agora.xtec.cat\/escolastjordi\/wp-content\/uploads\/usu3595\/2026\/04\/Sant-Jordi-1.jpg 1414w, https:\/\/agora.xtec.cat\/escolastjordi\/wp-content\/uploads\/usu3595\/2026\/04\/Sant-Jordi-1-212x300.jpg 212w, https:\/\/agora.xtec.cat\/escolastjordi\/wp-content\/uploads\/usu3595\/2026\/04\/Sant-Jordi-1-724x1024.jpg 724w, https:\/\/agora.xtec.cat\/escolastjordi\/wp-content\/uploads\/usu3595\/2026\/04\/Sant-Jordi-1-768x1086.jpg 768w, https:\/\/agora.xtec.cat\/escolastjordi\/wp-content\/uploads\/usu3595\/2026\/04\/Sant-Jordi-1-1086x1536.jpg 1086w\" sizes=\"auto, (max-width: 1414px) 100vw, 1414px\" \/><\/p>\n","protected":false},"excerpt":{"rendered":"<p>\u00c9s una de les celebracions m\u00e9s significatives del nostre calendari escolar. La diada inclou les sardanes al Passeig Ramon Vall, la tradicional caminada del Sant Jordi amb l&#8217;alumnat de l&#8217;Institut, els Jocs Florals (amb l&#8217;englantina, la viola i la flor natural) i la jornada liter\u00e0ria on fam\u00edlies, mestres (i mestres jubilades!), la biblioteca municipal i [&hellip;]<\/p>\n","protected":false},"author":1,"featured_media":0,"parent":6788,"menu_order":4,"comment_status":"closed","ping_status":"closed","template":"","meta":{"_bbp_topic_count":0,"_bbp_reply_count":0,"_bbp_total_topic_count":0,"_bbp_total_reply_count":0,"_bbp_voice_count":0,"_bbp_anonymous_reply_count":0,"_bbp_topic_count_hidden":0,"_bbp_reply_count_hidden":0,"_bbp_forum_subforum_count":0,"site-sidebar-layout":"default","site-content-layout":"","ast-site-content-layout":"default","site-content-style":"default","site-sidebar-style":"default","ast-global-header-display":"","ast-banner-title-visibility":"","ast-main-header-display":"","ast-hfb-above-header-display":"","ast-hfb-below-header-display":"","ast-hfb-mobile-header-display":"","site-post-title":"","ast-breadcrumbs-content":"","ast-featured-img":"","footer-sml-layout":"","theme-transparent-header-meta":"default","adv-header-id-meta":"","stick-header-meta":"","header-above-stick-meta":"","header-main-stick-meta":"","header-below-stick-meta":"","astra-migrate-meta-layouts":"set","ast-page-background-enabled":"default","ast-page-background-meta":{"desktop":{"background-color":"var(--ast-global-color-4)","background-image":"","background-repeat":"repeat","background-position":"center center","background-size":"auto","background-attachment":"scroll","background-type":"","background-media":"","overlay-type":"","overlay-color":"","overlay-opacity":"","overlay-gradient":""},"tablet":{"background-color":"","background-image":"","background-repeat":"repeat","background-position":"center center","background-size":"auto","background-attachment":"scroll","background-type":"","background-media":"","overlay-type":"","overlay-color":"","overlay-opacity":"","overlay-gradient":""},"mobile":{"background-color":"","background-image":"","background-repeat":"repeat","background-position":"center center","background-size":"auto","background-attachment":"scroll","background-type":"","background-media":"","overlay-type":"","overlay-color":"","overlay-opacity":"","overlay-gradient":""}},"ast-content-background-meta":{"desktop":{"background-color":"var(--ast-global-color-5)","background-image":"","background-repeat":"repeat","background-position":"center center","background-size":"auto","background-attachment":"scroll","background-type":"","background-media":"","overlay-type":"","overlay-color":"","overlay-opacity":"","overlay-gradient":""},"tablet":{"background-color":"var(--ast-global-color-5)","background-image":"","background-repeat":"repeat","background-position":"center center","background-size":"auto","background-attachment":"scroll","background-type":"","background-media":"","overlay-type":"","overlay-color":"","overlay-opacity":"","overlay-gradient":""},"mobile":{"background-color":"var(--ast-global-color-5)","background-image":"","background-repeat":"repeat","background-position":"center center","background-size":"auto","background-attachment":"scroll","background-type":"","background-media":"","overlay-type":"","overlay-color":"","overlay-opacity":"","overlay-gradient":""}},"footnotes":""},"class_list":["post-6808","page","type-page","status-publish","hentry"],"post_mailing_queue_ids":[],"_links":{"self":[{"href":"https:\/\/agora.xtec.cat\/escolastjordi\/wp-json\/wp\/v2\/pages\/6808","targetHints":{"allow":["GET"]}}],"collection":[{"href":"https:\/\/agora.xtec.cat\/escolastjordi\/wp-json\/wp\/v2\/pages"}],"about":[{"href":"https:\/\/agora.xtec.cat\/escolastjordi\/wp-json\/wp\/v2\/types\/page"}],"author":[{"embeddable":true,"href":"https:\/\/agora.xtec.cat\/escolastjordi\/wp-json\/wp\/v2\/users\/1"}],"replies":[{"embeddable":true,"href":"https:\/\/agora.xtec.cat\/escolastjordi\/wp-json\/wp\/v2\/comments?post=6808"}],"version-history":[{"count":4,"href":"https:\/\/agora.xtec.cat\/escolastjordi\/wp-json\/wp\/v2\/pages\/6808\/revisions"}],"predecessor-version":[{"id":7012,"href":"https:\/\/agora.xtec.cat\/escolastjordi\/wp-json\/wp\/v2\/pages\/6808\/revisions\/7012"}],"up":[{"embeddable":true,"href":"https:\/\/agora.xtec.cat\/escolastjordi\/wp-json\/wp\/v2\/pages\/6788"}],"wp:attachment":[{"href":"https:\/\/agora.xtec.cat\/escolastjordi\/wp-json\/wp\/v2\/media?parent=6808"}],"curies":[{"name":"wp","href":"https:\/\/api.w.org\/{rel}","templated":true}]}}

<p data-start="89" data-end="336">És una de les celebracions més significatives del nostre calendari escolar. La diada inclou les sardanes al Passeig Ramon Vall, la tradicional caminada del Sant Jordi amb l&#8217;alumnat de l&#8217;Institut, els Jocs Florals (amb l&#8217;englantina, la viola i la flor natural) i la jornada literària on famílies, mestres (i mestres jubilades!), la biblioteca municipal i l&#8217;Ajuntament llegeixen contes per tota la mainada.</p>
<p data-start="338" data-end="526">Aquesta festa esdevé també un espai de retrobament i tradició reforçant els vincles amb la comunitat educativa i consolidant el sentiment de pertinença al centre.</p>
<p data-start="338" data-end="526"><img loading="lazy" decoding="async" class="alignnone size-full wp-image-6997" src="https://agora.xtec.cat/escolastjordi/wp-content/uploads/usu3595/2026/04/Sant-Jordi-1.jpg" alt="" width="1414" height="2000" srcset="https://agora.xtec.cat/escolastjordi/wp-content/uploads/usu3595/2026/04/Sant-Jordi-1.jpg 1414w, https://agora.xtec.cat/escolastjordi/wp-content/uploads/usu3595/2026/04/Sant-Jordi-1-212x300.jpg 212w, https://agora.xtec.cat/escolastjordi/wp-content/uploads/usu3595/2026/04/Sant-Jordi-1-724x1024.jpg 724w, https://agora.xtec.cat/escolastjordi/wp-content/uploads/usu3595/2026/04/Sant-Jordi-1-768x1086.jpg 768w, https://agora.xtec.cat/escolastjordi/wp-content/uploads/usu3595/2026/04/Sant-Jordi-1-1086x1536.jpg 1086w" sizes="auto, (max-width: 1414px) 100vw, 1414px" /></p>

<p>És una de les celebracions més significatives del nostre calendari escolar. La diada inclou les sardanes al Passeig Ramon Vall, la tradicional caminada del Sant Jordi amb l&#8217;alumnat de l&#8217;Institut, els Jocs Florals (amb l&#8217;englantina, la viola i la flor natural) i la jornada literària on famílies, mestres (i mestres jubilades!), la biblioteca municipal i [&hellip;]</p>
