{"id":6694,"date":"2025-12-15T19:19:35","date_gmt":"2025-12-15T18:19:35","guid":{"rendered":"https:\/\/agora.xtec.cat\/escolastjordi\/?page_id=6694"},"modified":"2025-12-15T19:22:19","modified_gmt":"2025-12-15T18:22:19","slug":"arxiu-digital","status":"publish","type":"page","link":"https:\/\/agora.xtec.cat\/escolastjordi\/arxiu-digital\/","title":{"rendered":"Arxiu digital"},"content":{"rendered":"<p>El contingut d&#8217;aquests enlla\u00e7os nom\u00e9s \u00e9s accessible des dels usuaris compartits amb el centre educatiu per les fam\u00edlies. No sol\u00b7liciteu acc\u00e9s.<\/p>\n<p>Les imatges s\u00f3n per a \u00fas dom\u00e8stic i queda prohibida la publicaci\u00f3 o distribuci\u00f3 d&#8217;aquestes en altres plataformes.<\/p>\n<ul style=\"list-style-type: circle;\">\n<li>\n<h3><a href=\"https:\/\/drive.google.com\/drive\/folders\/1twGisw4bNdHR5nJpiLejUGtQsoE72y-X?usp=drive_link\" target=\"_blank\" rel=\"noopener\">PROMOCI\u00d3 2014<\/a><\/h3>\n<\/li>\n<li>\n<h3><a href=\"https:\/\/drive.google.com\/drive\/folders\/1xL_hAuK-UqnP_a9YFstoVArHkucxsAdU?usp=drive_link\" target=\"_blank\" rel=\"noopener\">PROMOCI\u00d3 2015<\/a><\/h3>\n<\/li>\n<li>\n<h3><a href=\"https:\/\/drive.google.com\/drive\/folders\/13GW1sEld8sPvHOlwQHHqg4J6eDCu_Ga6?usp=drive_link\">PROMOCI\u00d3 2016<\/a><\/h3>\n<\/li>\n<li>\n<h3><a href=\"https:\/\/drive.google.com\/drive\/folders\/1BWDYu7X9y7P0NlHB1lHRsMGkKrbpELTf?usp=drive_link\" target=\"_blank\" rel=\"noopener\">PROMOCI\u00d3 2017<\/a><\/h3>\n<\/li>\n<li>\n<h3><a href=\"https:\/\/drive.google.com\/drive\/folders\/1XFV71FiJox_AmQDvDl19xWbR9Gvlq5PJ?usp=drive_link\" target=\"_blank\" rel=\"noopener\">PROMOCI\u00d3 2018<\/a><\/h3>\n<\/li>\n<li>\n<h3><a href=\"https:\/\/drive.google.com\/drive\/folders\/1ATK2JdMbFCAIuFFNFd-J-ftVWXCLx2xE?usp=sharing\" target=\"_blank\" rel=\"noopener\">PROMOCI\u00d3 2019<\/a><\/h3>\n<\/li>\n<li>\n<h3><a href=\"https:\/\/drive.google.com\/drive\/folders\/1oOY6dO1Sl9oqYoveQ9CEfOap3D-OdTDv?usp=drive_link\" target=\"_blank\" rel=\"noopener\">PROMOCI\u00d3 2020<\/a><\/h3>\n<\/li>\n<li>\n<h3><a href=\"https:\/\/drive.google.com\/drive\/folders\/1sKu-MPbPX0wUdwTqXd3mzLDGbiDDog1N?usp=drive_link\" target=\"_blank\" rel=\"noopener\">PROMOCI\u00d3 2021<\/a><\/h3>\n<\/li>\n<li>\n<h3><a href=\"https:\/\/drive.google.com\/drive\/folders\/11Ffz1AgbTAenzlrei9RmUa467xYhBQG2?usp=drive_link\" target=\"_blank\" rel=\"noopener\">PROMOCI\u00d3 2022<\/a><\/h3>\n<\/li>\n<\/ul>\n<p>&nbsp;<\/p>\n","protected":false},"excerpt":{"rendered":"<p>El contingut d&#8217;aquests enlla\u00e7os nom\u00e9s \u00e9s accessible des dels usuaris compartits amb el centre educatiu per les fam\u00edlies. No sol\u00b7liciteu acc\u00e9s. Les imatges s\u00f3n per a \u00fas dom\u00e8stic i queda prohibida la publicaci\u00f3 o distribuci\u00f3 d&#8217;aquestes en altres plataformes. PROMOCI\u00d3 2014 PROMOCI\u00d3 2015 PROMOCI\u00d3 2016 PROMOCI\u00d3 2017 PROMOCI\u00d3 2018 PROMOCI\u00d3 2019 PROMOCI\u00d3 2020 PROMOCI\u00d3 2021 [&hellip;]<\/p>\n","protected":false},"author":1,"featured_media":0,"parent":0,"menu_order":0,"comment_status":"closed","ping_status":"closed","template":"","meta":{"_bbp_topic_count":0,"_bbp_reply_count":0,"_bbp_total_topic_count":0,"_bbp_total_reply_count":0,"_bbp_voice_count":0,"_bbp_anonymous_reply_count":0,"_bbp_topic_count_hidden":0,"_bbp_reply_count_hidden":0,"_bbp_forum_subforum_count":0,"site-sidebar-layout":"no-sidebar","site-content-layout":"","ast-site-content-layout":"default","site-content-style":"default","site-sidebar-style":"default","ast-global-header-display":"","ast-banner-title-visibility":"","ast-main-header-display":"","ast-hfb-above-header-display":"","ast-hfb-below-header-display":"","ast-hfb-mobile-header-display":"","site-post-title":"","ast-breadcrumbs-content":"","ast-featured-img":"","footer-sml-layout":"","theme-transparent-header-meta":"default","adv-header-id-meta":"","stick-header-meta":"","header-above-stick-meta":"","header-main-stick-meta":"","header-below-stick-meta":"","astra-migrate-meta-layouts":"set","ast-page-background-enabled":"default","ast-page-background-meta":{"desktop":{"background-color":"var(--ast-global-color-4)","background-image":"","background-repeat":"repeat","background-position":"center center","background-size":"auto","background-attachment":"scroll","background-type":"","background-media":"","overlay-type":"","overlay-color":"","overlay-opacity":"","overlay-gradient":""},"tablet":{"background-color":"","background-image":"","background-repeat":"repeat","background-position":"center center","background-size":"auto","background-attachment":"scroll","background-type":"","background-media":"","overlay-type":"","overlay-color":"","overlay-opacity":"","overlay-gradient":""},"mobile":{"background-color":"","background-image":"","background-repeat":"repeat","background-position":"center center","background-size":"auto","background-attachment":"scroll","background-type":"","background-media":"","overlay-type":"","overlay-color":"","overlay-opacity":"","overlay-gradient":""}},"ast-content-background-meta":{"desktop":{"background-color":"var(--ast-global-color-5)","background-image":"","background-repeat":"repeat","background-position":"center center","background-size":"auto","background-attachment":"scroll","background-type":"","background-media":"","overlay-type":"","overlay-color":"","overlay-opacity":"","overlay-gradient":""},"tablet":{"background-color":"var(--ast-global-color-5)","background-image":"","background-repeat":"repeat","background-position":"center center","background-size":"auto","background-attachment":"scroll","background-type":"","background-media":"","overlay-type":"","overlay-color":"","overlay-opacity":"","overlay-gradient":""},"mobile":{"background-color":"var(--ast-global-color-5)","background-image":"","background-repeat":"repeat","background-position":"center center","background-size":"auto","background-attachment":"scroll","background-type":"","background-media":"","overlay-type":"","overlay-color":"","overlay-opacity":"","overlay-gradient":""}},"footnotes":""},"class_list":["post-6694","page","type-page","status-publish","hentry"],"post_mailing_queue_ids":[],"_links":{"self":[{"href":"https:\/\/agora.xtec.cat\/escolastjordi\/wp-json\/wp\/v2\/pages\/6694","targetHints":{"allow":["GET"]}}],"collection":[{"href":"https:\/\/agora.xtec.cat\/escolastjordi\/wp-json\/wp\/v2\/pages"}],"about":[{"href":"https:\/\/agora.xtec.cat\/escolastjordi\/wp-json\/wp\/v2\/types\/page"}],"author":[{"embeddable":true,"href":"https:\/\/agora.xtec.cat\/escolastjordi\/wp-json\/wp\/v2\/users\/1"}],"replies":[{"embeddable":true,"href":"https:\/\/agora.xtec.cat\/escolastjordi\/wp-json\/wp\/v2\/comments?post=6694"}],"version-history":[{"count":5,"href":"https:\/\/agora.xtec.cat\/escolastjordi\/wp-json\/wp\/v2\/pages\/6694\/revisions"}],"predecessor-version":[{"id":6701,"href":"https:\/\/agora.xtec.cat\/escolastjordi\/wp-json\/wp\/v2\/pages\/6694\/revisions\/6701"}],"wp:attachment":[{"href":"https:\/\/agora.xtec.cat\/escolastjordi\/wp-json\/wp\/v2\/media?parent=6694"}],"curies":[{"name":"wp","href":"https:\/\/api.w.org\/{rel}","templated":true}]}}